000
CXAK56 PAFG 011200
CF6BTT
PRELIMINARY LOCAL CLIMATOLOGICAL DATA (WS FORM: F-6)
STATION: BETTLES AK
MONTH: MARCH
YEAR: 2024
LATITUDE: 66 55 N
LONGITUDE: 151 31 W
TEMPERATURE IN F: :PCPN: SNOW: WIND :SUNSHINE: SKY :PK WND
================================================================================
1 2 3 4 5 6A 6B 7 8 9 10 11 12 13 14 15 16 17 18
12Z AVG MX 2MIN
DY MAX MIN AVG DEP HDD CDD WTR SNW DPTH SPD SPD DIR MIN PSBL S-S WX SPD DR
================================================================================
1 -18 -46 -32 -32 97 0 0.00 M 28 0.9 5 20 M M 1 M M
2 -3 -38 -20 -20 85 0 0.00 M 28 2.7 6 340 M M 1 M M
3 5 -13 -4 -4 69 0 0.02 M 28 5.0 9 220 M M 8 1 M M
4 14 2 8 8 57 0 0.09 M 30 4.6 8 20 M M 10 1 M M
5 18 -10 4 4 61 0 0.03 M 32 2.4 7 230 M M 7 1 M M
6 12 -19 -3 -3 68 0 0.00 M 32 5.0 10 10 M M 3 M M
7 11 -20 -4 -4 69 0 0.00 M 31 6.1 12 30 M M 3 M M
8 8 -20 -6 -7 71 0 0.00 M 31 5.7 8 360 M M 1 M M
9 6 -19 -6 -7 71 0 0.00 M 31 6.1 10 30 M M 1 M M
10 3 -22 -9 -10 74 0 0.00 M 30 5.9 8 360 M M 1 17 360
11 4 -18 -7 -8 72 0 T M 30 5.6 7 240 M M 7 M M
12 6 -17 -5 -7 70 0 0.00 M 29 5.8 8 280 M M 5 M M
13 5 -19 -7 -9 72 0 T M 29 6.3 10 150 M M 8 M M
14 5 -10 -2 -4 67 0 T M 29 6.1 13 140 M M 9 M M
15 7 -26 -9 -11 74 0 T M 29 4.5 8 360 M M 1 M M
16 11 -22 -5 -8 70 0 T M 29 5.9 8 60 M M 4 17 99
17 9 1 5 2 60 0 0.04 M 29 6.7 10 140 M M 10 1 M M
18 14 -13 1 -2 64 0 0.09 M 30 6.5 13 220 M M 7 1 M M
19 23 -9 7 3 58 0 0.00 M 30 6.2 9 20 M M 4 M M
20 29 2 16 12 49 0 T M 30 5.2 8 240 M M 8 M M
21 35 22 29 24 36 0 T M 30 3.3 8 20 M M 10 M M
22 38 4 21 16 44 0 0.01 M 30 1.9 7 150 M M 5 1 M M
23 41 26 34 28 31 0 T M 29 4.6 9 40 M M 8 1 M M
24 44 29 37 31 28 0 T M 29 6.1 9 30 M M 10 M M
25 36 21 29 22 36 0 0.00 0.0 28 6.0 10 320 M M 9 M M
26 31 21 26 18 39 0 0.01 M 28 8.2 12 310 M M 9 1 M M
27 37 17 27 19 38 0 0.08 M 28 2.1 7 330 M M 9 1 M M
28 31 23 27 18 38 0 0.02 M 29 3.2 7 170 M M 10 1 M M
29 36 10 23 13 42 0 0.00 M 29 3.2 9 60 M M 4 16 60
30 37 13 25 15 40 0 T M 28 8.6 17 40 M M 6 30 50
31 32 16 24 13 41 0 0.05 M 28 8.6 16 220 M M 10 1 28 240
================================================================================
SM 567 -134 1791 0 0.44 0.0 159.0 M 189
================================================================================
AV 18.3 -4.3 5.1 FASTST M M 6 MAX(MPH)
MISC ----> 17 40 30 50
================================================================================
NOTES:
# LAST OF SEVERAL OCCURRENCES
COLUMN 17 PEAK WIND IN M.P.H.
PRELIMINARY LOCAL CLIMATOLOGICAL DATA (WS FORM: F-6) , PAGE 2
STATION: BETTLES AK
MONTH: MARCH
YEAR: 2024
LATITUDE: 66 55 N
LONGITUDE: 151 31 W
[TEMPERATURE DATA] [PRECIPITATION DATA] SYMBOLS USED IN COLUMN 16
AVERAGE MONTHLY: 7.0 TOTAL FOR MONTH: 0.44 1 = FOG OR MIST
DPTR FM NORMAL: 3.3 DPTR FM NORMAL: -0.17 2 = FOG REDUCING VISIBILITY
HIGHEST: 44 ON 24 GRTST 24HR 0.09 ON 4- 4 TO 1/4 MILE OR LESS
LOWEST: -46 ON 1 3 = THUNDER
SNOW, ICE PELLETS, HAIL 4 = ICE PELLETS
TOTAL MONTH: 0.0 INCH 5 = HAIL
GRTST 24HR 0.0 6 = FREEZING RAIN OR DRIZZLE
GRTST DEPTH: 32 ON 6, 5 7 = DUSTSTORM OR SANDSTORM:
VSBY 1/2 MILE OR LESS
8 = SMOKE OR HAZE
[NO. OF DAYS WITH] [WEATHER - DAYS WITH] 9 = BLOWING SNOW
X = TORNADO
MAX 32 OR BELOW: 23 0.01 INCH OR MORE: 10
MAX 90 OR ABOVE: 0 0.10 INCH OR MORE: 0
MIN 32 OR BELOW: 31 0.50 INCH OR MORE: 0
MIN 0 OR BELOW: 17 1.00 INCH OR MORE: 0
[HDD (BASE 65) ]
TOTAL THIS MO. 1791 CLEAR (SCALE 0-3) 8
DPTR FM NORMAL -109 PTCLDY (SCALE 4-7) 12
TOTAL FM JUL 1 12251 CLOUDY (SCALE 8-10) 11
DPTR FM NORMAL -682
[CDD (BASE 65) ]
TOTAL THIS MO. 0
DPTR FM NORMAL 0 [PRESSURE DATA]
TOTAL FM JAN 1 0 HIGHEST SLP M ON M
DPTR FM NORMAL 0 LOWEST SLP M ON M
[REMARKS]
#FINAL-03-24#