309
CXUS56 KLOX 011655
CF6BUR
PRELIMINARY LOCAL CLIMATOLOGICAL DATA (WS FORM: F-6)
STATION: HOLLYWOOD/BURBANK AIRPORT CA
MONTH: SEPTEMBER
YEAR: 2020
LATITUDE: 34 12 N
LONGITUDE: 118 22 W
TEMPERATURE IN F: :PCPN: SNOW: WIND :SUNSHINE: SKY :PK WND
================================================================================
1 2 3 4 5 6A 6B 7 8 9 10 11 12 13 14 15 16 17 18
12Z AVG MX 2MIN
DY MAX MIN AVG DEP HDD CDD WTR SNW DPTH SPD SPD DIR MIN PSBL S-S WX SPD DR
================================================================================
1 83 61 72 -3 0 7 0.00 0.0 0 4.9 14 180 M M 3 17 180
2 85 61 73 -2 0 8 0.00 0.0 0 5.6 13 180 M M 0 M M
3 88 64 76 1 0 11 0.00 0.0 0 4.7 12 120 M M 0 22 110
4 99 67 83 8 0 18 0.00 0.0 0 3.2 14 110 M M 0 8 17 120
5 114 72 93 18 0 28 0.00 0.0 0 4.6 15 260 M M 0 19 260
6 114 80 97 22 0 32 0.00 0.0 0 5.2 14 120 M M 0 8 18 120
7 90 70 80 5 0 15 0.00 0.0 0 5.4 14 140 M M 0 17 140
8 79 69 74 0 0 9 0.00 0.0 0 4.9 12 180 M M 5 16 160
9 86 65 76 2 0 11 0.00 0.0 0 3.5 14 160 M M 0 18 160
10 86 63 75 1 0 10 0.00 0.0 0 1.3 9 310 M M 0 8 10 310
11 88 60 74 0 0 9 0.00 0.0 0 2.3 9 180 M M 1 8 12 120
12 87 61 74 0 0 9 0.00 0.0 0 1.1 6 170 M M 2 8 12 130
13 92 59 76 2 0 11 0.00 0.0 0 2.7 9 180 M M 1 8 11 170
14 92 62 77 3 0 12 0.00 0.0 0 3.4 10 120 M M 0 8 12 140
15 93 63 78 5 0 13 0.00 0.0 0 2.9 9 180 M M 0 8 14 140
16 100 64 82 9 0 17 0.00 0.0 0 3.3 16 280 M M 0 8 23 300
17 96 64 80 7 0 15 0.00 0.0 0 2.6 10 190 M M 0 8 14 130
18 98 66 82 9 0 17 0.00 0.0 0 3.8 12 150 M M 0 8 15 130
19 91 67 79 6 0 14 0.00 0.0 0 4.7 14 140 M M 0 8 M M
20 87 60 74 2 0 9 0.00 0.0 0 5.3 14 200 M M 0 8 19 210
21 85 62 74 2 0 9 0.00 0.0 0 5.4 12 180 M M 2 18 15 100
22 89 60 75 3 0 10 0.00 0.0 0 4.3 12 190 M M 0 18 15 170
23 90 62 76 4 0 11 0.00 0.0 0 3.1 13 160 M M 0 15 180
24 90 63 77 5 0 12 0.00 0.0 0 5.2 12 160 M M 0 15 110
25 84 60 72 1 0 7 0.00 0.0 0 4.6 13 190 M M 0 128 18 120
26 84 63 74 3 0 9 0.00 0.0 0 5.3 12 180 M M 3 18 16 170
27 86 64 75 4 0 10 0.00 0.0 0 4.7 13 180 M M 4 18 17 100
28 98 62 80 9 0 15 0.00 0.0 0 3.9 12 140 M M 0 8 18 90
29 102 64 83 13 0 18 0.00 0.0 0 3.3 13 160 M M 0 15 160
30 107 70 89 19 0 24 0.00 0.0 0 5.4 18 360 M M 0 8 24 30
================================================================================
SM 2763 1928 0 400 0.00 0.0 120.6 M 21
================================================================================
AV 92.1 64.3 4.0 FASTST M M 1 MAX(MPH)
MISC ----> # 18 360 # 24 30
================================================================================
NOTES:
# LAST OF SEVERAL OCCURRENCES
COLUMN 17 PEAK WIND IN M.P.H.
PRELIMINARY LOCAL CLIMATOLOGICAL DATA (WS FORM: F-6) , PAGE 2
STATION: HOLLYWOOD/BURBANK AIRPORT CA
MONTH: SEPTEMBER
YEAR: 2020
LATITUDE: 34 12 N
LONGITUDE: 118 22 W
[TEMPERATURE DATA] [PRECIPITATION DATA] SYMBOLS USED IN COLUMN 16
AVERAGE MONTHLY: 78.2 TOTAL FOR MONTH: 0.00 1 = FOG OR MIST
DPTR FM NORMAL: 5.1 DPTR FM NORMAL: -0.23 2 = FOG REDUCING VISIBILITY
HIGHEST: 114 ON 6, 5 GRTST 24HR 0.00 ON 30-30 TO 1/4 MILE OR LESS
LOWEST: 59 ON 13 3 = THUNDER
SNOW, ICE PELLETS, HAIL 4 = ICE PELLETS
TOTAL MONTH: 0.0 INCH 5 = HAIL
GRTST 24HR 0.0 6 = FREEZING RAIN OR DRIZZLE
GRTST DEPTH: 0 7 = DUSTSTORM OR SANDSTORM:
VSBY 1/2 MILE OR LESS
8 = SMOKE OR HAZE
[NO. OF DAYS WITH] [WEATHER - DAYS WITH] 9 = BLOWING SNOW
X = TORNADO
MAX 32 OR BELOW: 0 0.01 INCH OR MORE: 0
MAX 90 OR ABOVE: 16 0.10 INCH OR MORE: 0
MIN 32 OR BELOW: 0 0.50 INCH OR MORE: 0
MIN 0 OR BELOW: 0 1.00 INCH OR MORE: 0
[HDD (BASE 65) ]
TOTAL THIS MO. 0 CLEAR (SCALE 0-3) 27
DPTR FM NORMAL -6 PTCLDY (SCALE 4-7) 3
TOTAL FM JUL 1 0 CLOUDY (SCALE 8-10) 0
DPTR FM NORMAL -6
[CDD (BASE 65) ]
TOTAL THIS MO. 400
DPTR FM NORMAL 151 [PRESSURE DATA]
TOTAL FM JAN 1 1642 HIGHEST SLP M ON M
DPTR FM NORMAL 511 LOWEST SLP 29.63 ON 8
[REMARKS]
#FINAL-09-20#