000
CXUS54 KTSA 190850
CF6BVO
PRELIMINARY LOCAL CLIMATOLOGICAL DATA (WS FORM: F-6)
STATION: BARTLESVILLE OKLAHOMA
MONTH: APRIL
YEAR: 2024
LATITUDE: 36 45 N
LONGITUDE: 96 0 W
TEMPERATURE IN F: :PCPN: SNOW: WIND :SUNSHINE: SKY :PK WND
================================================================================
1 2 3 4 5 6A 6B 7 8 9 10 11 12 13 14 15 16 17 18
12Z AVG MX 2MIN
DY MAX MIN AVG DEP HDD CDD WTR SNW DPTH SPD SPD DIR MIN PSBL S-S WX SPD DR
================================================================================
1 75 53 64 10 1 0 0.97 0.0 M 7.8 20 200 M M 9 138 29 210
2 58 42 50 -4 15 0 0.00 0.0 M 5.3 16 350 M M 7 29 340
3 64 36 50 -4 15 0 0.00 0.0 M 4.8 16 350 M M 1 29 20
4 70 34 52 -3 13 0 0.00 0.0 M 3.0 14 20 M M 0 8 19 10
5 74 32 53 -2 12 0 0.00 0.0 M 4.2 15 130 M M 2 18 20 110
6 79 46 63 8 2 0 0.00 0.0 M 14.9 35 160 M M 3 3 50 170
7 74 41 58 2 7 0 0.00 0.0 M 7.2 20 220 M M 1 30 230
8 75 35 55 -1 10 0 0.00 0.0 M 2.4 14 170 M M 1 18 22 200
9 74 53 64 8 1 0 T 0.0 M 9.5 18 20 M M 3 38 27 30
10 59 48 54 -2 11 0 0.32 0.0 M 5.4 16 20 M M 7 1 23 10
11 69 38 54 -3 11 0 0.00 0.0 M 5.9 20 360 M M 0 37 10
12 74 33 54 -3 11 0 0.00 0.0 M 2.7 14 130 M M 0 18 150
13 86 45 66 9 0 1 0.00 0.0 M 10.6 28 210 M M 0 40 210
14 89 61 75 17 0 10 0.00 0.0 M 9.8 17 190 M M 0 26 190
15 78 63 71 13 0 6 T 0.0 M 12.9 24 160 M M 5 1 36 150
16 84 61 73 15 0 8 0.01 0.0 M 15.4 29 230 M M 4 8 44 230
17 85 46 66 8 0 1 0.00 0.0 M 6.0 20 150 M M 0 18 28 160
18 82 51 67 8 0 2 0.00 0.0 M 12.5 23 10 M M 8 37 360
================================================================================
SM 1349 818 109 28 1.30 0.0 140.3 M 51
================================================================================
AV 74.9 45.4 7.8 FASTST M M 3 MAX(MPH)
MISC ----> 35 160 50 170
================================================================================
NOTES:
# LAST OF SEVERAL OCCURRENCES
COLUMN 17 PEAK WIND IN M.P.H.
PRELIMINARY LOCAL CLIMATOLOGICAL DATA (WS FORM: F-6) , PAGE 2
STATION: BARTLESVILLE OKLAHOMA
MONTH: APRIL
YEAR: 2024
LATITUDE: 36 45 N
LONGITUDE: 96 0 W
[TEMPERATURE DATA] [PRECIPITATION DATA] SYMBOLS USED IN COLUMN 16
AVERAGE MONTHLY: 60.2 TOTAL FOR MONTH: 1.30 1 = FOG OR MIST
DPTR FM NORMAL: 3.9 DPTR FM NORMAL: -0.93 2 = FOG REDUCING VISIBILITY
HIGHEST: 89 ON 14 GRTST 24HR 0.97 ON 1- 1 TO 1/4 MILE OR LESS
LOWEST: 32 ON 5 3 = THUNDER
SNOW, ICE PELLETS, HAIL 4 = ICE PELLETS
TOTAL MONTH: 0.0 INCH 5 = HAIL
GRTST 24HR 0.0 6 = FREEZING RAIN OR DRIZZLE
GRTST DEPTH: M ON M 7 = DUSTSTORM OR SANDSTORM:
VSBY 1/2 MILE OR LESS
8 = SMOKE OR HAZE
[NO. OF DAYS WITH] [WEATHER - DAYS WITH] 9 = BLOWING SNOW
X = TORNADO
MAX 32 OR BELOW: 0 0.01 INCH OR MORE: 3
MAX 90 OR ABOVE: 0 0.10 INCH OR MORE: 2
MIN 32 OR BELOW: 1 0.50 INCH OR MORE: 1
MIN 0 OR BELOW: 0 1.00 INCH OR MORE: 0
[HDD (BASE 65) ]
TOTAL THIS MO. 109 CLEAR (SCALE 0-3) 11
DPTR FM NORMAL -62 PTCLDY (SCALE 4-7) 6
TOTAL FM JUL 1 3350 CLOUDY (SCALE 8-10) 1
DPTR FM NORMAL -645
[CDD (BASE 65) ]
TOTAL THIS MO. 28
DPTR FM NORMAL 10 [PRESSURE DATA]
TOTAL FM JAN 1 43 HIGHEST SLP M ON M
DPTR FM NORMAL 17 LOWEST SLP 29.50 ON 1
[REMARKS]