000
CXUS53 KLMK 010810
CF6BWG
PRELIMINARY LOCAL CLIMATOLOGICAL DATA (WS FORM: F-6)
STATION: BOWLING GREEN KY
MONTH: FEBRUARY
YEAR: 2023
LATITUDE: 36 58 N
LONGITUDE: 86 26 W
TEMPERATURE IN F: :PCPN: SNOW: WIND :SUNSHINE: SKY :PK WND
================================================================================
1 2 3 4 5 6A 6B 7 8 9 10 11 12 13 14 15 16 17 18
12Z AVG MX 2MIN
DY MAX MIN AVG DEP HDD CDD WTR SNW DPTH SPD SPD DIR MIN PSBL S-S WX SPD DR
================================================================================
1 34 27 31 -7 34 0 0.00 0.0 0 5.2 12 40 M M 9 18 14 60
2 37 30 34 -4 31 0 0.00 0.0 0 2.2 7 310 M M 4 18 12 280
3 34 21 28 -10 37 0 0.00 0.0 0 5.1 13 330 M M 0 22 320
4 50 19 35 -4 30 0 0.00 0.0 0 5.4 17 190 M M 0 22 210
5 59 36 48 9 17 0 0.00 0.0 0 11.0 23 220 M M 2 33 210
6 63 28 46 7 19 0 0.00 0.0 0 3.5 12 160 M M 0 12 15 160
7 69 47 58 19 7 0 0.00 0.0 0 8.9 23 220 M M 2 30 220
8 65 51 58 19 7 0 0.02 0.0 0 5.7 15 150 M M 8 18 21 160
9 68 47 58 18 7 0 0.17 0.0 0 17.8 33 230 M M 8 48 210
10 53 41 47 7 18 0 0.00 0.0 0 5.4 13 40 M M 10 18 50
11 56 31 44 4 21 0 0.00 0.0 0 8.7 17 60 M M 1 8 23 60
12 60 34 47 7 18 0 0.00 0.0 0 5.3 13 30 M M 3 20 10
13 66 31 49 8 16 0 0.00 0.0 0 5.2 15 240 M M 0 20 230
14 67 33 50 9 15 0 0.03 0.0 0 9.1 24 140 M M 3 36 160
15 72 57 65 24 0 0 0.00 0.0 0 12.5 26 190 M M 2 38 200
16 66 41 54 13 11 0 1.78 0.0 0 10.3 22 180 M M 10 138 32 190
17 41 26 34 -8 31 0 T T 0 7.1 15 310 M M 8 27 300
18 50 21 36 -6 29 0 0.00 0.0 0 3.1 10 200 M M 0 13 220
19 63 43 53 11 12 0 0.00 0.0 0 10.2 22 180 M M 0 32 210
20 65 50 58 16 7 0 0.01 0.0 0 6.4 16 220 M M 6 21 210
21 64 42 53 10 12 0 0.00 0.0 0 4.1 10 310 M M 2 1 19 350
22 79 60 70 27 0 5 0.47 0.0 0 14.5 28 190 M M 6 1 39 190
23 80 50 65 22 0 0 0.62 0.0 0 9.4 23 220 M M 7 1 32 220
24 51 39 45 2 20 0 T 0.0 0 7.6 13 70 M M 5 21 30
25 53 41 47 3 18 0 0.00 0.0 0 3.5 9 200 M M 6 8 13 300
26 57 37 47 3 18 0 0.04 0.0 0 3.5 10 200 M M 5 1 14 200
27 78 51 65 21 0 0 0.03 0.0 0 15.8 37 230 M M 4 56 220
28 70 45 58 14 7 0 0.00 0.0 0 2.3 8 200 M M 0 11 180
================================================================================
SM 1670 1079 442 5 3.17 T 208.8 M 111
================================================================================
AV 59.6 38.5 7.5 FASTST M M 4 MAX(MPH)
MISC ----> 37 230 56 220
================================================================================
NOTES:
# LAST OF SEVERAL OCCURRENCES
COLUMN 17 PEAK WIND IN M.P.H.
PRELIMINARY LOCAL CLIMATOLOGICAL DATA (WS FORM: F-6) , PAGE 2
STATION: BOWLING GREEN KY
MONTH: FEBRUARY
YEAR: 2023
LATITUDE: 36 58 N
LONGITUDE: 86 26 W
[TEMPERATURE DATA] [PRECIPITATION DATA] SYMBOLS USED IN COLUMN 16
AVERAGE MONTHLY: 49.1 TOTAL FOR MONTH: 3.17 1 = FOG OR MIST
DPTR FM NORMAL: 8.0 DPTR FM NORMAL: -0.90 2 = FOG REDUCING VISIBILITY
HIGHEST: 80 ON 23 GRTST 24HR 1.78 ON 16-16 TO 1/4 MILE OR LESS
LOWEST: 19 ON 4 3 = THUNDER
SNOW, ICE PELLETS, HAIL 4 = ICE PELLETS
TOTAL MONTH: T 5 = HAIL
GRTST 24HR T ON 17-17 6 = FREEZING RAIN OR DRIZZLE
GRTST DEPTH: 0 7 = DUSTSTORM OR SANDSTORM:
VSBY 1/2 MILE OR LESS
8 = SMOKE OR HAZE
[NO. OF DAYS WITH] [WEATHER - DAYS WITH] 9 = BLOWING SNOW
X = TORNADO
MAX 32 OR BELOW: 0 0.01 INCH OR MORE: 9
MAX 90 OR ABOVE: 0 0.10 INCH OR MORE: 4
MIN 32 OR BELOW: 9 0.50 INCH OR MORE: 2
MIN 0 OR BELOW: 0 1.00 INCH OR MORE: 1
[HDD (BASE 65) ]
TOTAL THIS MO. 442 CLEAR (SCALE 0-3) 14
DPTR FM NORMAL -229 PTCLDY (SCALE 4-7) 10
TOTAL FM JUL 1 2525 CLOUDY (SCALE 8-10) 4
DPTR FM NORMAL -493
[CDD (BASE 65) ]
TOTAL THIS MO. 5
DPTR FM NORMAL 4 [PRESSURE DATA]
TOTAL FM JAN 1 5 HIGHEST SLP M ON M
DPTR FM NORMAL 5 LOWEST SLP 29.35 ON 27
[REMARKS]
#FINAL-02-23#