000
CXUS54 KHGX 011410
CF6BYY
PRELIMINARY LOCAL CLIMATOLOGICAL DATA (WS FORM: F-6)
STATION: Bay City
MONTH: MARCH
YEAR: 2023
LATITUDE: 28 58 N
LONGITUDE: 95 52 W
TEMPERATURE IN F: :PCPN: SNOW: WIND :SUNSHINE: SKY :PK WND
================================================================================
1 2 3 4 5 6A 6B 7 8 9 10 11 12 13 14 15 16 17 18
12Z AVG MX 2MIN
DY MAX MIN AVG DEP HDD CDD WTR SNW DPTH SPD SPD DIR MIN PSBL S-S WX SPD DR
================================================================================
1 81 71 76 M 0 11 0.00 0.0 0 12.6 23 170 M M 9 1 30 180
2 76 65 71 M 0 6 0.02 0.0 0 13.6 22 190 M M 10 1 31 190
3 73 48 61 M 4 0 0.00 0.0 0 9.9 23 320 M M 1 30 320
4 78 44 61 M 4 0 0.00 0.0 0 4.7 12 140 M M 0 M M
5 77 45 61 M 4 0 0.00 0.0 0 5.1 12 140 M M 3 1 17 140
6 83 57 70 M 0 5 M 0.0 M 6.9 14 180 M M 8 1 17 210
7 82 67 75 M 0 10 M 0.0 M 5.9 12 170 M M 8 1 17 160
8 83 66 75 M 0 10 M 0.0 M 6.8 14 160 M M 6 12 18 160
9 M M M M M M M M M M M M M M M M M
10 82 65 74 M 0 9 0.00 0.0 0 2.5 10 170 M M 0 12 M M
11 82 64 73 M 0 8 M 0.0 M 10.9 21 190 M M 0 1 29 210
12 84 62 73 M 0 8 M 0.0 M 13.2 21 10 M M 0 27 10
13 67 51 59 M 6 0 0.00 0.0 0 10.9 21 60 M M 0 27 40
14 65 50 58 M 7 0 M 0.0 0 9.9 21 80 M M 0 29 80
15 71 50 61 M 4 0 0.00 0.0 0 10.4 17 120 M M 0 23 120
16 75 64 70 M 0 5 M 0.0 0 13.9 20 170 M M 0 8 27 180
17 73 46 60 M 5 0 0.71 0.0 0 15.3 27 360 M M 0 35 360
18 51 46 49 M 16 0 M 0.0 0 7.8 15 10 M M 0 21 10
19 57 39 48 M 17 0 0.00 0.0 0 5.8 10 40 M M 0 16 30
20 61 37 49 M 16 0 0.00 0.0 0 9.8 17 130 M M 0 23 120
21 74 61 68 M 0 3 M 0.0 0 15.9 23 160 M M 0 32 160
22 78 66 72 M 0 7 0.00 0.0 0 11.9 21 180 M M 0 1 25 160
23 80 71 76 M 0 11 0.00 0.0 0 12.1 18 180 M M 0 27 180
24 80 68 74 M 0 9 0.08 0.0 0 12.7 23 200 M M 0 1 28 220
25 84 57 71 M 0 6 0.03 0.0 0 5.8 12 20 M M 0 1 M M
26 83 55 69 M 0 4 0.00 0.0 0 6.1 17 210 M M 0 12 21 210
27 83 70 77 M 0 12 M 0.0 M 6.5 13 130 M M 0 12 16 110
28 74 65 70 M 0 5 0.00 0.0 0 9.9 22 40 M M 0 30 40
29 69 56 63 M 2 0 0.00 0.0 0 8.6 15 110 M M 0 22 70
30 79 66 73 M 0 8 0.00 0.0 0 12.0 20 160 M M 0 1 29 170
31 80 72 76 M 0 11 0.00 0.0 0 14.5 27 210 M M 0 1 33 210
================================================================================
SM 2265 1744 85 148 0.84 0.0 291.9 M 45
================================================================================
AV 75.5 58.1 9.7 FASTST M M 2 MAX(MPH)
MISC ----> # 27 360 35 360
================================================================================
NOTES:
# LAST OF SEVERAL OCCURRENCES
COLUMN 17 PEAK WIND IN M.P.H.
PRELIMINARY LOCAL CLIMATOLOGICAL DATA (WS FORM: F-6) , PAGE 2
STATION: Bay City
MONTH: MARCH
YEAR: 2023
LATITUDE: 28 58 N
LONGITUDE: 95 52 W
[TEMPERATURE DATA] [PRECIPITATION DATA] SYMBOLS USED IN COLUMN 16
AVERAGE MONTHLY: 66.8 TOTAL FOR MONTH: 0.84 1 = FOG OR MIST
DPTR FM NORMAL: 0.0 DPTR FM NORMAL: M 2 = FOG REDUCING VISIBILITY
HIGHEST: 84 ON 25,12 GRTST 24HR 0.71 ON 17-17 TO 1/4 MILE OR LESS
LOWEST: 37 ON 20 3 = THUNDER
SNOW, ICE PELLETS, HAIL 4 = ICE PELLETS
TOTAL MONTH: 0.0 INCH 5 = HAIL
GRTST 24HR 0.0 6 = FREEZING RAIN OR DRIZZLE
GRTST DEPTH: 0 7 = DUSTSTORM OR SANDSTORM:
VSBY 1/2 MILE OR LESS
8 = SMOKE OR HAZE
[NO. OF DAYS WITH] [WEATHER - DAYS WITH] 9 = BLOWING SNOW
X = TORNADO
MAX 32 OR BELOW: 0 0.01 INCH OR MORE: 4
MAX 90 OR ABOVE: 0 0.10 INCH OR MORE: 1
MIN 32 OR BELOW: 0 0.50 INCH OR MORE: 1
MIN 0 OR BELOW: 0 1.00 INCH OR MORE: 0
[HDD (BASE 65) ]
TOTAL THIS MO. 85 CLEAR (SCALE 0-3) 25
DPTR FM NORMAL M PTCLDY (SCALE 4-7) 3
TOTAL FM JUL 1 994 CLOUDY (SCALE 8-10) 2
DPTR FM NORMAL M
[CDD (BASE 65) ]
TOTAL THIS MO. 148
DPTR FM NORMAL M [PRESSURE DATA]
TOTAL FM JAN 1 284 HIGHEST SLP M ON M
DPTR FM NORMAL M LOWEST SLP M ON M
[REMARKS]
#FINAL-03-23#