000
CXUS54 KHGX 011510
CF6BYY
PRELIMINARY LOCAL CLIMATOLOGICAL DATA (WS FORM: F-6)
STATION: Bay City
MONTH: FEBRUARY
YEAR: 2024
LATITUDE: 28 58 N
LONGITUDE: 95 52 W
TEMPERATURE IN F: :PCPN: SNOW: WIND :SUNSHINE: SKY :PK WND
================================================================================
1 2 3 4 5 6A 6B 7 8 9 10 11 12 13 14 15 16 17 18
12Z AVG MX 2MIN
DY MAX MIN AVG DEP HDD CDD WTR SNW DPTH SPD SPD DIR MIN PSBL S-S WX SPD DR
================================================================================
1 70 47 59 M 6 0 0.00 0.0 0 5.3 14 200 M M 2 1 18 170
2 71 51 61 M 4 0 0.15 0.0 0 9.7 20 170 M M 6 1 23 170
3 67 53 60 M 5 0 1.56 0.0 0 6.4 13 100 M M 5 29 350
4 68 49 59 M 6 0 0.00 0.0 0 12.9 25 330 M M 0 36 330
5 58 48 53 M 12 0 0.00 0.0 0 11.2 18 320 M M 5 25 340
6 70 40 55 M 10 0 M 0.0 0 4.2 10 170 M M 0 M M
7 67 38 53 M 12 0 M 0.0 0 8.9 18 180 M M 7 12 25 140
8 71 60 66 M 0 1 0.00 0.0 0 9.0 15 180 M M 7 1 25 160
9 73 63 68 M 0 3 0.00 0.0 0 10.5 20 190 M M 9 1 24 190
10 71 64 68 M 0 3 0.03 0.0 0 10.5 22 190 M M 9 1 29 190
11 73 51 62 M 3 0 M 0.0 0 10.9 17 350 M M 7 1 23 340
12 58 38 48 M 17 0 0.00 0.0 0 12.9 22 320 M M 2 28 330
13 68 34 51 M 14 0 0.00 0.0 0 2.9 12 180 M M 0 M M
14 66 39 53 M 12 0 0.00 0.0 0 6.5 13 130 M M 4 16 130
15 71 55 63 M 2 0 0.00 0.0 0 5.5 10 170 M M 8 M M
16 61 57 59 M 6 0 0.44 0.0 0 2.6 8 180 M M 9 1 M M
17 58 37 48 M 17 0 0.02 0.0 0 13.3 22 20 M M 4 28 20
18 53 32 43 M 22 0 M 0.0 0 6.8 12 330 M M 1 17 10
19 62 31 47 M 18 0 0.00 0.0 0 4.0 13 180 M M 0 17 220
20 73 42 58 M 7 0 0.00 0.0 0 6.2 15 200 M M 4 128 18 230
21 72 55 64 M 1 0 0.00 0.0 0 11.2 20 190 M M 4 25 190
22 73 55 64 M 1 0 0.00 0.0 0 9.7 16 210 M M 8 28 25 220
23 75 52 64 M 1 0 0.00 0.0 0 8.5 18 20 M M 1 1 27 20
24 79 42 61 M 4 0 0.00 0.0 0 4.4 14 190 M M 0 M M
25 74 45 60 M 5 0 0.00 0.0 0 9.7 21 190 M M 4 1 25 200
26 75 60 68 M 0 3 0.00 0.0 0 12.3 20 210 M M 7 1 25 200
27 78 64 71 M 0 6 0.00 0.0 0 14.9 25 200 M M 8 1 33 200
28 68 50 59 M 6 0 0.00 0.0 0 12.7 17 360 M M 6 1 28 10
29 58 49 54 M 11 0 0.04 0.0 0 10.0 16 100 M M 10 21 40
================================================================================
SM 1981 1401 202 16 2.24 0.0 253.6 M 137
================================================================================
AV 68.3 48.3 8.7 FASTST M M 5 MAX(MPH)
MISC ----> # 25 330 36 330
================================================================================
NOTES:
# LAST OF SEVERAL OCCURRENCES
COLUMN 17 PEAK WIND IN M.P.H.
PRELIMINARY LOCAL CLIMATOLOGICAL DATA (WS FORM: F-6) , PAGE 2
STATION: Bay City
MONTH: FEBRUARY
YEAR: 2024
LATITUDE: 28 58 N
LONGITUDE: 95 52 W
[TEMPERATURE DATA] [PRECIPITATION DATA] SYMBOLS USED IN COLUMN 16
AVERAGE MONTHLY: 58.3 TOTAL FOR MONTH: 2.24 1 = FOG OR MIST
DPTR FM NORMAL: 0.0 DPTR FM NORMAL: M 2 = FOG REDUCING VISIBILITY
HIGHEST: 79 ON 24 GRTST 24HR 1.56 ON 3- 3 TO 1/4 MILE OR LESS
LOWEST: 31 ON 19 3 = THUNDER
SNOW, ICE PELLETS, HAIL 4 = ICE PELLETS
TOTAL MONTH: 0.0 INCH 5 = HAIL
GRTST 24HR 0.0 6 = FREEZING RAIN OR DRIZZLE
GRTST DEPTH: 0 7 = DUSTSTORM OR SANDSTORM:
VSBY 1/2 MILE OR LESS
8 = SMOKE OR HAZE
[NO. OF DAYS WITH] [WEATHER - DAYS WITH] 9 = BLOWING SNOW
X = TORNADO
MAX 32 OR BELOW: 0 0.01 INCH OR MORE: 6
MAX 90 OR ABOVE: 0 0.10 INCH OR MORE: 3
MIN 32 OR BELOW: 2 0.50 INCH OR MORE: 1
MIN 0 OR BELOW: 0 1.00 INCH OR MORE: 1
[HDD (BASE 65) ]
TOTAL THIS MO. 202 CLEAR (SCALE 0-3) 9
DPTR FM NORMAL M PTCLDY (SCALE 4-7) 13
TOTAL FM JUL 1 1201 CLOUDY (SCALE 8-10) 7
DPTR FM NORMAL M
[CDD (BASE 65) ]
TOTAL THIS MO. 16
DPTR FM NORMAL M [PRESSURE DATA]
TOTAL FM JAN 1 17 HIGHEST SLP M ON M
DPTR FM NORMAL M LOWEST SLP M ON M
[REMARKS]
#FINAL-02-24#