000
CXUS53 KGJT 011433
CLACAG
CLIMATE REPORT
NATIONAL WEATHER SERVICE GRAND JUNCTION CO
642 AM MST WED JAN 1 2020
...................................
...THE CRAIG CO CLIMATE SUMMARY FOR THE YEAR OF 2019...
CLIMATE NORMAL PERIOD 1981 TO 2010
CLIMATE RECORD PERIOD 9999 TO 9999
WEATHER OBSERVED NORMAL DEPART LAST YEAR`S
VALUE DATE(S) VALUE FROM VALUE DATE(S)
NORMAL
................................................................
TEMPERATURE (F)
RECORD
HIGH MM MM
LOW MM MM
HIGHEST 96 08/06 MM MM 99 07/08
07/22
LOWEST -28 01/02 MM MM -20 02/21
AVG. MAXIMUM 57.6 57.9 -0.3 61.9
AVG. MINIMUM 24.5 25.6 -1.1 27.2
MEAN 41.1 41.7 -0.6 44.5
DAYS MAX >= 90 42 18.1 23.9 53
DAYS MAX <= 32 61 54.5 6.5 29
DAYS MIN <= 32 224 218.3 5.7 207
DAYS MIN <= 0 49 38.0 11.0 26
PRECIPITATION (INCHES)
RECORD
MAXIMUM MM MM
MINIMUM MM MM
TOTALS 15.48 16.06 -0.58 12.42
DAILY AVG. 0.04 0.04 0.00 0.03
DAYS >= .01 116 MM MM 87
DAYS >= .10 48 MM MM 34
DAYS >= .50 4 MM MM 5
DAYS >= 1.00 1 MM MM 0
GREATEST
24 HR. TOTAL 1.07 MM
S
NOWFALL (INCHES)
RECORDS
TOTAL MM MM
24 HR TOTAL MM
SNOW DEPTH MM MM
TOTALS MM MM MM MM
LIQUID EQUIV MM MM MM MM
SINCE 7/1 MM MM MM MM
LIQUID 7/1 MM MM MM MM
SNOWDEPTH AVG. MM MM MM MM
DAYS >= TRACE MM MM MM MM
DAYS >= 1.0 MM MM MM MM
GREATEST
SNOW DEPTH MM MM MM
24 HR TOTAL MM MM
STORM TOTAL MM MM
DEGREE_DAYS
HEATING TOTAL 8857 8634 223 7669
SINCE 7/1 3556 3556 0 3337
COOLING TOTAL 246 143 103 327
SINCE 1/1 246 142 104 327
FREEZE DATES
RECORD
EARLIEST MM
LATEST MM
EARLIEST MM
LATEST MM
.................................................................
WIND (MPH)
AVERAGE WIND SPEED 5.3
RESULTANT WIND SPEED/DIRECTION 2/234
HIGHEST WIND SPEED/DIRECTION 41/210 DATE 09/17
HIGHEST GUST SPEED/DIRECTION 59/190 DATE 09/29
SKY COVER
POSSIBLE SUNSHINE (PERCENT) MM
AVERAGE SKY COVER 0.40
NUMBER OF DAYS FAIR 216
NUMBER OF DAYS PC 73
NUMBER OF DAYS CLOUDY 76
AVERAGE RH (PERCENT) 63
WEATHER CONDITIONS. NUMBER OF DAYS WITH
THUNDERSTORM 45 MIXED PRECIP 0
HEAVY RAIN 14 RAIN 24
LIGHT RAIN 111 FREEZING RAIN 0
LT FREEZING RAIN 0 HAIL 0
HEAVY SNOW 12 SNOW 38
LIGHT SNOW 95 SLEET 0
FOG 136 FOG W/VIS <= 1/4 MILE 33
HAZE 32
- INDICATES NEGATIVE NUMBERS.
R INDICATES RECORD WAS SET OR TIED.
MM INDICATES DATA IS MISSING.
T INDICATES TRACE AMOUNT.
$$