000
CXUS51 KCLE 011346
CF6CAK
PRELIMINARY LOCAL CLIMATOLOGICAL DATA (WS FORM: F-6)
STATION: AKRON CANTON OH
MONTH: APRIL
YEAR: 2023
LATITUDE: 40 55 N
LONGITUDE: 81 26 W
TEMPERATURE IN F: :PCPN: SNOW: WIND :SUNSHINE: SKY :PK WND
================================================================================
1 2 3 4 5 6A 6B 7 8 9 10 11 12 13 14 15 16 17 18
12Z AVG MX 2MIN
DY MAX MIN AVG DEP HDD CDD WTR SNW DPTH SPD SPD DIR MIN PSBL S-S WX SPD DR
================================================================================
1 65 34 50 5 15 0 0.36 T 0 18.1 44 250 M M 8 138 60 260
2 48 28 38 -7 27 0 T T 0 7.3 17 340 M M 5 22 350
3 65 35 50 4 15 0 0.00 0.0 0 8.8 18 220 M M 5 22 210
4 72 44 58 12 7 0 0.00 0.0 0 7.0 14 190 M M 6 20 120
5 78 59 69 22 0 4 1.05 0.0 0 14.3 32 280 M M 9 13 46 280
6 60 40 50 3 15 0 0.02 0.0 0 9.6 20 280 M M 9 1 26 220
7 50 30 40 -7 25 0 0.00 0.0 0 9.2 16 20 M M 6 22 20
8 55 28 42 -6 23 0 0.00 0.0 0 6.0 13 60 M M 4 16 100
9 60 34 47 -1 18 0 0.00 0.0 0 7.8 14 80 M M 1 19 30
10 67 35 51 2 14 0 0.00 0.0 0 4.3 10 250 M M 3 1 13 180
11 73 41 57 8 8 0 0.00 0.0 0 9.0 21 270 M M 4 29 270
12 78 54 66 16 0 1 0.00 0.0 0 10.8 23 240 M M 2 29 250
13 80 53 67 17 0 2 0.00 0.0 0 6.5 16 240 M M 1 22 250
14 83 53 68 18 0 3 0.00 0.0 0 6.0 15 210 M M 6 20 200
15 79 58 69 18 0 4 T 0.0 0 8.2 16 240 M M 6 21 220
16 78 44 61 10 4 0 0.50 0.0 0 11.9 30 260 M M 6 13 39 220
17 46 35 41 -11 24 0 0.10 0.1 0 16.1 29 260 M M 10 148 40 260
18 50 33 42 -10 23 0 T T 0 13.2 22 280 M M 8 8 30 280
19 66 30 48 -4 17 0 0.00 0.0 0 3.5 10 190 M M 3 12 190
20 82 49 66 13 0 1 0.00 0.0 0 8.5 23 220 M M 7 29 230
21 77 49 63 10 2 0 0.19 0.0 0 9.9 21 360 M M 7 13 29 360
22 57 42 50 -4 15 0 0.94 T 0 9.9 24 280 M M 9 135 31 280
23 45 35 40 -14 25 0 0.03 0.0 0 8.6 17 290 M M 8 22 260
24 45 33 39 -15 26 0 0.03 0.0 0 7.2 18 310 M M 8 22 310
25 52 30 41 -14 24 0 0.00 0.0 0 6.4 16 250 M M 5 1 24 220
26 57 36 47 -8 18 0 T 0.0 0 6.1 16 10 M M 6 18 20 30
27 62 31 47 -8 18 0 0.00 0.0 0 7.4 13 100 M M 5 18 130
28 57 51 54 -2 11 0 0.67 0.0 0 13.6 24 120 M M 10 1 32 110
29 60 50 55 -1 10 0 0.07 0.0 0 11.4 18 170 M M 9 1 23 230
30 56 40 48 -8 17 0 0.05 0.0 0 9.3 32 300 M M 8 1 39 290
================================================================================
SM 1903 1214 401 15 4.01 0.1 275.9 M 184
================================================================================
AV 63.4 40.5 9.2 FASTST M M 6 MAX(MPH)
MISC ----> 44 250 60 260
================================================================================
NOTES:
# LAST OF SEVERAL OCCURRENCES
COLUMN 17 PEAK WIND IN M.P.H.
PRELIMINARY LOCAL CLIMATOLOGICAL DATA (WS FORM: F-6) , PAGE 2
STATION: AKRON CANTON OH
MONTH: APRIL
YEAR: 2023
LATITUDE: 40 55 N
LONGITUDE: 81 26 W
[TEMPERATURE DATA] [PRECIPITATION DATA] SYMBOLS USED IN COLUMN 16
AVERAGE MONTHLY: 52.0 TOTAL FOR MONTH: 4.01 1 = FOG OR MIST
DPTR FM NORMAL: 1.2 DPTR FM NORMAL: 0.15 2 = FOG REDUCING VISIBILITY
HIGHEST: 83 ON 14 GRTST 24HR 1.12 ON 21-22 TO 1/4 MILE OR LESS
LOWEST: 28 ON 8, 2 3 = THUNDER
SNOW, ICE PELLETS, HAIL 4 = ICE PELLETS
TOTAL MONTH: 0.1 INCH 5 = HAIL
GRTST 24HR 0.1 ON 17-17 6 = FREEZING RAIN OR DRIZZLE
GRTST DEPTH: 0 7 = DUSTSTORM OR SANDSTORM:
VSBY 1/2 MILE OR LESS
8 = SMOKE OR HAZE
[NO. OF DAYS WITH] [WEATHER - DAYS WITH] 9 = BLOWING SNOW
X = TORNADO
MAX 32 OR BELOW: 0 0.01 INCH OR MORE: 12
MAX 90 OR ABOVE: 0 0.10 INCH OR MORE: 7
MIN 32 OR BELOW: 6 0.50 INCH OR MORE: 4
MIN 0 OR BELOW: 0 1.00 INCH OR MORE: 1
[HDD (BASE 65) ]
TOTAL THIS MO. 401 CLEAR (SCALE 0-3) 5
DPTR FM NORMAL -33 PTCLDY (SCALE 4-7) 18
TOTAL FM JUL 1 4734 CLOUDY (SCALE 8-10) 7
DPTR FM NORMAL -758
[CDD (BASE 65) ]
TOTAL THIS MO. 15
DPTR FM NORMAL 7 [PRESSURE DATA]
TOTAL FM JAN 1 15 HIGHEST SLP 30.57 ON 8
DPTR FM NORMAL 6 LOWEST SLP 29.29 ON 1
[REMARKS]
#FINAL-04-23#