000
CXUS51 KCLE 021655
CLMCAK
CLIMATE REPORT
NATIONAL WEATHER SERVICE CLEVELAND, OH
1255 PM EDT MON OCT 02 2023
...................................
...THE AKRON CANTON OH CLIMATE SUMMARY FOR THE MONTH OF SEPTEMBER 2023...
CLIMATE NORMAL PERIOD 1991 TO 2020
CLIMATE RECORD PERIOD 1887 TO 2023
WEATHER OBSERVED NORMAL DEPART LAST YEAR`S
VALUE DATE(S) VALUE FROM VALUE
NORMAL
..............................................................
TEMPERATURE (F)
RECORD
HIGH 99 10/07/5881
10/07/5881
LOW 29 10/07/5881
HIGHEST 88 09/05
LOWEST 42 09/15
AVG. MAXIMUM 73.9 75.9 -2.0 75.3
AVG. MINIMUM 54.9 54.9 -0.0 57.0
MEAN 64.4 65.4 -1.0 66.2
DAYS MAX >= 90 0 1.1 -1.1 0
DAYS MAX <= 32 0 0.0 0.0 0
DAYS MIN <= 32 0 0.0 0.0 0
DAYS MIN <= 0 0 0.0 0.0 0
PRECIPITATION (INCHES)
RECORD
MAXIMUM 11.98 1926
MINIMUM 0.20 1960
TOTALS 0.33 3.50 -3.17 2.87
DAYS >= .01 6 9.9 -3.9 14
DAYS >= .10 1 6.3 -5.3 5
DAYS >= .50 0 2.4 -2.4 1
DAYS >= 1.00 0 0.9 -0.9 0
GREATEST
24 HR. TOTAL 0.14 09/28 TO 09/28 0.89
SNOWFALL (INCHES)
RECORDS
TOTAL T 2003
TOTALS 0.0 0.0 0.0 0.0
SINCE 7/1 0.0 0.0 0.0 0.0
DAYS >= 1.0 0 0.0 0.0 0
GREATEST
24 HR TOTAL 0.0
DEGREE DAYS
HEATING TOTAL 70 84 -14 81
SINCE 7/1 79 94 -15 81
COOLING TOTAL 59 96 -37 123
SINCE 1/1 573 856 -283 1076
..............................................................
WIND (MPH)
AVERAGE WIND SPEED 6.0
HIGHEST WIND SPEED/DIRECTION 21/210 DATE 09/06
HIGHEST GUST SPEED/DIRECTION 25/220 DATE 09/06
SKY COVER
AVERAGE SKY COVER 0.55
AVERAGE RH (PERCENT) 78
WEATHER CONDITIONS. NUMBER OF DAYS WITH
THUNDERSTORM 1 MIXED PRECIP 0
HEAVY RAIN 0 RAIN 0
LIGHT RAIN 10 FREEZING RAIN 0
LT FREEZING RAIN 0 HAIL 0
HEAVY SNOW 0 SNOW 0
LIGHT SNOW 0 SLEET 0
FOG 19 FOG W/VIS <= 1/4 MILE 4
HAZE 1
- INDICATES NEGATIVE NUMBERS.
R INDICATES RECORD WAS SET OR TIED.
MM INDICATES DATA IS MISSING.
T INDICATES TRACE AMOUNT.
$$