000
CXUS56 KSLC 010810
CF6CDC
PRELIMINARY LOCAL CLIMATOLOGICAL DATA (WS FORM: F-6)
STATION: CEDAR CITY UT
MONTH: MAY
YEAR: 2023
LATITUDE: 37 42 N
LONGITUDE: 113 6 W
TEMPERATURE IN F: :PCPN: SNOW: WIND :SUNSHINE: SKY :PK WND
================================================================================
1 2 3 4 5 6A 6B 7 8 9 10 11 12 13 14 15 16 17 18
12Z AVG MX 2MIN
DY MAX MIN AVG DEP HDD CDD WTR SNW DPTH SPD SPD DIR MIN PSBL S-S WX SPD DR
================================================================================
1 76 51 64 13 1 0 0.00 M M 15.5 38 180 M M 0 50 180
2 69 46 58 6 7 0 0.00 M M 16.9 39 190 M M 0 50 190
3 68 41 55 3 10 0 T M M 10.0 29 120 M M 5 3 43 130
4 60 35 48 -4 17 0 0.02 M M 14.6 33 160 M M 6 3 46 150
5 57 34 46 -7 19 0 T M M 8.5 30 210 M M 6 40 220
6 62 29 46 -7 19 0 0.00 M M 10.5 31 210 M M 2 42 220
7 65 38 52 -1 13 0 0.00 M M 8.1 23 210 M M 1 34 230
8 70 37 54 0 11 0 0.00 M M 11.5 31 220 M M 0 44 220
9 71 43 57 3 8 0 0.00 M M 9.3 23 210 M M 0 31 210
10 66 39 53 -1 12 0 T M M 7.5 26 180 M M 2 3 40 260
11 67 33 50 -5 15 0 0.00 M M 4.4 16 10 M M 2 21 20
12 71 37 54 -1 11 0 0.00 M M 8.1 21 30 M M 1 28 40
13 71 43 57 2 8 0 0.14 M M 5.9 30 360 M M 6 1 42 360
14 69 46 58 2 7 0 0.05 M M 7.9 43 210 M M 4 3 63 210
15 80 48 64 8 1 0 0.00 M M 8.8 23 130 M M 2 31 140
16 77 55 66 10 0 1 0.00 M M 6.3 23 30 M M 1 3 30 30
17 79 48 64 7 1 0 T M M 5.3 28 280 M M 3 3 39 280
18 78 44 61 4 4 0 0.00 M M 5.4 28 290 M M 1 36 280
19 78 47 63 5 2 0 0.00 M M 5.5 15 350 M M 0 21 360
20 78 49 64 6 1 0 T M M 7.9 29 120 M M 1 3 38 250
21 79 45 62 4 3 0 0.03 M M 5.8 26 220 M M 1 3 38 230
22 78 49 64 6 1 0 0.02 M M 8.5 31 130 M M 4 3 41 130
23 79 51 65 6 0 0 0.00 M M 10.3 24 220 M M 3 8 35 230
24 79 50 65 6 0 0 0.00 M M 10.4 26 210 M M 1 8 39 200
25 75 52 64 4 1 0 T M M 9.8 28 200 M M 3 50 220
26 76 49 63 3 2 0 T M M 9.8 24 200 M M 1 34 230
27 76 37 57 -3 8 0 0.00 M M 7.7 17 230 M M 0 25 200
28 79 42 61 1 4 0 0.00 M M 9.2 23 240 M M 0 33 210
29 79 45 62 1 3 0 0.00 M M 9.2 23 220 M M 0 33 230
30 78 46 62 1 3 0 0.00 M M 9.2 22 180 M M 0 30 180
31 75 45 60 -2 5 0 0.01 M M 6.7 30 140 M M 1 3 49 140
================================================================================
SM 2265 1354 197 1 0.27 M 274.5 M 57
================================================================================
AV 73.1 43.7 8.9 FASTST M M 2 MAX(MPH)
MISC ----> 43 210 63 210
================================================================================
NOTES:
# LAST OF SEVERAL OCCURRENCES
COLUMN 17 PEAK WIND IN M.P.H.
PRELIMINARY LOCAL CLIMATOLOGICAL DATA (WS FORM: F-6) , PAGE 2
STATION: CEDAR CITY UT
MONTH: MAY
YEAR: 2023
LATITUDE: 37 42 N
LONGITUDE: 113 6 W
[TEMPERATURE DATA] [PRECIPITATION DATA] SYMBOLS USED IN COLUMN 16
AVERAGE MONTHLY: 58.4 TOTAL FOR MONTH: 0.27 1 = FOG OR MIST
DPTR FM NORMAL: 2.0 DPTR FM NORMAL: -0.67 2 = FOG REDUCING VISIBILITY
HIGHEST: 80 ON 15 GRTST 24HR 0.17 ON 13-14 TO 1/4 MILE OR LESS
LOWEST: 29 ON 6 3 = THUNDER
SNOW, ICE PELLETS, HAIL 4 = ICE PELLETS
TOTAL MONTH: M 5 = HAIL
GRTST 24HR M ON M 6 = FREEZING RAIN OR DRIZZLE
GRTST DEPTH: M ON M 7 = DUSTSTORM OR SANDSTORM:
VSBY 1/2 MILE OR LESS
8 = SMOKE OR HAZE
[NO. OF DAYS WITH] [WEATHER - DAYS WITH] 9 = BLOWING SNOW
X = TORNADO
MAX 32 OR BELOW: 0 0.01 INCH OR MORE: 6
MAX 90 OR ABOVE: 0 0.10 INCH OR MORE: 1
MIN 32 OR BELOW: 1 0.50 INCH OR MORE: 0
MIN 0 OR BELOW: 0 1.00 INCH OR MORE: 0
[HDD (BASE 65) ]
TOTAL THIS MO. 197 CLEAR (SCALE 0-3) 25
DPTR FM NORMAL -82 PTCLDY (SCALE 4-7) 6
TOTAL FM JUL 1 6204 CLOUDY (SCALE 8-10) 0
DPTR FM NORMAL 267
[CDD (BASE 65) ]
TOTAL THIS MO. 1
DPTR FM NORMAL -11 [PRESSURE DATA]
TOTAL FM JAN 1 1 HIGHEST SLP M ON M
DPTR FM NORMAL -11 LOWEST SLP 29.48 ON 1
[REMARKS]
#FINAL-05-23#