000
CXUS53 KEAX 180736
CF6CDJ
PRELIMINARY LOCAL CLIMATOLOGICAL DATA (WS FORM: F-6)
STATION: CHILLICOTHE
MONTH: MARCH
YEAR: 2024
LATITUDE: 39 49 N
LONGITUDE: 93 35 W
TEMPERATURE IN F: :PCPN: SNOW: WIND :SUNSHINE: SKY :PK WND
================================================================================
1 2 3 4 5 6A 6B 7 8 9 10 11 12 13 14 15 16 17 18
12Z AVG MX 2MIN
DY MAX MIN AVG DEP HDD CDD WTR SNW DPTH SPD SPD DIR MIN PSBL S-S WX SPD DR
================================================================================
1 53 38 46 9 19 0 0.01 M M 6.9 20 200 M M 0 29 190
2 69 31 50 12 15 0 0.00 M M 8.6 20 140 M M 0 33 140
3 80 46 63 25 2 0 0.00 M M 11.7 28 190 M M 0 43 170
4 76 45 61 22 4 0 0.02 M M 8.9 20 190 M M 0 34 350
5 54 35 45 6 20 0 0.00 M M 6.3 15 40 M M 0 23 50
6 61 29 45 6 20 0 0.00 M M 4.5 14 110 M M 0 20 60
7 52 43 48 8 17 0 0.23 M M 5.8 13 110 M M 0 20 100
8 50 36 43 3 22 0 0.03 M M 8.0 15 340 M M 0 30 360
9 53 29 41 0 24 0 0.00 M M 6.8 16 310 M M 0 26 310
10 59 22 41 0 24 0 0.00 M M 3.1 14 190 M M 0 18 190
11 71 40 56 15 9 0 0.00 M M 10.7 20 200 M M 0 30 200
12 72 50 61 19 4 0 0.60 M M 8.6 22 210 M M 0 35 220
13 72 43 58 16 7 0 1.35 M M 5.3 24 320 M M 0 40 280
14 67 51 59 16 6 0 0.35 M M 8.1 18 330 M M 0 31 310
15 64 42 53 10 12 0 0.00 M M 4.6 14 30 M M 0 22 40
16 63 37 50 7 15 0 0.00 M M 7.7 22 300 M M 0 37 310
17 45 30 38 -6 27 0 0.00 M M 7.9 18 320 M M 0 34 310
================================================================================
SM 1061 647 247 0 2.59 M 123.5 M 0
================================================================================
AV 62.4 38.1 7.3 FASTST M M 0 MAX(MPH)
MISC ----> 28 190 43 170
================================================================================
NOTES:
# LAST OF SEVERAL OCCURRENCES
COLUMN 17 PEAK WIND IN M.P.H.
PRELIMINARY LOCAL CLIMATOLOGICAL DATA (WS FORM: F-6) , PAGE 2
STATION: CHILLICOTHE
MONTH: MARCH
YEAR: 2024
LATITUDE: 39 49 N
LONGITUDE: 93 35 W
[TEMPERATURE DATA] [PRECIPITATION DATA] SYMBOLS USED IN COLUMN 16
AVERAGE MONTHLY: 50.2 TOTAL FOR MONTH: 2.59 1 = FOG OR MIST
DPTR FM NORMAL: 9.6 DPTR FM NORMAL: 1.15 2 = FOG REDUCING VISIBILITY
HIGHEST: 80 ON 3 GRTST 24HR 1.70 ON 13-14 TO 1/4 MILE OR LESS
LOWEST: 22 ON 10 3 = THUNDER
SNOW, ICE PELLETS, HAIL 4 = ICE PELLETS
TOTAL MONTH: M 5 = HAIL
GRTST 24HR M ON M 6 = FREEZING RAIN OR DRIZZLE
GRTST DEPTH: M ON M 7 = DUSTSTORM OR SANDSTORM:
VSBY 1/2 MILE OR LESS
8 = SMOKE OR HAZE
[NO. OF DAYS WITH] [WEATHER - DAYS WITH] 9 = BLOWING SNOW
X = TORNADO
MAX 32 OR BELOW: 0 0.01 INCH OR MORE: 7
MAX 90 OR ABOVE: 0 0.10 INCH OR MORE: 4
MIN 32 OR BELOW: 5 0.50 INCH OR MORE: 2
MIN 0 OR BELOW: 0 1.00 INCH OR MORE: 1
[HDD (BASE 65) ]
TOTAL THIS MO. 247 CLEAR (SCALE 0-3) 17
DPTR FM NORMAL -168 PTCLDY (SCALE 4-7) 0
TOTAL FM JUL 1 3813 CLOUDY (SCALE 8-10) 0
DPTR FM NORMAL -762
[CDD (BASE 65) ]
TOTAL THIS MO. 0
DPTR FM NORMAL 0 [PRESSURE DATA]
TOTAL FM JAN 1 0 HIGHEST SLP M ON M
DPTR FM NORMAL 0 LOWEST SLP 29.52 ON 3
[REMARKS]