000
CXUS53 KEAX 010736
CF6CDJ
PRELIMINARY LOCAL CLIMATOLOGICAL DATA (WS FORM: F-6)
STATION: CHILLICOTHE
MONTH: APRIL
YEAR: 2023
LATITUDE: 39 49 N
LONGITUDE: 93 35 W
TEMPERATURE IN F: :PCPN: SNOW: WIND :SUNSHINE: SKY :PK WND
================================================================================
1 2 3 4 5 6A 6B 7 8 9 10 11 12 13 14 15 16 17 18
12Z AVG MX 2MIN
DY MAX MIN AVG DEP HDD CDD WTR SNW DPTH SPD SPD DIR MIN PSBL S-S WX SPD DR
================================================================================
1 58 34 46 -4 19 0 0.00 M M 9.6 25 290 M M 0 42 270
2 77 34 56 6 9 0 0.00 M M 7.3 26 190 M M 0 42 170
3 72 52 62 12 3 0 0.00 M M 7.9 16 100 M M 0 29 70
4 87 49 68 18 0 3 0.28 M M 13.7 30 180 M M 0 3 45 180
5 52 37 45 -6 20 0 0.06 M M 8.5 20 300 M M 0 3 33 310
6 58 28 43 -8 22 0 0.00 M M 2.9 8 110 M M 0 13 20
7 66 31 49 -3 16 0 0.00 M M 5.0 13 110 M M 0 19 100
8 69 33 51 -1 14 0 0.00 M M 5.4 15 180 M M 0 24 160
9 72 39 56 4 9 0 0.00 M M 5.7 15 140 M M 0 24 180
10 70 49 60 8 5 0 0.02 M M 3.9 13 130 M M 0 3 20 130
11 79 43 61 8 4 0 0.00 M M 7.9 21 200 M M 0 30 200
12 80 51 66 13 0 1 0.00 M M 9.0 20 180 M M 0 31 170
13 80 47 64 10 1 0 0.00 M M 5.8 20 200 M M 0 29 180
14 82 48 65 11 0 0 0.00 M M 7.1 20 190 M M 0 30 160
15 70 43 57 3 8 0 0.37 M M 9.5 20 310 M M 0 3 37 260
16 49 40 45 -9 20 0 0.00 M M 9.7 21 310 M M 0 38 270
17 68 39 54 -1 11 0 0.00 M M 6.7 15 270 M M 0 25 310
18 75 45 60 5 5 0 0.05 M M 8.7 17 100 M M 0 30 100
19 76 60 68 13 0 3 0.23 M M 11.3 23 190 M M 0 3 37 250
20 65 40 53 -3 12 0 0.45 M M 7.1 18 300 M M 0 3 33 300
21 58 36 47 -9 18 0 0.00 M M 6.3 18 300 M M 0 34 270
22 45 36 41 -15 24 0 0.00 M M 7.0 17 300 M M 0 32 300
23 56 33 45 -12 20 0 0.00 M M 4.9 17 300 M M 0 29 300
24 68 32 50 -7 15 0 0.00 M M 5.0 17 200 M M 0 24 180
25 68 46 57 0 8 0 0.00 M M 2.7 9 290 M M 0 19 230
26 66 44 55 -3 10 0 0.00 M M 5.5 13 70 M M 0 25 80
27 70 40 55 -3 10 0 0.00 M M 3.0 9 180 M M 0 17 150
28 73 44 59 1 6 0 0.00 M M 3.7 15 300 M M 0 27 220
29 70 40 55 -3 10 0 0.02 M M 5.9 22 20 M M 0 39 10
30 61 45 53 -6 12 0 0.00 M M 11.7 28 310 M M 0 40 270
================================================================================
SM 2040 1238 311 7 1.48 M 208.4 M 0
================================================================================
AV 68.0 41.3 6.9 FASTST M M 0 MAX(MPH)
MISC ----> 30 180 45 180
================================================================================
NOTES:
# LAST OF SEVERAL OCCURRENCES
COLUMN 17 PEAK WIND IN M.P.H.
PRELIMINARY LOCAL CLIMATOLOGICAL DATA (WS FORM: F-6) , PAGE 2
STATION: CHILLICOTHE
MONTH: APRIL
YEAR: 2023
LATITUDE: 39 49 N
LONGITUDE: 93 35 W
[TEMPERATURE DATA] [PRECIPITATION DATA] SYMBOLS USED IN COLUMN 16
AVERAGE MONTHLY: 54.6 TOTAL FOR MONTH: 1.48 1 = FOG OR MIST
DPTR FM NORMAL: 0.4 DPTR FM NORMAL: -2.36 2 = FOG REDUCING VISIBILITY
HIGHEST: 87 ON 4 GRTST 24HR 0.98 ON 13-13 TO 1/4 MILE OR LESS
LOWEST: 28 ON 6 3 = THUNDER
SNOW, ICE PELLETS, HAIL 4 = ICE PELLETS
TOTAL MONTH: M 5 = HAIL
GRTST 24HR M ON M 6 = FREEZING RAIN OR DRIZZLE
GRTST DEPTH: M ON M 7 = DUSTSTORM OR SANDSTORM:
VSBY 1/2 MILE OR LESS
8 = SMOKE OR HAZE
[NO. OF DAYS WITH] [WEATHER - DAYS WITH] 9 = BLOWING SNOW
X = TORNADO
MAX 32 OR BELOW: 0 0.01 INCH OR MORE: 8
MAX 90 OR ABOVE: 0 0.10 INCH OR MORE: 4
MIN 32 OR BELOW: 3 0.50 INCH OR MORE: 0
MIN 0 OR BELOW: 0 1.00 INCH OR MORE: 0
[HDD (BASE 65) ]
TOTAL THIS MO. 311 CLEAR (SCALE 0-3) 30
DPTR FM NORMAL -27 PTCLDY (SCALE 4-7) 0
TOTAL FM JUL 1 4641 CLOUDY (SCALE 8-10) 0
DPTR FM NORMAL -531
[CDD (BASE 65) ]
TOTAL THIS MO. 7
DPTR FM NORMAL -8 [PRESSURE DATA]
TOTAL FM JAN 1 7 HIGHEST SLP M ON M
DPTR FM NORMAL -10 LOWEST SLP 29.29 ON 4
[REMARKS]
#FINAL-04-23#