000
CXUS53 KEAX 010736
CF6CDJ
PRELIMINARY LOCAL CLIMATOLOGICAL DATA (WS FORM: F-6)
STATION: CHILLICOTHE
MONTH: OCTOBER
YEAR: 2021
LATITUDE: 39 49 N
LONGITUDE: 93 35 W
TEMPERATURE IN F: :PCPN: SNOW: WIND :SUNSHINE: SKY :PK WND
================================================================================
1 2 3 4 5 6A 6B 7 8 9 10 11 12 13 14 15 16 17 18
12Z AVG MX 2MIN
DY MAX MIN AVG DEP HDD CDD WTR SNW DPTH SPD SPD DIR MIN PSBL S-S WX SPD DR
================================================================================
1 78 65 72 10 0 7 0.25 M M 3.1 9 190 M M 0 15 150
2 79 61 70 9 0 5 0.00 M M 1.0 8 230 M M 0 13 250
3 79 53 66 5 0 1 0.01 M M 3.4 12 310 M M 0 19 310
4 81 47 64 4 1 0 0.00 M M 1.8 12 350 M M 0 20 360
5 73 54 64 4 1 0 0.00 M M 2.7 9 40 M M 0 13 40
6 75 62 69 9 0 4 0.02 M M 3.0 10 50 M M 0 15 30
7 80 59 70 11 0 5 0.00 M M 1.2 7 20 M M 0 10 20
8 87 56 72 13 0 7 0.00 M M 3.4 10 150 M M 0 19 120
9 83 65 74 16 0 9 0.00 M M 6.1 17 180 M M 0 32 170
10 84 60 72 14 0 7 0.54 M M 6.3 14 190 M M 0 22 190
11 60 49 55 -3 10 0 0.88 M M 6.6 22 40 M M 0 3 35 40
12 78 46 62 5 3 0 0.00 M M 2.0 14 140 M M 0 24 140
13 76 57 67 10 0 2 0.33 M M 6.3 20 200 M M 0 3 35 140
14 74 52 63 7 2 0 0.00 M M 1.1 7 50 M M 0 12 60
15 65 48 57 1 8 0 0.06 M M 4.5 16 30 M M 0 26 10
16 66 39 53 -3 12 0 0.00 M M 4.5 13 300 M M 0 23 300
17 73 37 55 0 10 0 0.00 M M 1.7 9 200 M M 0 13 210
18 76 41 59 4 6 0 0.00 M M 4.4 15 180 M M 0 24 180
19 76 52 64 10 1 0 0.00 M M 6.6 17 190 M M 0 26 190
20 71 49 60 6 5 0 0.01 M M 6.0 16 200 M M 0 27 190
21 55 42 49 -4 16 0 0.00 M M 5.1 15 300 M M 0 24 280
22 61 35 48 -5 17 0 0.00 M M 1.8 9 30 M M 0 13 20
23 65 44 55 2 10 0 0.30 M M 7.1 16 120 M M 0 3 25 130
24 73 49 61 9 4 0 1.43 M M 8.2 18 270 M M 0 3 35 290
25 54 43 49 -3 16 0 0.00 M M 4.0 14 30 M M 0 22 310
26 61 40 51 0 14 0 0.00 M M 7.3 16 120 M M 0 28 140
27 58 51 55 4 10 0 0.87 M M 6.4 14 130 M M 0 23 130
28 51 46 49 -1 16 0 0.88 M M 8.9 16 10 M M 0 30 350
29 52 48 50 0 15 0 0.14 M M 7.4 14 350 M M 0 29 350
30 63 41 52 2 13 0 0.00 M M 2.1 8 310 M M 0 13 310
31 58 40 49 0 16 0 0.00 M M 5.9 16 10 M M 0 26 10
================================================================================
SM 2165 1531 206 47 5.72 M 139.9 M 0
================================================================================
AV 69.8 49.4 4.5 FASTST M M 0 MAX(MPH)
MISC ----> 22 40 # 35 40
================================================================================
NOTES:
# LAST OF SEVERAL OCCURRENCES
COLUMN 17 PEAK WIND IN M.P.H.
PRELIMINARY LOCAL CLIMATOLOGICAL DATA (WS FORM: F-6) , PAGE 2
STATION: CHILLICOTHE
MONTH: OCTOBER
YEAR: 2021
LATITUDE: 39 49 N
LONGITUDE: 93 35 W
[TEMPERATURE DATA] [PRECIPITATION DATA] SYMBOLS USED IN COLUMN 16
AVERAGE MONTHLY: 59.6 TOTAL FOR MONTH: 5.72 1 = FOG OR MIST
DPTR FM NORMAL: 4.1 DPTR FM NORMAL: 2.47 2 = FOG REDUCING VISIBILITY
HIGHEST: 87 ON 8 GRTST 24HR 1.73 ON 23-24 TO 1/4 MILE OR LESS
LOWEST: 35 ON 22 3 = THUNDER
SNOW, ICE PELLETS, HAIL 4 = ICE PELLETS
TOTAL MONTH: M 5 = HAIL
GRTST 24HR M ON M 6 = FREEZING RAIN OR DRIZZLE
GRTST DEPTH: M ON M 7 = DUSTSTORM OR SANDSTORM:
VSBY 1/2 MILE OR LESS
8 = SMOKE OR HAZE
[NO. OF DAYS WITH] [WEATHER - DAYS WITH] 9 = BLOWING SNOW
X = TORNADO
MAX 32 OR BELOW: 0 0.01 INCH OR MORE: 13
MAX 90 OR ABOVE: 0 0.10 INCH OR MORE: 9
MIN 32 OR BELOW: 0 0.50 INCH OR MORE: 5
MIN 0 OR BELOW: 0 1.00 INCH OR MORE: 1
[HDD (BASE 65) ]
TOTAL THIS MO. 206 CLEAR (SCALE 0-3) 31
DPTR FM NORMAL -115 PTCLDY (SCALE 4-7) 0
TOTAL FM JUL 1 220 CLOUDY (SCALE 8-10) 0
DPTR FM NORMAL -172
[CDD (BASE 65) ]
TOTAL THIS MO. 47
DPTR FM NORMAL 22 [PRESSURE DATA]
TOTAL FM JAN 1 1460 HIGHEST SLP M ON M
DPTR FM NORMAL 209 LOWEST SLP 29.39 ON 24
[REMARKS]
#FINAL-10-21#