000
CXUS55 KEAX 010736
CF6CDJ
PRELIMINARY LOCAL CLIMATOLOGICAL DATA (WS FORM: F-6)
STATION: CHILLICOTHE
MONTH: MAY
YEAR: 2020
LATITUDE: 39 49 N
LONGITUDE: 93 35 W
TEMPERATURE IN F: :PCPN: SNOW: WIND :SUNSHINE: SKY :PK WND
================================================================================
1 2 3 4 5 6A 6B 7 8 9 10 11 12 13 14 15 16 17 18
12Z AVG MX 2MIN
DY MAX MIN AVG DEP HDD CDD WTR SNW DPTH SPD SPD DIR MIN PSBL S-S WX SPD DR
================================================================================
1 79 47 63 5 2 0 0.00 M M 6.3 21 160 M M 0 32 160
2 82 54 68 9 0 3 0.00 M M 5.4 15 40 M M 0 22 50
3 76 51 64 5 1 0 0.00 M M 4.3 13 110 M M 0 21 100
4 63 49 56 -3 9 0 0.54 M M 4.6 20 70 M M 0 36 60
5 68 46 57 -3 8 0 0.00 M M 9.0 23 310 M M 0 42 320
6 62 42 52 -8 13 0 0.00 M M 2.6 8 300 M M 0 13 330
7 67 38 53 -7 12 0 0.27 M M 1.6 8 10 M M 0 16 200
8 59 38 49 -11 16 0 0.20 M M 6.0 15 300 M M 0 28 360
9 65 34 50 -11 15 0 0.00 M M 3.6 13 310 M M 0 23 330
10 60 41 51 -10 14 0 0.00 M M 7.8 18 320 M M 0 33 300
11 58 35 47 -14 18 0 0.00 M M 3.8 12 290 M M 0 18 310
12 58 45 52 -10 13 0 0.00 M M 3.9 14 120 M M 0 19 110
13 62 50 56 -6 9 0 0.00 M M 7.0 13 140 M M 0 21 150
14 82 62 72 10 0 7 2.73 M M 7.5 18 200 M M 0 28 190
15 74 60 67 4 0 2 0.02 M M 3.1 13 60 M M 0 18 50
16 76 60 68 5 0 3 0.00 M M 4.6 12 130 M M 0 19 130
17 69 57 63 0 2 0 0.17 M M 9.0 18 280 M M 0 38 300
18 62 55 59 -5 6 0 0.00 M M 6.1 14 310 M M 0 23 320
19 67 55 61 -3 4 0 0.00 M M 5.9 12 40 M M 0 18 10
20 69 59 64 0 1 0 0.07 M M 4.8 10 80 M M 0 16 110
21 69 59 64 -1 1 0 0.00 M M 4.9 10 120 M M 0 19 110
22 73 58 66 1 0 1 0.00 M M 6.6 16 110 M M 0 28 100
23 83 62 73 8 0 8 0.00 M M 4.9 12 230 M M 0 23 240
24 88 66 77 11 0 12 0.49 M M 3.5 13 190 M M 0 19 280
25 82 65 74 8 0 9 0.78 M M 3.9 22 210 M M 0 34 200
26 79 64 72 6 0 7 0.24 M M 8.0 18 200 M M 0 34 150
27 80 63 72 5 0 7 0.27 M M 1.4 7 60 M M 0 10 340
28 70 57 64 -3 1 0 1.85 M M 1.5 13 50 M M 0 20 350
29 78 56 67 0 0 2 0.00 M M 3.8 15 300 M M 0 22 310
30 74 52 63 -5 2 0 0.00 M M 2.0 9 40 M M 0 13 40
31 77 58 68 0 0 3 0.01 M M 3.5 12 130 M M 0 18 100
================================================================================
SM 2211 1638 147 64 7.64 M 150.9 M 0
================================================================================
AV 71.3 52.8 4.9 FASTST M M 0 MAX(MPH)
MISC ----> 23 310 42 320
================================================================================
NOTES:
# LAST OF SEVERAL OCCURRENCES
COLUMN 17 PEAK WIND IN M.P.H.
PRELIMINARY LOCAL CLIMATOLOGICAL DATA (WS FORM: F-6) , PAGE 2
STATION: CHILLICOTHE
MONTH: MAY
YEAR: 2020
LATITUDE: 39 49 N
LONGITUDE: 93 35 W
[TEMPERATURE DATA] [PRECIPITATION DATA] SYMBOLS USED IN COLUMN 16
AVERAGE MONTHLY: 62.1 TOTAL FOR MONTH: 7.64 1 = FOG OR MIST
DPTR FM NORMAL: -0.9 DPTR FM NORMAL: 2.52 2 = FOG REDUCING VISIBILITY
HIGHEST: 88 ON 24 GRTST 24HR 2.74 ON 14-15 TO 1/4 MILE OR LESS
LOWEST: 34 ON 9 3 = THUNDER
SNOW, ICE PELLETS, HAIL 4 = ICE PELLETS
TOTAL MONTH: M 5 = HAIL
GRTST 24HR M ON M 6 = FREEZING RAIN OR DRIZZLE
GRTST DEPTH: M ON M 7 = DUSTSTORM OR SANDSTORM:
VSBY 1/2 MILE OR LESS
8 = SMOKE OR HAZE
[NO. OF DAYS WITH] [WEATHER - DAYS WITH] 9 = BLOWING SNOW
X = TORNADO
MAX 32 OR BELOW: 0 0.01 INCH OR MORE: 13
MAX 90 OR ABOVE: 0 0.10 INCH OR MORE: 10
MIN 32 OR BELOW: 0 0.50 INCH OR MORE: 4
MIN 0 OR BELOW: 0 1.00 INCH OR MORE: 2
[HDD (BASE 65) ]
TOTAL THIS MO. 147 CLEAR (SCALE 0-3) 31
DPTR FM NORMAL 22 PTCLDY (SCALE 4-7) 0
TOTAL FM JUL 1 5158 CLOUDY (SCALE 8-10) 0
DPTR FM NORMAL -338
[CDD (BASE 65) ]
TOTAL THIS MO. 64
DPTR FM NORMAL -1 [PRESSURE DATA]
TOTAL FM JAN 1 67 HIGHEST SLP M ON M
DPTR FM NORMAL -12 LOWEST SLP 29.69 ON 14
[REMARKS]
#FINAL-05-20#