000
CXUS56 KEKA 011230
CF6CEC
PRELIMINARY LOCAL CLIMATOLOGICAL DATA (WS FORM: F-6)
STATION: CRESCENT CITY CA
MONTH: OCTOBER
YEAR: 2021
LATITUDE: 41 46 N
LONGITUDE: 124 14 W
TEMPERATURE IN F: :PCPN: SNOW: WIND :SUNSHINE: SKY :PK WND
================================================================================
1 2 3 4 5 6A 6B 7 8 9 10 11 12 13 14 15 16 17 18
12Z AVG MX 2MIN
DY MAX MIN AVG DEP HDD CDD WTR SNW DPTH SPD SPD DIR MIN PSBL S-S WX SPD DR
================================================================================
1 61 49 55 -1 10 0 0.00 M M 5.4 18 340 M M 4 28 29 340
2 67 45 56 0 9 0 0.00 M M 5.2 14 340 M M 5 28 20 330
3 57 50 54 -2 11 0 0.00 M M 3.7 9 190 M M 10 2 14 220
4 55 49 52 -4 13 0 0.00 M M 4.2 10 150 M M 10 2 14 160
5 59 49 54 -2 11 0 0.23 M M 6.4 12 350 M M 9 28 20 340
6 58 40 49 -7 16 0 0.00 M M 11.1 26 330 M M 0 18 42 320
7 58 42 50 -6 15 0 0.00 M M 7.0 18 150 M M 1 18 28 150
8 58 48 53 -3 12 0 0.02 M M 5.1 14 200 M M 6 18 21 140
9 59 41 50 -6 15 0 0.00 M M 3.9 10 340 M M 1 18 14 320
10 59 43 51 -4 14 0 0.02 M M 11.3 28 330 M M 4 18 43 320
11 56 42 49 -6 16 0 0.00 M M 13.1 26 330 M M 1 18 40 330
12 57 39 48 -7 17 0 T M 0 5.2 12 180 M M 5 18 17 150
13 57 43 50 -5 15 0 T M M 10.0 23 320 M M 3 18 32 330
14 58 41 50 -5 15 0 0.00 M M 4.9 10 330 M M 2 28 17 360
15 60 42 51 -4 14 0 0.00 M 0 2.0 10 310 M M 1 28 13 310
16 61 41 51 -4 14 0 0.00 M 0 2.7 10 330 M M 0 18 14 330
17 59 48 54 -1 11 0 0.73 M M 8.9 23 210 M M 6 18 33 220
18 55 42 49 -6 16 0 0.00 0.0 M 3.9 10 190 M M 3 18 14 190
19 61 42 52 -2 13 0 0.28 0.0 M 13.7 31 170 M M 4 18 44 170
20 60 50 55 1 10 0 0.24 0.0 M 10.5 29 190 M M 5 18 41 190
21 66 50 58 4 7 0 3.37 0.0 M 14.5 30 190 M M 8 18 42 200
22 58 53 56 2 9 0 0.22 0.0 M 12.4 17 170 M M 9 18 24 180
23 58 53 56 2 9 0 0.61 0.0 M 13.1 26 150 M M 10 18 35 160
24 62 52 57 3 8 0 0.42 0.0 M 23.5 39 150 M M 10 138 55 180
25 58 50 54 0 11 0 1.09 M M 13.4 26 180 M M 10 18 33 200
26 58 52 55 1 10 0 0.48 M M 18.2 25 180 M M 10 18 36 180
27 62 54 58 4 7 0 0.06 M M 5.4 16 160 M M 10 28 22 160
28 69 52 61 7 4 0 0.00 M M 3.6 9 320 M M 5 28 11 310
29 61 55 58 5 7 0 0.19 M M 3.7 12 180 M M 10 2 14 170
30 62 54 58 5 7 0 0.02 M M 7.6 14 170 M M 8 18 18 170
31 59 54 57 4 8 0 0.11 M M 5.9 12 150 M M 10 18 16 150
================================================================================
SM 1848 1465 354 0 8.09 0.0 259.5 M 180
================================================================================
AV 59.6 47.3 8.4 FASTST M M 6 MAX(MPH)
MISC ----> 39 150 55 180
================================================================================
NOTES:
# LAST OF SEVERAL OCCURRENCES
COLUMN 17 PEAK WIND IN M.P.H.
PRELIMINARY LOCAL CLIMATOLOGICAL DATA (WS FORM: F-6) , PAGE 2
STATION: CRESCENT CITY CA
MONTH: OCTOBER
YEAR: 2021
LATITUDE: 41 46 N
LONGITUDE: 124 14 W
[TEMPERATURE DATA] [PRECIPITATION DATA] SYMBOLS USED IN COLUMN 16
AVERAGE MONTHLY: 53.4 TOTAL FOR MONTH: 8.09 1 = FOG OR MIST
DPTR FM NORMAL: -1.4 DPTR FM NORMAL: 4.02 2 = FOG REDUCING VISIBILITY
HIGHEST: 69 ON 28 GRTST 24HR 3.57 ON 21-22 TO 1/4 MILE OR LESS
LOWEST: 39 ON 12 3 = THUNDER
SNOW, ICE PELLETS, HAIL 4 = ICE PELLETS
TOTAL MONTH: 0.0 INCH 5 = HAIL
GRTST 24HR 0.0 6 = FREEZING RAIN OR DRIZZLE
GRTST DEPTH: 0 7 = DUSTSTORM OR SANDSTORM:
VSBY 1/2 MILE OR LESS
8 = SMOKE OR HAZE
[NO. OF DAYS WITH] [WEATHER - DAYS WITH] 9 = BLOWING SNOW
X = TORNADO
MAX 32 OR BELOW: 0 0.01 INCH OR MORE: 16
MAX 90 OR ABOVE: 0 0.10 INCH OR MORE: 12
MIN 32 OR BELOW: 0 0.50 INCH OR MORE: 4
MIN 0 OR BELOW: 0 1.00 INCH OR MORE: 2
[HDD (BASE 65) ]
TOTAL THIS MO. 354 CLEAR (SCALE 0-3) 9
DPTR FM NORMAL 36 PTCLDY (SCALE 4-7) 9
TOTAL FM JUL 1 1076 CLOUDY (SCALE 8-10) 13
DPTR FM NORMAL 86
[CDD (BASE 65) ]
TOTAL THIS MO. 0
DPTR FM NORMAL -1 [PRESSURE DATA]
TOTAL FM JAN 1 3 HIGHEST SLP 30.37 ON 27
DPTR FM NORMAL 0 LOWEST SLP 29.19 ON 24
[REMARKS]
#FINAL-10-21#