000
CXUS55 KGJT 010910
CF6CEZ
PRELIMINARY LOCAL CLIMATOLOGICAL DATA (WS FORM: F-6)
STATION: CORTEZ CO
MONTH: MARCH
YEAR: 2023
LATITUDE: 37 17 N
LONGITUDE: 108 38 W
TEMPERATURE IN F: :PCPN: SNOW: WIND :SUNSHINE: SKY :PK WND
================================================================================
1 2 3 4 5 6A 6B 7 8 9 10 11 12 13 14 15 16 17 18
12Z AVG MX 2MIN
DY MAX MIN AVG DEP HDD CDD WTR SNW DPTH SPD SPD DIR MIN PSBL S-S WX SPD DR
================================================================================
1 40 28 34 -3 31 0 0.16 M M 5.9 23 180 M M 9 12 32 180
2 42 19 31 -6 34 0 0.00 M M 7.7 21 310 M M 2 28 300
3 43 19 31 -6 34 0 0.00 M M 5.7 17 280 M M 3 22 290
4 48 21 35 -3 30 0 0.00 M M 4.3 17 160 M M 2 25 130
5 51 26 39 1 26 0 0.00 M M 9.2 32 210 M M 0 40 210
6 59 27 43 5 22 0 0.00 M M 6.6 24 210 M M 0 31 200
7 56 29 43 5 22 0 0.00 M M 6.2 21 200 M M 0 27 210
8 57 24 41 2 24 0 0.00 M M 7.7 24 200 M M 0 32 210
9 51 23 37 -2 28 0 0.00 M M 4.2 13 50 M M 0 19 40
10 47 27 37 -2 28 0 0.15 M M 4.1 16 170 M M 8 1 23 160
11 47 35 41 2 24 0 0.17 M M 7.0 23 200 M M 10 1 28 180
12 48 33 41 1 24 0 0.39 M M 5.1 24 310 M M 9 13 33 300
13 46 29 38 -2 27 0 0.01 M M 3.1 15 230 M M 4 12 22 240
14 55 25 40 0 25 0 0.00 M M 3.4 16 200 M M 4 21 200
15 47 36 42 2 23 0 0.79 M M 4.5 31 280 M M 10 13 40 290
16 45 28 37 -4 28 0 T M M 8.6 24 290 M M 5 1 36 290
17 43 21 32 -9 33 0 0.00 M M 3.6 16 300 M M 1 22 300
18 47 20 34 -7 31 0 0.00 M M 3.9 14 200 M M 3 19 180
19 48 29 39 -2 26 0 0.07 M M 8.4 22 130 M M 3 1 28 140
20 42 32 37 -4 28 0 0.48 M M 6.5 21 230 M M 10 1 31 240
21 39 30 35 -7 30 0 0.58 M M 3.1 13 350 M M 10 12 23 360
22 45 29 37 -5 28 0 0.45 M M 15.3 31 210 M M 8 1 42 230
23 43 24 34 -8 31 0 0.01 M M 4.4 22 170 M M 4 18 28 170
24 44 27 36 -6 29 0 0.13 M M 5.1 29 210 M M 9 128 41 220
25 36 12 24 -18 41 0 0.00 M M 5.8 17 260 M M 3 27 270
26 42 17 30 -13 35 0 0.01 M M 6.7 20 210 M M 6 1 30 260
27 38 19 29 -14 36 0 0.01 M M 6.9 18 310 M M 3 1 29 340
28 53 13 33 -10 32 0 0.00 M M 4.3 16 140 M M 1 30 140
29 64 26 45 2 20 0 0.00 M M 7.7 21 150 M M 0 35 180
30 54 30 42 -1 23 0 0.03 M M 17.3 43 200 M M 6 12 54 210
31 48 26 37 -7 28 0 T M M 8.3 18 290 M M 5 27 300
================================================================================
SM 1468 784 881 0 3.44 M 200.6 M 138
================================================================================
AV 47.4 25.3 6.5 FASTST M M 4 MAX(MPH)
MISC ----> 43 200 54 210
================================================================================
NOTES:
# LAST OF SEVERAL OCCURRENCES
COLUMN 17 PEAK WIND IN M.P.H.
PRELIMINARY LOCAL CLIMATOLOGICAL DATA (WS FORM: F-6) , PAGE 2
STATION: CORTEZ CO
MONTH: MARCH
YEAR: 2023
LATITUDE: 37 17 N
LONGITUDE: 108 38 W
[TEMPERATURE DATA] [PRECIPITATION DATA] SYMBOLS USED IN COLUMN 16
AVERAGE MONTHLY: 36.3 TOTAL FOR MONTH: 3.44 1 = FOG OR MIST
DPTR FM NORMAL: -4.1 DPTR FM NORMAL: 2.60 2 = FOG REDUCING VISIBILITY
HIGHEST: 64 ON 29 GRTST 24HR 0.79 ON 15-15 TO 1/4 MILE OR LESS
LOWEST: 12 ON 25 3 = THUNDER
SNOW, ICE PELLETS, HAIL 4 = ICE PELLETS
TOTAL MONTH: M 5 = HAIL
GRTST 24HR M ON M 6 = FREEZING RAIN OR DRIZZLE
GRTST DEPTH: M ON M 7 = DUSTSTORM OR SANDSTORM:
VSBY 1/2 MILE OR LESS
8 = SMOKE OR HAZE
[NO. OF DAYS WITH] [WEATHER - DAYS WITH] 9 = BLOWING SNOW
X = TORNADO
MAX 32 OR BELOW: 0 0.01 INCH OR MORE: 15
MAX 90 OR ABOVE: 0 0.10 INCH OR MORE: 9
MIN 32 OR BELOW: 28 0.50 INCH OR MORE: 2
MIN 0 OR BELOW: 0 1.00 INCH OR MORE: 0
[HDD (BASE 65) ]
TOTAL THIS MO. 881 CLEAR (SCALE 0-3) 13
DPTR FM NORMAL 118 PTCLDY (SCALE 4-7) 10
TOTAL FM JUL 1 5622 CLOUDY (SCALE 8-10) 8
DPTR FM NORMAL 208
[CDD (BASE 65) ]
TOTAL THIS MO. 0
DPTR FM NORMAL 0 [PRESSURE DATA]
TOTAL FM JAN 1 0 HIGHEST SLP M ON M
DPTR FM NORMAL 0 LOWEST SLP 29.54 ON 30
[REMARKS]
#FINAL-03-23#