031
CXUS55 KPAH 010800
CF6CGI
PRELIMINARY LOCAL CLIMATOLOGICAL DATA (WS FORM: F-6)
STATION: CAPE GIRARDEAU MO
MONTH: OCTOBER
YEAR: 2020
LATITUDE: 37 13 N
LONGITUDE: 89 35 W
TEMPERATURE IN F: :PCPN: SNOW: WIND :SUNSHINE: SKY :PK WND
================================================================================
1 2 3 4 5 6A 6B 7 8 9 10 11 12 13 14 15 16 17 18
12Z AVG MX 2MIN
DY MAX MIN AVG DEP HDD CDD WTR SNW DPTH SPD SPD DIR MIN PSBL S-S WX SPD DR
================================================================================
1 73 41 57 -6 8 0 0.00 M M 6.5 23 300 M M 1 18 33 310
2 65 36 51 -11 14 0 0.00 M M 3.1 10 280 M M 2 1 16 330
3 67 38 53 -9 12 0 T M M 3.8 13 180 M M 7 12 19 200
4 65 35 50 -12 15 0 0.00 M M 7.1 23 360 M M 3 12 30 360
5 68 31 50 -11 15 0 0.00 M M 1.5 9 90 M M 2 128 12 140
6 78 36 57 -4 8 0 0.00 M M 4.5 13 240 M M 0 18 18 260
7 86 45 66 6 0 1 0.00 M M 3.2 13 220 M M 0 18 18 190
8 80 50 65 5 0 0 0.00 M M 1.9 8 140 M M 3 128 10 120
9 81 50 66 6 0 1 0.00 M M 4.6 18 170 M M 4 128 25 160
10 78 61 70 10 0 5 0.00 M M 7.0 17 30 M M 5 1 23 40
11 84 58 71 12 0 6 0.00 M M 4.5 13 40 M M 2 1 17 30
12 80 42 61 2 4 0 0.01 M M 8.1 25 330 M M 4 1 31 320
13 76 36 56 -3 9 0 0.00 M M 3.0 13 250 M M 0 18 18 240
14 82 39 61 3 4 0 0.00 M M 9.1 23 200 M M 0 1 33 190
15 64 49 57 -1 8 0 0.11 M M 5.2 18 340 M M 6 1 23 330
16 65 31 48 -10 17 0 0.00 M M 3.6 17 280 M M 0 1 28 270
17 70 34 52 -5 13 0 0.00 M M 7.4 21 170 M M 2 29 160
18 69 53 61 4 4 0 0.03 M M 7.9 14 180 M M 9 1 23 180
19 53 48 51 -6 14 0 1.49 M M 7.1 17 360 M M 10 13 21 360
20 62 52 57 1 8 0 0.42 M M 3.5 9 90 M M 10 123 13 60
21 82 54 68 12 0 3 0.00 M M 3.5 10 210 M M 3 12 15 170
22 84 58 71 15 0 6 0.00 M M 7.8 17 210 M M 1 1 26 210
23 82 46 64 8 1 0 0.74 M M 13.2 33 260 M M 7 138 66 270
24 50 45 48 -7 17 0 0.00 M M 10.8 21 30 M M 10 28 20
25 56 49 53 -2 12 0 0.00 M M 6.9 12 10 M M 10 16 40
26 53 43 48 -7 17 0 0.23 M M 9.6 17 20 M M 10 1 24 20
27 46 42 44 -10 21 0 0.36 M M 8.2 14 360 M M 10 1 19 20
28 54 45 50 -4 15 0 1.85 M M 9.1 16 50 M M 10 18 23 50
29 54 42 48 -6 17 0 1.43 M M 13.2 22 330 M M 9 18 30 360
30 56 35 46 -7 19 0 0.00 M M 3.1 12 330 M M 0 15 320
31 64 35 50 -3 15 0 0.00 M M 5.4 12 160 M M 0 1 17 190
================================================================================
SM 2127 1359 287 22 6.67 M 193.4 M 140
================================================================================
AV 68.6 43.8 6.2 FASTST M M 5 MAX(MPH)
MISC ----> 33 260 66 270
================================================================================
NOTES:
# LAST OF SEVERAL OCCURRENCES
COLUMN 17 PEAK WIND IN M.P.H.
PRELIMINARY LOCAL CLIMATOLOGICAL DATA (WS FORM: F-6) , PAGE 2
STATION: CAPE GIRARDEAU MO
MONTH: OCTOBER
YEAR: 2020
LATITUDE: 37 13 N
LONGITUDE: 89 35 W
[TEMPERATURE DATA] [PRECIPITATION DATA] SYMBOLS USED IN COLUMN 16
AVERAGE MONTHLY: 56.2 TOTAL FOR MONTH: 6.67 1 = FOG OR MIST
DPTR FM NORMAL: -1.5 DPTR FM NORMAL: 2.88 2 = FOG REDUCING VISIBILITY
HIGHEST: 86 ON 7 GRTST 24HR 3.21 ON 28-29 TO 1/4 MILE OR LESS
LOWEST: 31 ON 16, 5 3 = THUNDER
SNOW, ICE PELLETS, HAIL 4 = ICE PELLETS
TOTAL MONTH: M 5 = HAIL
GRTST 24HR M ON M 6 = FREEZING RAIN OR DRIZZLE
GRTST DEPTH: M ON M 7 = DUSTSTORM OR SANDSTORM:
VSBY 1/2 MILE OR LESS
8 = SMOKE OR HAZE
[NO. OF DAYS WITH] [WEATHER - DAYS WITH] 9 = BLOWING SNOW
X = TORNADO
MAX 32 OR BELOW: 0 0.01 INCH OR MORE: 10
MAX 90 OR ABOVE: 0 0.10 INCH OR MORE: 8
MIN 32 OR BELOW: 2 0.50 INCH OR MORE: 4
MIN 0 OR BELOW: 0 1.00 INCH OR MORE: 3
[HDD (BASE 65) ]
TOTAL THIS MO. 287 CLEAR (SCALE 0-3) 15
DPTR FM NORMAL 33 PTCLDY (SCALE 4-7) 7
TOTAL FM JUL 1 325 CLOUDY (SCALE 8-10) 9
DPTR FM NORMAL 20
[CDD (BASE 65) ]
TOTAL THIS MO. 22
DPTR FM NORMAL -7 [PRESSURE DATA]
TOTAL FM JAN 1 1490 HIGHEST SLP M ON M
DPTR FM NORMAL 39 LOWEST SLP 29.55 ON 29
[REMARKS]
#FINAL-10-20#