000
CXUS51 KLWX 010815
CF6CHO
PRELIMINARY LOCAL CLIMATOLOGICAL DATA (WS FORM: F-6)
STATION: CHARLOTTESVILLE VA
MONTH: AUGUST
YEAR: 2022
LATITUDE: 38 7 N
LONGITUDE: 78 27 W
TEMPERATURE IN F: :PCPN: SNOW: WIND :SUNSHINE: SKY :PK WND
================================================================================
1 2 3 4 5 6A 6B 7 8 9 10 11 12 13 14 15 16 17 18
12Z AVG MX 2MIN
DY MAX MIN AVG DEP HDD CDD WTR SNW DPTH SPD SPD DIR MIN PSBL S-S WX SPD DR
================================================================================
1 89 70 80 2 0 15 0.04 M M 3.4 13 180 M M 6 128 16 200
2 92 73 83 5 0 18 0.00 M M 2.1 10 200 M M 2 13 190
3 91 68 80 2 0 15 0.00 M M 2.6 13 160 M M 0 1 15 170
4 84 72 78 0 0 13 0.00 M M 1.4 6 250 M M 0 M M
5 M M M M M M 0.00 M M M M M M M M M M
6 90 71 81 3 0 16 T M M 6.4 16 180 M M M 21 190
7 91 71 81 3 0 16 0.00 M M 4.7 14 160 M M M 18 190
8 94 73 84 6 0 19 0.26 M M 3.9 22 320 M M 0 3 30 310
9 95 72 84 6 0 19 T M M 4.0 21 360 M M 1 29 360
10 94 72 83 5 0 18 0.00 M M 2.3 10 290 M M 0 17 290
11 M M M M M M 0.00 M M M M M M M 2 M M
12 84 60 72 -6 0 7 T M M 4.2 14 40 M M M 20 30
13 82 56 69 -8 0 4 0.00 M M 2.7 14 40 M M 0 19 30
14 83 64 74 -3 0 9 0.12 M M 2.8 13 220 M M M 1 20 200
15 69 64 67 -10 0 2 0.19 M M 3.2 9 130 M M 10 1 12 190
16 75 63 69 -8 0 4 0.33 M M 1.9 10 20 M M 9 1 13 20
17 83 64 74 -3 0 9 0.00 M M 2.3 10 20 M M 3 13 20
18 87 60 74 -3 0 9 0.23 M M 2.7 10 70 M M 2 13 17 160
19 85 63 74 -3 0 9 0.33 M M 1.0 8 30 M M 4 128 12 200
20 86 66 76 0 0 11 0.00 M M 2.4 9 160 M M 8 128 12 210
21 79 70 75 -1 0 10 1.74 M M 2.5 16 150 M M 6 18 20 50
22 88 69 79 3 0 14 T M M 3.6 18 320 M M 6 12 14 200
23 89 65 77 1 0 12 0.00 M M 1.8 9 350 M M 1 1 12 320
24 88 65 77 1 0 12 0.00 M M 1.2 8 190 M M 1 1 10 180
25 88 67 78 2 0 13 0.00 M M 2.8 10 170 M M 3 1 13 160
26 90 70 80 4 0 15 T M M 3.0 10 340 M M 3 12 14 350
27 89 68 79 3 0 14 0.00 M M 1.9 8 120 M M 1 1 11 100
28 91 68 80 5 0 15 0.00 M M 1.9 9 120 M M 2 1 13 150
29 91 70 81 6 0 16 0.00 M M 1.9 13 130 M M 1 1 17 140
30 93 70 82 7 0 17 0.16 M M 4.2 17 200 M M 1 12 25 270
31 86 64 75 0 0 10 0.00 M M 2.5 10 200 M M 1 1 15 190
================================================================================
SM 2526 1948 0 361 3.40 M 81.3 M 73
================================================================================
AV 87.1 67.2 2.8 FASTST M M 3 MAX(MPH)
MISC ----> 22 320 30 310
================================================================================
NOTES:
# LAST OF SEVERAL OCCURRENCES
COLUMN 17 PEAK WIND IN M.P.H.
PRELIMINARY LOCAL CLIMATOLOGICAL DATA (WS FORM: F-6) , PAGE 2
STATION: CHARLOTTESVILLE VA
MONTH: AUGUST
YEAR: 2022
LATITUDE: 38 7 N
LONGITUDE: 78 27 W
[TEMPERATURE DATA] [PRECIPITATION DATA] SYMBOLS USED IN COLUMN 16
AVERAGE MONTHLY: 77.1 TOTAL FOR MONTH: 3.40 1 = FOG OR MIST
DPTR FM NORMAL: 0.2 DPTR FM NORMAL: -0.47 2 = FOG REDUCING VISIBILITY
HIGHEST: 95 ON 9 GRTST 24HR 1.74 ON 21-21 TO 1/4 MILE OR LESS
LOWEST: 56 ON 13 3 = THUNDER
SNOW, ICE PELLETS, HAIL 4 = ICE PELLETS
TOTAL MONTH: M 5 = HAIL
GRTST 24HR M ON M 6 = FREEZING RAIN OR DRIZZLE
GRTST DEPTH: M ON M 7 = DUSTSTORM OR SANDSTORM:
VSBY 1/2 MILE OR LESS
8 = SMOKE OR HAZE
[NO. OF DAYS WITH] [WEATHER - DAYS WITH] 9 = BLOWING SNOW
X = TORNADO
MAX 32 OR BELOW: 0 0.01 INCH OR MORE: 9
MAX 90 OR ABOVE: 11 0.10 INCH OR MORE: 8
MIN 32 OR BELOW: 0 0.50 INCH OR MORE: 1
MIN 0 OR BELOW: 0 1.00 INCH OR MORE: 1
[HDD (BASE 65) ]
TOTAL THIS MO. 0 CLEAR (SCALE 0-3) 18
DPTR FM NORMAL -1 PTCLDY (SCALE 4-7) 6
TOTAL FM JUL 1 0 CLOUDY (SCALE 8-10) 7
DPTR FM NORMAL 0
[CDD (BASE 65) ]
TOTAL THIS MO. 361
DPTR FM NORMAL -9 [PRESSURE DATA]
TOTAL FM JAN 1 1312 HIGHEST SLP 30.26 ON 6
DPTR FM NORMAL 41 LOWEST SLP 29.79 ON 22
[REMARKS]
#FINAL-08-22#