000
CXUS55 KDVN 011100
CF6CID
PRELIMINARY LOCAL CLIMATOLOGICAL DATA (WS FORM: F-6)
STATION: CEDAR RAPIDS IA
MONTH: JANUARY
YEAR: 2022
LATITUDE: 41 52 N
LONGITUDE: 91 42 W
TEMPERATURE IN F: :PCPN: SNOW: WIND :SUNSHINE: SKY :PK WND
================================================================================
1 2 3 4 5 6A 6B 7 8 9 10 11 12 13 14 15 16 17 18
12Z AVG MX 2MIN
DY MAX MIN AVG DEP HDD CDD WTR SNW DPTH SPD SPD DIR MIN PSBL S-S WX SPD DR
================================================================================
1 21 3 12 -9 53 0 0.06 M M 18.6 26 10 M M 10 12 34 10
2 3 -13 -5 -26 70 0 T M M 8.9 18 340 M M 1 1 23 330
3 21 -12 5 -16 60 0 0.00 M M 9.0 16 180 M M 0 22 170
4 32 18 25 5 40 0 0.00 M M 15.5 40 290 M M 0 19 52 290
5 21 0 11 -9 54 0 T M M 27.4 40 290 M M 5 189 50 280
6 0 -11 -5 -25 70 0 0.00 M M 17.6 28 300 M M 1 34 310
7 7 -12 -2 -22 67 0 0.00 M M 8.9 17 150 M M 3 23 130
8 28 7 18 -2 47 0 T M M 11.6 21 150 M M 7 16 29 160
9 28 2 15 -5 50 0 0.00 M M 14.2 32 320 M M 2 1 40 310
10 13 -1 6 -14 59 0 0.00 M M 6.8 16 330 M M 1 21 340
11 39 -2 19 -1 46 0 0.00 M M 13.8 28 190 M M 0 35 180
12 40 25 33 14 32 0 0.00 M M 5.9 10 320 M M 2 14 300
13 40 22 31 12 34 0 0.00 M M 6.4 18 10 M M 3 1 23 350
14 32 18 25 6 40 0 0.50 M M 15.5 31 70 M M 10 12 40 80
15 18 8 13 -6 52 0 0.06 M M 12.4 26 50 M M 6 1 34 40
16 25 10 18 -1 47 0 0.00 M M 9.1 20 330 M M 9 1 29 320
17 26 12 19 0 46 0 0.00 M M 10.8 20 300 M M 6 24 300
18 37 23 30 11 35 0 0.00 M M 13.9 31 310 M M 3 39 310
19 24 -2 11 -8 54 0 0.00 M M 19.9 30 310 M M 0 40 300
20 1 -10 -4 -23 69 0 0.00 M M 8.7 17 330 M M 0 23 320
21 14 -15 0 -19 65 0 T M M 9.6 18 200 M M 1 1 24 170
22 33 14 24 5 41 0 T M M 13.1 29 300 M M 6 18 35 310
23 37 5 21 2 44 0 T M M 11.2 25 350 M M 6 18 36 280
24 26 -2 12 -7 53 0 T M M 13.5 28 320 M M 7 18 34 330
25 2 -10 -4 -23 69 0 0.00 M M 10.5 16 300 M M 0 19 290
26 17 -15 1 -18 64 0 0.00 M M 10.7 22 180 M M 0 28 190
27 33 11 22 3 43 0 0.00 M M 12.9 21 200 M M 6 31 200
28 14 -1 7 -13 58 0 0.00 M M 7.1 13 310 M M 1 8 17 350
29 28 -1 14 -6 51 0 0.00 M M 9.3 22 180 M M 1 26 180
30 22 10 16 -4 49 0 0.00 M M 9.8 21 320 M M 4 18 26 310
31 35 7 21 1 44 0 0.00 M M 13.5 23 150 M M 0 1 31 160
================================================================================
SM 717 88 1606 0 0.62 M 376.1 M 101
================================================================================
AV 23.1 2.8 12.1 FASTST M M 3 MAX(MPH)
MISC ----> # 40 290 52 290
================================================================================
NOTES:
# LAST OF SEVERAL OCCURRENCES
COLUMN 17 PEAK WIND IN M.P.H.
PRELIMINARY LOCAL CLIMATOLOGICAL DATA (WS FORM: F-6) , PAGE 2
STATION: CEDAR RAPIDS IA
MONTH: JANUARY
YEAR: 2022
LATITUDE: 41 52 N
LONGITUDE: 91 42 W
[TEMPERATURE DATA] [PRECIPITATION DATA] SYMBOLS USED IN COLUMN 16
AVERAGE MONTHLY: 13.0 TOTAL FOR MONTH: 0.62 1 = FOG OR MIST
DPTR FM NORMAL: -6.6 DPTR FM NORMAL: -0.33 2 = FOG REDUCING VISIBILITY
HIGHEST: 40 ON 13,12 GRTST 24HR 0.50 ON 14-14 TO 1/4 MILE OR LESS
LOWEST: -15 ON 26,21 3 = THUNDER
SNOW, ICE PELLETS, HAIL 4 = ICE PELLETS
TOTAL MONTH: M 5 = HAIL
GRTST 24HR M ON M 6 = FREEZING RAIN OR DRIZZLE
GRTST DEPTH: M ON M 7 = DUSTSTORM OR SANDSTORM:
VSBY 1/2 MILE OR LESS
8 = SMOKE OR HAZE
[NO. OF DAYS WITH] [WEATHER - DAYS WITH] 9 = BLOWING SNOW
X = TORNADO
MAX 32 OR BELOW: 23 0.01 INCH OR MORE: 3
MAX 90 OR ABOVE: 0 0.10 INCH OR MORE: 1
MIN 32 OR BELOW: 31 0.50 INCH OR MORE: 1
MIN 0 OR BELOW: 15 1.00 INCH OR MORE: 0
[HDD (BASE 65) ]
TOTAL THIS MO. 1606 CLEAR (SCALE 0-3) 19
DPTR FM NORMAL 199 PTCLDY (SCALE 4-7) 9
TOTAL FM JUL 1 3818 CLOUDY (SCALE 8-10) 3
DPTR FM NORMAL -267
[CDD (BASE 65) ]
TOTAL THIS MO. 0
DPTR FM NORMAL 0 [PRESSURE DATA]
TOTAL FM JAN 1 0 HIGHEST SLP 30.75 ON 20
DPTR FM NORMAL 0 LOWEST SLP 29.50 ON 4
[REMARKS]
#FINAL-01-22#