000
CXUS53 KDVN 011358
CLMCID
CLIMATE REPORT
NATIONAL WEATHER SERVICE QUAD CITIES IA IL
858 AM CDT WED NOV 01 2023
...................................
...THE CEDAR RAPIDS IA CLIMATE SUMMARY FOR THE MONTH OF OCTOBER 2023...
CLIMATE NORMAL PERIOD 1991 TO 2020
CLIMATE RECORD PERIOD 1891 TO 2023
WEATHER OBSERVED NORMAL DEPART LAST YEAR`S
VALUE DATE(S) VALUE FROM VALUE
NORMAL
..............................................................
TEMPERATURE (F)
RECORD
HIGH 94 10/03/1997
LOW -2 10/30/1925
HIGHEST 91 10/01 68 23
LOWEST 22 10/30 35 -13
AVG. MAXIMUM 64.2 61.5 2.7
AVG. MINIMUM 43.1 39.9 3.2
MEAN 53.7 50.7 3.0
DAYS MAX >= 90 1
DAYS MAX <= 32 0
DAYS MIN <= 32 5
DAYS MIN <= 0 0
PRECIPITATION (INCHES)
TOTALS 2.96 2.91 0.05
DAILY AVG. 0.10 0.09 0.01
DAYS >= .01 11
DAYS >= .10 4
DAYS >= .50 3
DAYS >= 1.00 1
GREATEST
24 HR. TOTAL 1.27 10/13 TO 10/14
DEGREE DAYS
HEATING TOTAL 385 453 -68
SINCE 7/1 412 599 -187
COOLING TOTAL 41 10 31
SINCE 1/1 974 756 218
..............................................................
WIND (MPH)
AVERAGE WIND SPEED 10.8
HIGHEST WIND SPEED/DIRECTION 37/300 DATE 10/31
HIGHEST GUST SPEED/DIRECTION 52/290 DATE 10/31
SKY COVER
AVERAGE SKY COVER 0.45
NUMBER OF DAYS FAIR 16
NUMBER OF DAYS PC 6
NUMBER OF DAYS CLOUDY 9
AVERAGE RH (PERCENT) 70
WEATHER CONDITIONS. NUMBER OF DAYS WITH
THUNDERSTORM 4 HAIL 1
SLEET 0 FOG 13
FOG W/VIS <= 1/4 MILE 0 HAZE 5
- INDICATES NEGATIVE NUMBERS.
R INDICATES RECORD WAS SET OR TIED.
MM INDICATES DATA IS MISSING.
T INDICATES TRACE AMOUNT.
$$