000
CXUS55 KOHX 061336
CF6CKV
PRELIMINARY LOCAL CLIMATOLOGICAL DATA (WS FORM: F-6)
STATION: CLARKSVILLE
MONTH: JANUARY
YEAR: 2023
LATITUDE: 36 37 N
LONGITUDE: 87 25 W
TEMPERATURE IN F: :PCPN: SNOW: WIND :SUNSHINE: SKY :PK WND
================================================================================
1 2 3 4 5 6A 6B 7 8 9 10 11 12 13 14 15 16 17 18
12Z AVG MX 2MIN
DY MAX MIN AVG DEP HDD CDD WTR SNW DPTH SPD SPD DIR MIN PSBL S-S WX SPD DR
================================================================================
1 71 40 56 19 9 0 0.00 M M 4.5 12 150 M M 5 12 16 140
2 75 55 65 28 0 0 0.42 M M 7.5 17 210 M M 8 13 26 200
3 70 60 65 28 0 0 2.03 M M 10.1 30 220 M M 8 13 49 220
4 65 40 53 16 12 0 0.00 M M 8.8 21 240 M M 1 36 240
5 54 34 44 7 21 0 0.00 M M 9.2 23 250 M M 2 34 260
6 54 29 42 5 23 0 0.00 M M 3.7 14 210 M M 1 17 220
7 53 43 48 11 17 0 T M M 6.1 13 140 M M 10 8 16 130
8 52 37 45 8 20 0 0.00 M M 7.1 17 320 M M 10 18 21 320
9 53 30 42 5 23 0 0.00 M M 2.6 10 330 M M 2 18 14 330
10 62 32 47 10 18 0 0.00 M M 5.3 14 260 M M 0 18 250
11 68 49 59 22 6 0 0.00 M M 7.3 17 200 M M 7 18 24 210
12 67 39 53 16 12 0 0.35 M M 14.8 30 320 M M 9 138 42 330
13 39 33 36 -1 29 0 T M M 14.4 21 340 M M 10 8 29 320
14 40 28 34 -3 31 0 0.00 M M 6.0 18 340 M M 6 23 320
15 53 25 39 2 26 0 0.00 M M 6.1 14 150 M M 0 8 18 150
16 59 39 49 12 16 0 0.22 M M 11.0 20 200 M M 7 3 28 180
17 69 46 58 21 7 0 T M M 6.4 17 200 M M 4 24 200
18 69 42 56 19 9 0 0.70 M M 8.5 29 190 M M 6 1 41 190
19 65 40 53 16 12 0 0.01 M M 13.2 31 280 M M 3 44 260
20 46 28 37 0 28 0 0.00 M M 7.5 16 330 M M 5 22 350
21 48 23 36 -1 29 0 0.00 M M 3.9 10 90 M M 1 18 15 110
22 44 38 41 4 24 0 0.39 M M 5.5 16 320 M M 10 18 23 340
23 47 28 38 1 27 0 0.00 M M 5.2 14 320 M M 5 18 18 330
24 50 24 37 0 28 0 0.30 M M 5.3 24 110 M M 3 128 36 110
25 50 37 44 7 21 0 0.10 M M 11.8 25 230 M M 10 18 43 250
26 39 29 34 -3 31 0 0.01 M M 9.2 18 270 M M 8 8 29 290
27 57 27 42 5 23 0 0.00 M M 10.2 23 230 M M 2 37 250
28 60 39 50 13 15 0 0.06 M M 11.5 24 200 M M 5 32 200
29 52 44 48 10 17 0 0.58 M M 7.0 23 180 M M 10 18 34 180
30 44 32 38 0 27 0 0.07 M M 8.6 17 340 M M 10 168 22 10
31 33 25 29 -9 36 0 0.18 M M 10.5 21 360 M M 10 168 27 360
================================================================================
SM 1708 1115 597 0 5.42 M 248.8 M 178
================================================================================
AV 55.1 36.0 8.0 FASTST M M 6 MAX(MPH)
MISC ----> 31 280 49 220
================================================================================
NOTES:
# LAST OF SEVERAL OCCURRENCES
COLUMN 17 PEAK WIND IN M.P.H.
PRELIMINARY LOCAL CLIMATOLOGICAL DATA (WS FORM: F-6) , PAGE 2
STATION: CLARKSVILLE
MONTH: JANUARY
YEAR: 2023
LATITUDE: 36 37 N
LONGITUDE: 87 25 W
[TEMPERATURE DATA] [PRECIPITATION DATA] SYMBOLS USED IN COLUMN 16
AVERAGE MONTHLY: 45.5 TOTAL FOR MONTH: 5.42 1 = FOG OR MIST
DPTR FM NORMAL: 8.5 DPTR FM NORMAL: 2.14 2 = FOG REDUCING VISIBILITY
HIGHEST: 75 ON 2 GRTST 24HR 2.45 ON 2- 3 TO 1/4 MILE OR LESS
LOWEST: 23 ON 21 3 = THUNDER
SNOW, ICE PELLETS, HAIL 4 = ICE PELLETS
TOTAL MONTH: M 5 = HAIL
GRTST 24HR M ON M 6 = FREEZING RAIN OR DRIZZLE
GRTST DEPTH: M ON M 7 = DUSTSTORM OR SANDSTORM:
VSBY 1/2 MILE OR LESS
8 = SMOKE OR HAZE
[NO. OF DAYS WITH] [WEATHER - DAYS WITH] 9 = BLOWING SNOW
X = TORNADO
MAX 32 OR BELOW: 0 0.01 INCH OR MORE: 14
MAX 90 OR ABOVE: 0 0.10 INCH OR MORE: 10
MIN 32 OR BELOW: 13 0.50 INCH OR MORE: 3
MIN 0 OR BELOW: 0 1.00 INCH OR MORE: 1
[HDD (BASE 65) ]
TOTAL THIS MO. 597 CLEAR (SCALE 0-3) 10
DPTR FM NORMAL -273 PTCLDY (SCALE 4-7) 11
TOTAL FM JUL 1 2007 CLOUDY (SCALE 8-10) 10
DPTR FM NORMAL -390
[CDD (BASE 65) ]
TOTAL THIS MO. 0
DPTR FM NORMAL 0 [PRESSURE DATA]
TOTAL FM JAN 1 0 HIGHEST SLP 30.39 ON 31
DPTR FM NORMAL 0 LOWEST SLP 29.51 ON 25
[REMARKS]
#FINAL-01-23#