000
CXUS51 KCLE 010800
CF6CLE
PRELIMINARY LOCAL CLIMATOLOGICAL DATA (WS FORM: F-6)
STATION: CLEVELAND OH
MONTH: SEPTEMBER
YEAR: 2020
LATITUDE: 41 24 N
LONGITUDE: 81 51 W
TEMPERATURE IN F: :PCPN: SNOW: WIND :SUNSHINE: SKY :PK WND
================================================================================
1 2 3 4 5 6A 6B 7 8 9 10 11 12 13 14 15 16 17 18
12Z AVG MX 2MIN
DY MAX MIN AVG DEP HDD CDD WTR SNW DPTH SPD SPD DIR MIN PSBL S-S WX SPD DR
================================================================================
1 83 64 74 4 0 9 0.00 0.0 0 7.0 15 210 M M 6 1 20 210
2 81 65 73 3 0 8 0.34 0.0 0 10.0 22 260 M M 9 18 29 300
3 81 62 72 3 0 7 0.01 0.0 0 8.6 18 340 M M 6 1 23 320
4 73 58 66 -3 0 1 0.00 0.0 0 8.5 18 310 M M 4 24 310
5 79 53 66 -3 0 1 0.00 0.0 0 9.3 20 230 M M 4 28 220
6 75 55 65 -3 0 0 T 0.0 0 7.4 20 190 M M 6 27 180
7 72 63 68 0 0 3 3.98 0.0 0 11.4 22 200 M M 10 13 33 200
8 84 64 74 6 0 9 0.00 0.0 0 6.4 17 180 M M 7 22 170
9 83 65 74 6 0 9 0.00 0.0 0 5.3 13 40 M M 6 12 16 10
10 71 63 67 0 0 2 T 0.0 0 7.3 16 360 M M 10 12 20 360
11 69 58 64 -3 1 0 T 0.0 0 11.3 20 40 M M 8 23 30
12 83 55 69 3 0 4 T 0.0 0 7.1 17 170 M M 5 21 180
13 78 64 71 5 0 6 0.21 0.0 0 10.2 20 300 M M 8 1 24 300
14 67 50 59 -7 6 0 0.00 0.0 0 9.9 17 10 M M 6 23 10
15 70 48 59 -6 6 0 0.00 0.0 0 5.0 13 160 M M 4 8 16 150
16 73 47 60 -5 5 0 0.00 0.0 0 6.1 13 250 M M 3 16 240
17 67 55 61 -4 4 0 0.00 0.0 0 11.3 20 10 M M 6 25 10
18 61 54 58 -6 7 0 0.00 0.0 0 15.8 23 1 M M 6 30 30
19 62 42 52 -12 13 0 0.00 0.0 0 6.7 15 10 M M 2 19 360
20 67 41 54 -9 11 0 0.00 0.0 0 7.0 17 40 M M 0 20 20
21 68 45 57 -6 8 0 0.00 0.0 0 6.5 14 160 M M 1 17 160
22 71 41 56 -7 9 0 0.00 0.0 0 3.0 10 20 M M 1 14 20
23 77 51 64 2 1 0 0.00 0.0 0 5.6 13 250 M M 0 8 14 250
24 76 58 67 5 0 2 0.00 0.0 0 4.4 10 210 M M 0 14 200
25 79 52 66 5 0 1 0.00 0.0 0 4.1 13 120 M M 0 1 17 110
26 80 58 69 8 0 4 0.00 0.0 0 9.6 17 190 M M 2 23 210
27 79 63 71 11 0 6 0.00 0.0 0 12.5 23 200 M M 1 31 200
28 79 54 67 7 0 2 1.23 0.0 0 10.6 22 170 M M 6 1 31 200
29 63 50 57 -3 8 0 0.00 0.0 0 7.3 12 240 M M 3 15 210
30 65 49 57 -2 8 0 0.02 0.0 0 14.0 28 230 M M 6 39 200
================================================================================
SM 2216 1647 87 74 5.79 0.0 249.2 M 136
================================================================================
AV 73.9 54.9 8.3 FASTST M M 5 MAX(MPH)
MISC ----> 28 230 39 200
================================================================================
NOTES:
# LAST OF SEVERAL OCCURRENCES
COLUMN 17 PEAK WIND IN M.P.H.
PRELIMINARY LOCAL CLIMATOLOGICAL DATA (WS FORM: F-6) , PAGE 2
STATION: CLEVELAND OH
MONTH: SEPTEMBER
YEAR: 2020
LATITUDE: 41 24 N
LONGITUDE: 81 51 W
[TEMPERATURE DATA] [PRECIPITATION DATA] SYMBOLS USED IN COLUMN 16
AVERAGE MONTHLY: 64.4 TOTAL FOR MONTH: 5.79 1 = FOG OR MIST
DPTR FM NORMAL: -0.6 DPTR FM NORMAL: 1.98 2 = FOG REDUCING VISIBILITY
HIGHEST: 84 ON 8 GRTST 24HR 3.98 ON 6- 7 TO 1/4 MILE OR LESS
LOWEST: 41 ON 22,20 3 = THUNDER
SNOW, ICE PELLETS, HAIL 4 = ICE PELLETS
TOTAL MONTH: 0.0 INCH 5 = HAIL
GRTST 24HR 0.0 6 = FREEZING RAIN OR DRIZZLE
GRTST DEPTH: 0 7 = DUSTSTORM OR SANDSTORM:
VSBY 1/2 MILE OR LESS
8 = SMOKE OR HAZE
[NO. OF DAYS WITH] [WEATHER - DAYS WITH] 9 = BLOWING SNOW
X = TORNADO
MAX 32 OR BELOW: 0 0.01 INCH OR MORE: 6
MAX 90 OR ABOVE: 0 0.10 INCH OR MORE: 4
MIN 32 OR BELOW: 0 0.50 INCH OR MORE: 2
MIN 0 OR BELOW: 0 1.00 INCH OR MORE: 2
[HDD (BASE 65) ]
TOTAL THIS MO. 87 CLEAR (SCALE 0-3) 11
DPTR FM NORMAL -4 PTCLDY (SCALE 4-7) 16
TOTAL FM JUL 1 89 CLOUDY (SCALE 8-10) 3
DPTR FM NORMAL -14
[CDD (BASE 65) ]
TOTAL THIS MO. 74
DPTR FM NORMAL -15 [PRESSURE DATA]
TOTAL FM JAN 1 901 HIGHEST SLP 30.56 ON 21
DPTR FM NORMAL 97 LOWEST SLP 29.64 ON 30
[REMARKS]
#FINAL-09-20#