278
CXUS51 KCLE 020302
CLSCLE
CLIMATE REPORT
NATIONAL WEATHER SERVICE CLEVELAND OH
957 PM EST SUN DEC 1 2019
...................................
...THE CLEVELAND OH CLIMATE SUMMARY FOR THE SEASON, FROM
9/1/2019 TO 11/30/2019...
CLIMATE NORMAL PERIOD 1981 TO 2010
CLIMATE RECORD PERIOD 1871 TO 2019
WEATHER OBSERVED NORMAL DEPART
VALUE DATE(S) VALUE FROM
NORMAL
................................................
TEMPERATURE (F)
RECORD
HIGH 101 09/03/1953
09/02/1953
09/01/1953
LOW 0 11/22/1880
HIGHEST 94 09/11
LOWEST 13 11/13
AVG. MAXIMUM 65.3 62.4 2.9
AVG. MINIMUM 46.7 46.1 0.6
MEAN 56.0 54.2 1.8
DAYS MAX >= 90 6 0.6
DAYS MAX <= 32 1 0.9
DAYS MIN <= 32 14 10.3
DAYS MIN <= 0 0 0.0
PRECIPITATION (INCHES)
RECORD
MAXIMUM 20.73 1996
MINIMUM 2.37 1908
TOTALS 6.30 10.50 -4.20
DAYS >= .01 33 34.9
DAYS >= .10 14 21.8
DAYS >= .50 5 6.9
DAYS >= 1.00 0 2.1
SNOWFALL (INCHES)
RECORDS
TOTAL 23.4 1996
TOTALS 3.5 4.5
DAYS >= TRACE 8
DAYS >= 1.0 1 1.6
DEGREE_DAYS
HEATING TOTAL 1037 1083 -46
COOLING TOTAL 241 101 140
.................................................
WIND (MPH)
HIGHEST GUST SPEED/DIRECTION 64/230 DATE 11/27
SKY COVER
POSSIBLE SUNSHINE (PERCENT) MM
AVERAGE SKY COVER 0.60
NUMBER OF DAYS FAIR 10
NUMBER OF DAYS PC 43
NUMBER OF DAYS CLOUDY 38
WEATHER CONDITIONS. NUMBER OF DAYS WITH
THUNDERSTORM 3 MIXED PRECIP 0
HEAVY RAIN 3 RAIN 6
LIGHT RAIN 40 FREEZING RAIN 0
LT FREEZING RAIN 0 HAIL 0
HEAVY SNOW 0 SNOW 5
LIGHT SNOW 7 SLEET 0
FOG 29 FOG W/VIS <= 1/4 MILE 0
HAZE 8
- INDICATES NEGATIVE NUMBERS.
R INDICATES RECORD WAS SET OR TIED.
MM INDICATES DATA IS MISSING.
T INDICATES TRACE AMOUNT.
$$