000
CXUS54 KHGX 020701
CLMCLL
CLIMATE REPORT
NATIONAL WEATHER SERVICE HOUSTON/GALVESTON TX
201 AM CDT SUN JUL 02 2023
...................................
...THE COLLEGE STATION CLIMATE SUMMARY FOR THE MONTH OF JUNE 2023...
CLIMATE NORMAL PERIOD: 1991 TO 2020
CLIMATE RECORD PERIOD: 1902 TO 2023
WEATHER OBSERVED NORMAL DEPART LAST YEAR`S
VALUE DATE(S) VALUE FROM VALUE DATE(S)
NORMAL
................................................................
TEMPERATURE (F)
RECORD
HIGH 108 MM
LOW 62 06/11/2020
HIGHEST 101 06/19 MM MM 103 06/26
06/20
06/27
06/27
LOWEST 67 06/03 MM MM 70 06/04
AVG. MAXIMUM 95.8 92.2 3.6 98.7
AVG. MINIMUM 76.1 73.0 3.1 76.5
MEAN 85.9 82.6 3.3 87.6
DAYS MAX >= 90 28 23.4 4.6 29
DAYS MAX <= 32 0 0.0 0.0 0
DAYS MIN <= 32 0 0.0 0.0 0
DAYS MIN <= 0 0 0.0 0.0 0
PRECIPITATION (INCHES)
RECORD
MAXIMUM 15.03 1905
TOTALS 1.87 4.01 -2.14 0.20
DAILY AVG. 0.06 0.13 -0.07 0.01
DAYS >= .01 4 7.8 -3.8 5
DAYS >= .10 4 5.3 -1.3 1
DAYS >= .50 1 2.6 -1.6 0
DAYS >= 1.00 0 1.2 -1.2 0
GREATEST
24 HR. TOTAL 1.07 06/03 TO 06/04 0.13 06/01 TO 06/01
SNOWFALL (INCHES)
RECORDS
TOTAL MM MM
TOTALS 0.0
SINCE 7/1 0.0
LIQUID 7/1 0.00
DAYS >= TRACE 0
GREATEST
24 HR TOTAL MM
DEGREE DAYS
HEATING TOTAL 0 0 0 0
SINCE 7/1 1264 1545 -281 MM
COOLING TOTAL 636 528 108 687
SINCE 1/1 1373 1137 236 MM
................................................................
WIND (MPH)
AVERAGE WIND SPEED 8.2
HIGHEST WIND SPEED/DIRECTION 40/340 DATE 06/03
HIGHEST GUST SPEED/DIRECTION 59/350 DATE 06/03
SKY COVER
AVERAGE SKY COVER 0.20
AVERAGE RH (PERCENT) 66
WEATHER CONDITIONS. NUMBER OF DAYS WITH
THUNDERSTORM 5 MIXED PRECIP 0
HEAVY RAIN 4 RAIN 3
LIGHT RAIN 7 FREEZING RAIN 0
LT FREEZING RAIN 0 HAIL 0
HEAVY SNOW 0 SNOW 0
LIGHT SNOW 0 SLEET 0
FOG 2 FOG W/VIS <= 1/4 MILE 0
HAZE 1
- INDICATES NEGATIVE NUMBERS.
R INDICATES RECORD WAS SET OR TIED.
MM INDICATES DATA IS MISSING.
T INDICATES TRACE AMOUNT.
$$