000
CXUS51 KILN 011706
CLMCMH
CLIMATE REPORT
NATIONAL WEATHER SERVICE WILMINGTON OH
106 PM EDT FRI SEP 01 2023
...................................
...THE COLUMBUS OH CLIMATE SUMMARY FOR THE MONTH OF AUGUST 2023...
CLIMATE NORMAL PERIOD: 1991 TO 2020
CLIMATE RECORD PERIOD: 1869 TO 2023
WEATHER OBSERVED NORMAL DEPART LAST YEAR`S
VALUE DATE(S) VALUE FROM VALUE DATE(S)
NORMAL
................................................................
TEMPERATURE (F)
RECORD
HIGH 103 08/05/1918
LOW 39 08/29/1965
HIGHEST 92 08/21 83 9 92 08/03
LOWEST 53 08/19 62 -9 56 08/12
AVG. MAXIMUM 82.6 84.1 -1.5 83.3
AVG. MINIMUM 63.5 63.9 -0.4 64.5
MEAN 73.0 74.0 -1.0 73.9
DAYS MAX >= 90 1 5.5 -4.5 3
DAYS MAX <= 32 0 0.0 0.0 0
DAYS MIN <= 32 0 0.0 0.0 0
DAYS MIN <= 0 0 0.0 0.0 0
PRECIPITATION (INCHES)
TOTALS 4.48 3.74 0.74 3.22
DAILY AVG. 0.14 0.12 0.02 0.10
DAYS >= .01 8 9.5 -1.5 10
DAYS >= .10 5 6.4 -1.4 7
DAYS >= .50 3 2.8 0.2 2
DAYS >= 1.00 1 0.9 0.1 0
GREATEST
24 HR. TOTAL 2.44 08/24 TO 08/24 0.81 08/20 TO 08/21
SNOWFALL (INCHES)
TOTALS 0.0 0.0 0.0 0.0
SINCE 7/1 T 0.0 T 0.0
DAYS >= TRACE 0 0.0 0.0 0
DAYS >= 1.0 0 0.0 0.0 0
GREATEST
24 HR TOTAL 0.0 MM 0.0
DEGREE DAYS
HEATING TOTAL 0 3 -3 0
SINCE 7/1 0 0 0 0
COOLING TOTAL 254 282 -28 284
SINCE 1/1 824 926 -102 1017
................................................................
WIND (MPH)
AVERAGE WIND SPEED 6.4
RESULTANT WIND SPEED/DIRECTION 1/300
HIGHEST WIND SPEED/DIRECTION 36/350 DATE 08/24
HIGHEST GUST SPEED/DIRECTION 53/350 DATE 08/24
SKY COVER
AVERAGE SKY COVER 0.55
AVERAGE RH (PERCENT) 75
WEATHER CONDITIONS. NUMBER OF DAYS WITH
THUNDERSTORM 6 MIXED PRECIP 0
HEAVY RAIN 3 RAIN 4
LIGHT RAIN 10 FREEZING RAIN 0
LT FREEZING RAIN 0 HAIL 0
HEAVY SNOW 0 SNOW 0
LIGHT SNOW 0 SLEET 0
FOG 13 FOG W/VIS <= 1/4 MILE 0
HAZE 4
- INDICATES NEGATIVE NUMBERS.
R INDICATES RECORD WAS SET OR TIED.
MM INDICATES DATA IS MISSING.
T INDICATES TRACE AMOUNT.
$$