000
CXUS53 KILX 011407
CLMCMI
CLIMATE REPORT
NATIONAL WEATHER SERVICE LINCOLN IL
907 AM CDT THU JUN 01 2023
...................................
...THE CHAMPAIGN IL AIRPORT CLIMATE SUMMARY FOR THE MONTH OF MAY 2023...
CLIMATE NORMAL PERIOD 1991 TO 2020
CLIMATE RECORD PERIOD 9999 TO 9999
WEATHER OBSERVED NORMAL DEPART LAST YEAR`S
VALUE DATE(S) VALUE FROM VALUE
NORMAL
..............................................................
TEMPERATURE (F)
RECORD
HIGH MM MM
LOW 33 05/08/2021
HIGHEST 93 05/31 MM MM 96
LOWEST 35 05/02 MM MM 40
AVG. MAXIMUM 79.5 75.5 4.0 78.0
AVG. MINIMUM 53.3 52.4 0.9 55.5
MEAN 66.4 64.0 2.4 66.7
DAYS MAX >= 90 2 2.1 -0.1 9
DAYS MAX <= 32 0 0.0 0.0 0
DAYS MIN <= 32 0 0.3 -0.3 0
DAYS MIN <= 0 0 0.0 0.0 0
PRECIPITATION (INCHES)
RECORD
MAXIMUM 3.53 2021
MINIMUM 3.23 2022
TOTALS 2.11R 4.39 -2.28 3.23
DAILY AVG. 0.07 0.14 -0.07 0.10
DAYS >= .01 4 13.2 -9.2 11
DAYS >= .10 2 8.5 -6.5 8
DAYS >= .50 1 2.5 -1.5 3
DAYS >= 1.00 1 0.8 0.2 0
GREATEST
24 HR. TOTAL 1.80 05/07 TO 05/07 0.73
DEGREE DAYS
HEATING TOTAL 49 132 -83 100
SINCE 7/1 4974 5574 -600 MM
COOLING TOTAL 109 99 10 163
SINCE 1/1 123 113 10 MM
..............................................................
WIND (MPH)
AVERAGE WIND SPEED 10.2
HIGHEST WIND SPEED/DIRECTION 37/360 DATE 05/07
HIGHEST GUST SPEED/DIRECTION 48/360 DATE 05/07
AVERAGE RH (PERCENT) 55
WEATHER CONDITIONS. NUMBER OF DAYS WITH
THUNDERSTORM 3 MIXED PRECIP 0
HEAVY RAIN 1 RAIN 3
LIGHT RAIN 10 FREEZING RAIN 0
LT FREEZING RAIN 0 HAIL 0
HEAVY SNOW 0 SNOW 0
LIGHT SNOW 0 SLEET 0
FOG 6 FOG W/VIS <= 1/4 MILE 0
HAZE 5
- INDICATES NEGATIVE NUMBERS.
R INDICATES RECORD WAS SET OR TIED.
MM INDICATES DATA IS MISSING.
T INDICATES TRACE AMOUNT.
$$