000
CXUS53 KTOP 011424
CLMCNK
CLIMATE REPORT
NATIONAL WEATHER SERVICE TOPEKA KS
924 AM CDT SUN OCT 01 2023
...................................
...THE CONCORDIA KS CLIMATE SUMMARY FOR THE MONTH OF SEPTEMBER 2023...
CLIMATE NORMAL PERIOD 1991 TO 2020
CLIMATE RECORD PERIOD 1885 TO 2023
WEATHER OBSERVED NORMAL DEPART LAST YEAR`S
VALUE DATE(S) VALUE FROM VALUE
NORMAL
..............................................................
TEMPERATURE (F)
RECORD
HIGH 112 09/03/1947
LOW 29 09/22/1995
09/29/1984
09/30/1895
HIGHEST 103 09/02 85 18 102
LOWEST 48 09/13 51 -3 45
AVG. MAXIMUM 88.8 80.4 8.4 87.5
AVG. MINIMUM 59.7 56.5 3.2 59.1
MEAN 74.2 68.5 5.7 73.3
DAYS MAX >= 90 14 6.0 8.0 17
DAYS MAX <= 32 0 0.0 0.0 0
DAYS MIN <= 32 0 0.0 0.0 0
DAYS MIN <= 0 0 0.0 0.0 0
PRECIPITATION (INCHES)
RECORD
MAXIMUM 8.94 1946
MINIMUM 0.08 1956
TOTALS 2.46 2.80 -0.34 1.96
DAILY AVG. 0.08 0.09 -0.01 0.07
DAYS >= .01 4 7.0 -3.0 7
DAYS >= .10 3 4.5 -1.5 4
DAYS >= .50 2 1.6 0.4 2
DAYS >= 1.00 1 0.9 0.1 0
GREATEST
24 HR. TOTAL 1.94 09/21 TO 09/22 0.72
SNOWFALL (INCHES)
RECORDS
TOTAL T 1985
TOTALS MM 0.0 MM MM
SINCE 7/1 MM 0.0 MM MM
SNOWDEPTH AVG. MM MM
DAYS >= 1.0 MM 0.0 MM MM
GREATEST
SNOW DEPTH MM MM
24 HR TOTAL MM MM
DEGREE DAYS
HEATING TOTAL 1 64 -63 22
SINCE 7/1 1 66 -65 MM
COOLING TOTAL 284 167 117 280
SINCE 1/1 1791 1346 445 MM
..............................................................
WIND (MPH)
AVERAGE WIND SPEED 9.0
HIGHEST WIND SPEED/DIRECTION 32/240 DATE 09/21
HIGHEST GUST SPEED/DIRECTION 47/230 DATE 09/21
SKY COVER
POSSIBLE SUNSHINE (PERCENT) MM
AVERAGE SKY COVER 0.15
NUMBER OF DAYS FAIR 24
NUMBER OF DAYS PC 5
NUMBER OF DAYS CLOUDY 1
AVERAGE RH (PERCENT) 57
WEATHER CONDITIONS. NUMBER OF DAYS WITH
THUNDERSTORM 4 MIXED PRECIP 0
HEAVY RAIN 3 RAIN 2
LIGHT RAIN 5 FREEZING RAIN 0
LT FREEZING RAIN 0 HAIL 0
HEAVY SNOW 0 SNOW 0
LIGHT SNOW 0 SLEET 0
FOG 10 FOG W/VIS <= 1/4 MILE 1
HAZE 9
- INDICATES NEGATIVE NUMBERS.
R INDICATES RECORD WAS SET OR TIED.
MM INDICATES DATA IS MISSING.
T INDICATES TRACE AMOUNT.
$$