775
CXUS55 KGJT 011000
CF6CNY
PRELIMINARY LOCAL CLIMATOLOGICAL DATA (WS FORM: F-6)
STATION: CANYONLANDS AIRPORT UT
MONTH: JULY
YEAR: 2020
LATITUDE: 38 46 N
LONGITUDE: 109 45 W
TEMPERATURE IN F: :PCPN: SNOW: WIND :SUNSHINE: SKY :PK WND
================================================================================
1 2 3 4 5 6A 6B 7 8 9 10 11 12 13 14 15 16 17 18
12Z AVG MX 2MIN
DY MAX MIN AVG DEP HDD CDD WTR SNW DPTH SPD SPD DIR MIN PSBL S-S WX SPD DR
================================================================================
1 91 56 74 -4 0 9 0.00 M M 6.9 23 200 M M 0 32 210
2 94 64 79 1 0 14 0.00 M M 10.4 28 220 M M 0 39 190
3 94 59 77 -1 0 12 0.00 M M 7.6 28 160 M M 0 34 170
4 97 66 82 3 0 17 0.00 M M 5.3 18 270 M M 1 25 290
5 100 69 85 6 0 20 0.00 M M 7.9 28 50 M M 0 33 50
6 102 67 85 6 0 20 0.00 M M 7.1 23 230 M M 0 31 240
7 97 62 80 0 0 15 0.00 M M 12.3 28 240 M M 0 38 200
8 97 61 79 -1 0 14 0.00 M M 8.2 23 210 M M 0 30 300
9 98 58 78 -2 0 13 0.00 M M 6.3 24 220 M M 0 33 240
10 99 60 80 0 0 15 0.00 M M 4.3 16 270 M M 0 26 290
11 104 60 82 2 0 17 0.00 M M 6.7 20 260 M M 0 26 300
12 104 74 89 9 0 24 0.02 M M 7.3 37 320 M M 0 8 57 330
13 103 72 88 7 0 23 0.02 M M 8.5 39 280 M M 0 54 270
14 102 66 84 3 0 19 0.00 M M 8.3 33 310 M M 0 3 43 300
15 100 68 84 3 0 19 0.00 M M 6.7 21 300 M M 0 27 290
16 95 72 84 3 0 19 0.00 M M 6.9 23 60 M M 0 31 60
17 98 70 84 3 0 19 T M M 9.5 24 200 M M 0 33 270
18 102 68 85 4 0 20 0.00 M M 6.8 20 350 M M 0 24 360
19 103 70 87 6 0 22 0.00 M M 7.3 20 290 M M 0 28 290
20 102 65 84 3 0 19 T M M 7.1 26 40 M M 0 37 40
21 101 73 87 6 0 22 0.00 M M 6.3 14 300 M M 0 18 310
22 87 65 76 -5 0 11 0.03 M M 10.2 25 220 M M 3 33 220
23 89 64 77 -4 0 12 0.09 M M 9.2 41 250 M M 2 3 54 240
24 87 63 75 -6 0 10 0.01 M M 5.3 17 220 M M 0 27 130
25 86 66 76 -5 0 11 0.00 M M 8.8 32 310 M M 2 46 320
26 95 58 77 -4 0 12 0.00 M M 4.8 13 30 M M 0 20 270
27 95 66 81 0 0 16 0.07 M M 7.5 30 180 M M 3 3 38 180
28 94 61 78 -3 0 13 0.03 M M 5.4 54 210 M M 0 3 76 220
29 99 63 81 0 0 16 0.00 M M 4.1 16 260 M M 0 22 270
30 101 66 84 3 0 19 0.00 M M 2.8 14 30 M M 0 17 20
31 104 69 87 7 0 22 0.00 M M 6.2 24 70 M M 0 31 70
================================================================================
SM 3020 2021 0 514 0.27 M 222.0 M 11
================================================================================
AV 97.4 65.2 7.2 FASTST M M 0 MAX(MPH)
MISC ----> # 54 210 # 76 220
================================================================================
NOTES:
# LAST OF SEVERAL OCCURRENCES
COLUMN 17 PEAK WIND IN M.P.H.
PRELIMINARY LOCAL CLIMATOLOGICAL DATA (WS FORM: F-6) , PAGE 2
STATION: CANYONLANDS AIRPORT UT
MONTH: JULY
YEAR: 2020
LATITUDE: 38 46 N
LONGITUDE: 109 45 W
[TEMPERATURE DATA] [PRECIPITATION DATA] SYMBOLS USED IN COLUMN 16
AVERAGE MONTHLY: 81.3 TOTAL FOR MONTH: 0.27 1 = FOG OR MIST
DPTR FM NORMAL: 1.0 DPTR FM NORMAL: -0.57 2 = FOG REDUCING VISIBILITY
HIGHEST: 104 ON 31,12 GRTST 24HR 0.09 ON 23-23 TO 1/4 MILE OR LESS
LOWEST: 56 ON 1 3 = THUNDER
SNOW, ICE PELLETS, HAIL 4 = ICE PELLETS
TOTAL MONTH: M 5 = HAIL
GRTST 24HR M ON M 6 = FREEZING RAIN OR DRIZZLE
GRTST DEPTH: M ON M 7 = DUSTSTORM OR SANDSTORM:
VSBY 1/2 MILE OR LESS
8 = SMOKE OR HAZE
[NO. OF DAYS WITH] [WEATHER - DAYS WITH] 9 = BLOWING SNOW
X = TORNADO
MAX 32 OR BELOW: 0 0.01 INCH OR MORE: 7
MAX 90 OR ABOVE: 27 0.10 INCH OR MORE: 0
MIN 32 OR BELOW: 0 0.50 INCH OR MORE: 0
MIN 0 OR BELOW: 0 1.00 INCH OR MORE: 0
[HDD (BASE 65) ]
TOTAL THIS MO. 0 CLEAR (SCALE 0-3) 30
DPTR FM NORMAL 0 PTCLDY (SCALE 4-7) 1
TOTAL FM JUL 1 0 CLOUDY (SCALE 8-10) 0
DPTR FM NORMAL 0
[CDD (BASE 65) ]
TOTAL THIS MO. 514
DPTR FM NORMAL 40 [PRESSURE DATA]
TOTAL FM JAN 1 945 HIGHEST SLP 30.02 ON 26
DPTR FM NORMAL 152 LOWEST SLP 29.59 ON 7
[REMARKS]
#FINAL-07-20#