000
CXUS55 KRIW 011010
CF6COD
PRELIMINARY LOCAL CLIMATOLOGICAL DATA (WS FORM: F-6)
STATION: CODY WY
MONTH: OCTOBER
YEAR: 2022
LATITUDE: 44 31 N
LONGITUDE: 109 1 W
TEMPERATURE IN F: :PCPN: SNOW: WIND :SUNSHINE: SKY :PK WND
================================================================================
1 2 3 4 5 6A 6B 7 8 9 10 11 12 13 14 15 16 17 18
12Z AVG MX 2MIN
DY MAX MIN AVG DEP HDD CDD WTR SNW DPTH SPD SPD DIR MIN PSBL S-S WX SPD DR
================================================================================
1 54 42 48 -5 17 0 0.34 M M 3.0 9 50 M M 8 1 M M
2 57 37 47 -5 18 0 0.03 M M 3.5 10 30 M M 4 1 M M
3 60 45 53 1 12 0 0.01 M M 3.6 9 10 M M 7 M M
4 65 40 53 1 12 0 0.00 M M 5.7 10 30 M M 0 8 M M
5 71 48 60 9 5 0 0.00 M M 5.2 9 110 M M 0 8 M M
6 56 41 49 -2 16 0 T M M 9.4 18 30 M M 2 25 30
7 56 40 48 -3 17 0 0.00 M M 3.0 7 50 M M 6 1 M M
8 65 37 51 1 14 0 0.00 M M 4.0 8 90 M M 0 M M
9 69 39 54 4 11 0 0.00 M M 5.0 15 360 M M 0 M M
10 73 38 56 7 9 0 0.00 M M 9.1 17 250 M M 0 31 260
11 M M M M M M M M M M M M M M M M M
12 55 34 45 -4 20 0 0.00 M M 4.6 6 180 M M 10 M M
13 62 34 48 0 17 0 0.00 M M 3.0 8 220 M M 0 8 M M
14 68 33 51 3 14 0 0.00 M M 4.7 14 20 M M 0 21 20
15 57 37 47 -1 18 0 T M M 6.9 18 20 M M 5 25 20
16 60 34 47 0 18 0 0.00 M M 3.8 8 220 M M 0 M M
17 68 32 50 3 15 0 0.00 M M 2.9 7 30 M M 0 M M
18 71 40 56 9 9 0 0.00 M M 4.1 9 20 M M 0 M M
19 70 44 57 11 8 0 0.00 M M 6.4 12 30 M M 0 M M
20 75 38 57 11 8 0 0.00 M M 10.9 17 260 M M 0 31 260
21 71 54 63 17 2 0 0.00 M M 9.7 17 250 M M 3 33 260
22 61 38 50 5 15 0 0.03 M M 6.7 14 40 M M 7 21 240
23 40 30 35 -10 30 0 T M M 11.0 16 360 M M 9 1 24 360
24 46 24 35 -10 30 0 T M M 12.7 29 260 M M 4 43 270
25 49 35 42 -2 23 0 0.00 M M 12.6 18 250 M M 3 32 270
26 47 32 40 -4 25 0 0.00 M M 6.4 14 240 M M 1 20 260
27 46 32 39 -5 26 0 0.00 M M 11.6 20 250 M M 1 38 250
28 60 33 47 4 18 0 0.00 M M 9.6 20 220 M M 0 27 220
29 57 32 45 2 20 0 0.00 M M 5.1 9 20 M M 0 M M
30 61 31 46 4 19 0 0.00 M M 12.3 21 250 M M 0 35 250
31 62 48 55 13 10 0 0.00 M M 11.3 18 270 M M 0 36 240
================================================================================
SM 1812 1122 476 0 0.41 M 207.7 M 70
================================================================================
AV 60.4 37.4 6.9 FASTST M M 2 MAX(MPH)
MISC ----> 29 260 43 270
================================================================================
NOTES:
# LAST OF SEVERAL OCCURRENCES
COLUMN 17 PEAK WIND IN M.P.H.
PRELIMINARY LOCAL CLIMATOLOGICAL DATA (WS FORM: F-6) , PAGE 2
STATION: CODY WY
MONTH: OCTOBER
YEAR: 2022
LATITUDE: 44 31 N
LONGITUDE: 109 1 W
[TEMPERATURE DATA] [PRECIPITATION DATA] SYMBOLS USED IN COLUMN 16
AVERAGE MONTHLY: 48.9 TOTAL FOR MONTH: 0.41 1 = FOG OR MIST
DPTR FM NORMAL: 1.5 DPTR FM NORMAL: M 2 = FOG REDUCING VISIBILITY
HIGHEST: 75 ON 20 GRTST 24HR 0.34 ON 1- 1 TO 1/4 MILE OR LESS
LOWEST: 24 ON 24 3 = THUNDER
SNOW, ICE PELLETS, HAIL 4 = ICE PELLETS
TOTAL MONTH: M 5 = HAIL
GRTST 24HR M ON M 6 = FREEZING RAIN OR DRIZZLE
GRTST DEPTH: M ON M 7 = DUSTSTORM OR SANDSTORM:
VSBY 1/2 MILE OR LESS
8 = SMOKE OR HAZE
[NO. OF DAYS WITH] [WEATHER - DAYS WITH] 9 = BLOWING SNOW
X = TORNADO
MAX 32 OR BELOW: 0 0.01 INCH OR MORE: 4
MAX 90 OR ABOVE: 0 0.10 INCH OR MORE: 1
MIN 32 OR BELOW: 7 0.50 INCH OR MORE: 0
MIN 0 OR BELOW: 0 1.00 INCH OR MORE: 0
[HDD (BASE 65) ]
TOTAL THIS MO. 476 CLEAR (SCALE 0-3) 20
DPTR FM NORMAL -68 PTCLDY (SCALE 4-7) 7
TOTAL FM JUL 1 623 CLOUDY (SCALE 8-10) 4
DPTR FM NORMAL 156
[CDD (BASE 65) ]
TOTAL THIS MO. 0
DPTR FM NORMAL 0 [PRESSURE DATA]
TOTAL FM JAN 1 613 HIGHEST SLP M ON M
DPTR FM NORMAL 613 LOWEST SLP M ON M
[REMARKS]
#FINAL-10-22#