000
CXUS55 KRIW 011010
CF6COD
PRELIMINARY LOCAL CLIMATOLOGICAL DATA (WS FORM: F-6)
STATION: CODY WY
MONTH: OCTOBER
YEAR: 2021
LATITUDE: 44 31 N
LONGITUDE: 109 1 W
TEMPERATURE IN F: :PCPN: SNOW: WIND :SUNSHINE: SKY :PK WND
================================================================================
1 2 3 4 5 6A 6B 7 8 9 10 11 12 13 14 15 16 17 18
12Z AVG MX 2MIN
DY MAX MIN AVG DEP HDD CDD WTR SNW DPTH SPD SPD DIR MIN PSBL S-S WX SPD DR
================================================================================
1 68 33 51 -2 14 0 0.00 M M 3.7 13 40 M M 0 8 M M
2 72 41 57 5 8 0 0.00 M M 4.7 10 120 M M 1 8 M M
3 79 54 67 15 0 2 0.00 M M 7.6 15 270 M M 0 30 270
4 79 53 66 14 0 1 0.00 M M 9.5 17 230 M M 0 24 150
5 79 46 63 12 2 0 0.00 M M 8.3 16 210 M M 0 8 21 110
6 73 54 64 13 1 0 0.00 M M 6.8 15 320 M M 3 8 24 320
7 67 44 56 5 9 0 T M M 2.9 9 30 M M 3 8 M M
8 63 45 54 4 11 0 0.02 M M 4.4 10 110 M M 7 M M
9 53 42 48 -2 17 0 0.30 M M 3.8 12 30 M M 8 1 M M
10 59 44 52 3 13 0 0.00 M M 13.0 20 270 M M 1 33 270
11 49 27 38 -11 27 0 0.10 M M 13.5 21 330 M M 9 1 33 340
12 32 27 30 -19 35 0 T M M 12.9 18 340 M M 10 1 25 340
13 38 24 31 -17 34 0 0.02 M M 6.5 14 110 M M 7 1 M M
14 45 25 35 -13 30 0 0.00 M M 3.8 10 300 M M 8 12 20 300
15 52 27 40 -8 25 0 0.00 M M 12.6 24 250 M M 0 44 250
16 63 39 51 4 14 0 0.00 M M 8.0 21 260 M M 0 40 260
17 68 41 55 8 10 0 0.00 M M 8.2 17 210 M M 0 22 210
18 66 43 55 8 10 0 T M M 8.0 21 340 M M 3 36 340
19 47 32 40 -6 25 0 0.00 M M 11.4 18 20 M M 10 12 27 350
20 55 28 42 -4 23 0 0.00 M M 5.6 10 150 M M 4 1 M M
21 66 37 52 6 13 0 0.00 M M 8.2 16 270 M M 1 27 250
22 68 47 58 13 7 0 0.00 M M 10.0 20 140 M M 1 24 270
23 57 37 47 2 18 0 T M M 9.9 21 170 M M 5 25 260
24 57 33 45 0 20 0 0.00 M M 6.8 15 130 M M 6 M M
25 71 37 54 10 11 0 0.00 M M 6.8 18 210 M M 3 33 230
26 48 38 43 -1 22 0 0.11 M M 8.6 16 10 M M 6 22 350
27 54 32 43 -1 22 0 0.00 M M 10.3 20 260 M M 5 37 260
28 59 26 43 0 22 0 0.00 M M 8.5 18 260 M M 2 33 270
29 68 52 60 17 5 0 0.00 M M 14.3 25 230 M M 1 35 240
30 58 29 44 2 21 0 T M M 10.2 18 360 M M 10 28 360
31 33 27 30 -12 35 0 0.00 M M 6.9 13 360 M M 10 M M
================================================================================
SM 1846 1164 504 3 0.55 M 255.7 M 124
================================================================================
AV 59.5 37.5 8.2 FASTST M M 4 MAX(MPH)
MISC ----> 25 230 44 250
================================================================================
NOTES:
# LAST OF SEVERAL OCCURRENCES
COLUMN 17 PEAK WIND IN M.P.H.
PRELIMINARY LOCAL CLIMATOLOGICAL DATA (WS FORM: F-6) , PAGE 2
STATION: CODY WY
MONTH: OCTOBER
YEAR: 2021
LATITUDE: 44 31 N
LONGITUDE: 109 1 W
[TEMPERATURE DATA] [PRECIPITATION DATA] SYMBOLS USED IN COLUMN 16
AVERAGE MONTHLY: 48.5 TOTAL FOR MONTH: 0.55 1 = FOG OR MIST
DPTR FM NORMAL: 1.2 DPTR FM NORMAL: M 2 = FOG REDUCING VISIBILITY
HIGHEST: 79 ON 5, 4 GRTST 24HR 0.30 ON 9- 9 TO 1/4 MILE OR LESS
LOWEST: 24 ON 13 3 = THUNDER
SNOW, ICE PELLETS, HAIL 4 = ICE PELLETS
TOTAL MONTH: M 5 = HAIL
GRTST 24HR M ON M 6 = FREEZING RAIN OR DRIZZLE
GRTST DEPTH: M ON M 7 = DUSTSTORM OR SANDSTORM:
VSBY 1/2 MILE OR LESS
8 = SMOKE OR HAZE
[NO. OF DAYS WITH] [WEATHER - DAYS WITH] 9 = BLOWING SNOW
X = TORNADO
MAX 32 OR BELOW: 1 0.01 INCH OR MORE: 5
MAX 90 OR ABOVE: 0 0.10 INCH OR MORE: 2
MIN 32 OR BELOW: 11 0.50 INCH OR MORE: 0
MIN 0 OR BELOW: 0 1.00 INCH OR MORE: 0
[HDD (BASE 65) ]
TOTAL THIS MO. 504 CLEAR (SCALE 0-3) 15
DPTR FM NORMAL -40 PTCLDY (SCALE 4-7) 11
TOTAL FM JUL 1 723 CLOUDY (SCALE 8-10) 5
DPTR FM NORMAL 256
[CDD (BASE 65) ]
TOTAL THIS MO. 3
DPTR FM NORMAL 3 [PRESSURE DATA]
TOTAL FM JAN 1 634 HIGHEST SLP M ON M
DPTR FM NORMAL 634 LOWEST SLP M ON M
[REMARKS]
#FINAL-10-21#