000
CXUS55 KRIW 011010
CF6COD
PRELIMINARY LOCAL CLIMATOLOGICAL DATA (WS FORM: F-6)
STATION: CODY WY
MONTH: MAY
YEAR: 2021
LATITUDE: 44 31 N
LONGITUDE: 109 1 W
TEMPERATURE IN F: :PCPN: SNOW: WIND :SUNSHINE: SKY :PK WND
================================================================================
1 2 3 4 5 6A 6B 7 8 9 10 11 12 13 14 15 16 17 18
12Z AVG MX 2MIN
DY MAX MIN AVG DEP HDD CDD WTR SNW DPTH SPD SPD DIR MIN PSBL S-S WX SPD DR
================================================================================
1 71 46 59 10 6 0 T M M 6.9 17 350 M M 2 M M
2 49 38 44 -6 21 0 T M M 13.9 23 360 M M 10 28 350
3 51 37 44 -6 21 0 0.00 M M 6.7 10 170 M M 9 16 20
4 52 36 44 -6 21 0 0.15 M M 4.4 10 280 M M 7 13 22 280
5 60 35 48 -3 17 0 T M M 5.4 16 30 M M 3 M M
6 71 34 53 2 12 0 0.00 M M 7.5 12 110 M M 0 18 140
7 81 42 62 11 3 0 T M M 7.3 16 270 M M 1 30 230
8 49 32 41 -11 24 0 T M M 12.3 23 260 M M 6 38 270
9 50 30 40 -12 25 0 T M M 7.1 21 330 M M 5 28 330
10 50 33 42 -10 23 0 0.22 M M 7.1 15 350 M M 10 30 140
11 57 33 45 -7 20 0 T M M 7.2 17 240 M M 5 38 230
12 62 33 48 -5 17 0 0.00 M M 3.6 8 40 M M 3 M M
13 67 37 52 -1 13 0 0.00 M M 8.4 21 10 M M 1 23 30
14 62 47 55 2 10 0 T M M 5.4 16 360 M M 5 23 360
15 61 45 53 -1 12 0 T M M 4.7 10 200 M M 6 M M
16 71 44 58 4 7 0 0.00 M M 4.3 8 220 M M 3 3 M M
17 75 49 62 8 3 0 T M M 6.7 15 160 M M 1 3 24 160
18 80 59 70 16 0 5 0.00 M M 9.4 17 280 M M 1 24 280
19 68 46 57 2 8 0 T M M 7.9 16 10 M M 3 8 17 50
20 56 34 45 -10 20 0 0.01 M M 12.7 27 360 M M 6 37 360
21 35 28 32 -23 33 0 T M M 12.3 18 10 M M 10 1 24 10
22 50 26 38 -17 27 0 0.10 M M 6.4 15 10 M M 9 1 M M
23 59 37 48 -8 17 0 0.25 M M 9.1 20 270 M M 6 13 32 250
24 61 45 53 -3 12 0 0.00 M M 14.4 28 240 M M 2 41 250
25 69 46 58 2 7 0 0.01 M M 9.2 16 260 M M 4 31 260
26 56 41 49 -8 16 0 0.08 M M 8.6 16 350 M M 7 3 22 20
27 73 37 55 -2 10 0 0.00 M M 6.3 20 170 M M 1 24 170
28 76 50 63 6 2 0 0.00 M M 10.5 22 20 M M 0 36 10
29 62 42 52 -5 13 0 0.00 M M 9.5 17 360 M M 0 21 10
30 71 40 56 -2 9 0 0.00 M M 6.0 14 40 M M 0 16 70
31 77 46 62 4 3 0 0.00 M M 6.1 10 320 M M 2 18 40
================================================================================
SM 1932 1228 432 5 0.82 M 247.3 M 128
================================================================================
AV 62.3 39.6 8.0 FASTST M M 4 MAX(MPH)
MISC ----> 28 240 41 250
================================================================================
NOTES:
# LAST OF SEVERAL OCCURRENCES
COLUMN 17 PEAK WIND IN M.P.H.
PRELIMINARY LOCAL CLIMATOLOGICAL DATA (WS FORM: F-6) , PAGE 2
STATION: CODY WY
MONTH: MAY
YEAR: 2021
LATITUDE: 44 31 N
LONGITUDE: 109 1 W
[TEMPERATURE DATA] [PRECIPITATION DATA] SYMBOLS USED IN COLUMN 16
AVERAGE MONTHLY: 51.0 TOTAL FOR MONTH: 0.82 1 = FOG OR MIST
DPTR FM NORMAL: -2.8 DPTR FM NORMAL: M 2 = FOG REDUCING VISIBILITY
HIGHEST: 81 ON 7 GRTST 24HR 0.25 ON 23-23 TO 1/4 MILE OR LESS
LOWEST: 26 ON 22 3 = THUNDER
SNOW, ICE PELLETS, HAIL 4 = ICE PELLETS
TOTAL MONTH: M 5 = HAIL
GRTST 24HR M ON M 6 = FREEZING RAIN OR DRIZZLE
GRTST DEPTH: M ON M 7 = DUSTSTORM OR SANDSTORM:
VSBY 1/2 MILE OR LESS
8 = SMOKE OR HAZE
[NO. OF DAYS WITH] [WEATHER - DAYS WITH] 9 = BLOWING SNOW
X = TORNADO
MAX 32 OR BELOW: 0 0.01 INCH OR MORE: 7
MAX 90 OR ABOVE: 0 0.10 INCH OR MORE: 4
MIN 32 OR BELOW: 4 0.50 INCH OR MORE: 0
MIN 0 OR BELOW: 0 1.00 INCH OR MORE: 0
[HDD (BASE 65) ]
TOTAL THIS MO. 432 CLEAR (SCALE 0-3) 16
DPTR FM NORMAL 83 PTCLDY (SCALE 4-7) 10
TOTAL FM JUL 1 7137 CLOUDY (SCALE 8-10) 5
DPTR FM NORMAL 588
[CDD (BASE 65) ]
TOTAL THIS MO. 5
DPTR FM NORMAL 5 [PRESSURE DATA]
TOTAL FM JAN 1 7 HIGHEST SLP M ON M
DPTR FM NORMAL 7 LOWEST SLP M ON M
[REMARKS]
#FINAL-05-21#