000
CXUS55 KRIW 011010
CF6COD
PRELIMINARY LOCAL CLIMATOLOGICAL DATA (WS FORM: F-6)
STATION: CODY WY
MONTH: APRIL
YEAR: 2021
LATITUDE: 44 31 N
LONGITUDE: 109 1 W
TEMPERATURE IN F: :PCPN: SNOW: WIND :SUNSHINE: SKY :PK WND
================================================================================
1 2 3 4 5 6A 6B 7 8 9 10 11 12 13 14 15 16 17 18
12Z AVG MX 2MIN
DY MAX MIN AVG DEP HDD CDD WTR SNW DPTH SPD SPD DIR MIN PSBL S-S WX SPD DR
================================================================================
1 69 38 54 12 11 0 0.00 M M 12.6 23 220 M M 0 41 220
2 70 39 55 13 10 0 0.00 M M 6.8 13 220 M M 0 18 220
3 73 40 57 15 8 0 0.00 M M 6.5 14 220 M M 0 20 220
4 73 40 57 15 8 0 0.00 M M 7.4 17 270 M M 0 26 270
5 52 38 45 3 20 0 0.00 M M 14.8 21 360 M M 3 30 340
6 38 30 34 -9 31 0 0.11 M M 10.8 17 350 M M 9 1 23 340
7 60 25 43 0 22 0 0.00 M M 6.3 13 250 M M 0 1 30 260
8 63 31 47 4 18 0 T M M 12.0 29 30 M M 5 1 43 20
9 53 22 38 -5 27 0 0.00 M M 9.8 18 240 M M 1 32 240
10 63 27 45 1 20 0 T M M 14.7 24 360 M M 2 1 40 360
11 41 24 33 -11 32 0 T M M 10.9 18 10 M M 7 1 23 30
12 38 24 31 -13 34 0 T M M 11.0 18 10 M M 8 30 10
13 34 23 29 -15 36 0 T M M 11.0 15 10 M M 10 21 50
14 34 21 28 -16 37 0 0.05 M M 7.8 13 10 M M 9 12 M M
15 34 23 29 -16 36 0 0.01 M M 10.7 18 10 M M 10 1 23 350
16 43 27 35 -10 30 0 T M M 8.7 18 350 M M 8 1 27 350
17 55 31 43 -2 22 0 0.00 M M 6.1 13 10 M M 2 17 10
18 63 28 46 0 19 0 T M M 9.3 31 10 M M 4 1 41 20
19 33 20 27 -19 38 0 M M M 12.7 20 330 M M 9 1 30 340
20 39 16 28 -18 37 0 T M M 6.1 13 40 M M 6 20 340
21 47 19 33 -13 32 0 0.00 M M 4.9 12 140 M M 0 17 99
22 58 23 41 -6 24 0 T M M 6.8 17 330 M M 4 32 330
23 35 26 31 -16 34 0 0.02 M M 8.9 18 360 M M 10 1 21 350
24 55 31 43 -4 22 0 T M M 5.5 13 270 M M 8 33 240
25 60 33 47 -1 18 0 T M M 6.1 14 270 M M 5 29 270
26 46 37 42 -6 23 0 T M M 8.2 14 360 M M 9 M M
27 58 34 46 -2 19 0 0.00 M M 4.4 12 10 M M 3 M M
28 67 39 53 5 12 0 0.00 M M 6.2 14 310 M M 0 20 270
29 74 37 56 7 9 0 0.00 M M 5.2 13 340 M M 2 23 260
30 80 54 67 18 0 2 0.00 M M 9.6 16 260 M M 0 25 240
================================================================================
SM 1608 900 689 2 0.19 M 261.8 M 134
================================================================================
AV 53.6 30.0 8.7 FASTST M M 4 MAX(MPH)
MISC ----> 31 10 43 20
================================================================================
NOTES:
# LAST OF SEVERAL OCCURRENCES
COLUMN 17 PEAK WIND IN M.P.H.
PRELIMINARY LOCAL CLIMATOLOGICAL DATA (WS FORM: F-6) , PAGE 2
STATION: CODY WY
MONTH: APRIL
YEAR: 2021
LATITUDE: 44 31 N
LONGITUDE: 109 1 W
[TEMPERATURE DATA] [PRECIPITATION DATA] SYMBOLS USED IN COLUMN 16
AVERAGE MONTHLY: 41.8 TOTAL FOR MONTH: 0.19 1 = FOG OR MIST
DPTR FM NORMAL: -3.3 DPTR FM NORMAL: M 2 = FOG REDUCING VISIBILITY
HIGHEST: 80 ON 30 GRTST 24HR 0.11 ON 6- 6 TO 1/4 MILE OR LESS
LOWEST: 16 ON 20 3 = THUNDER
SNOW, ICE PELLETS, HAIL 4 = ICE PELLETS
TOTAL MONTH: M 5 = HAIL
GRTST 24HR M ON M 6 = FREEZING RAIN OR DRIZZLE
GRTST DEPTH: M ON M 7 = DUSTSTORM OR SANDSTORM:
VSBY 1/2 MILE OR LESS
8 = SMOKE OR HAZE
[NO. OF DAYS WITH] [WEATHER - DAYS WITH] 9 = BLOWING SNOW
X = TORNADO
MAX 32 OR BELOW: 0 0.01 INCH OR MORE: 4
MAX 90 OR ABOVE: 0 0.10 INCH OR MORE: 1
MIN 32 OR BELOW: 19 0.50 INCH OR MORE: 0
MIN 0 OR BELOW: 0 1.00 INCH OR MORE: 0
[HDD (BASE 65) ]
TOTAL THIS MO. 689 CLEAR (SCALE 0-3) 14
DPTR FM NORMAL 91 PTCLDY (SCALE 4-7) 8
TOTAL FM JUL 1 6705 CLOUDY (SCALE 8-10) 8
DPTR FM NORMAL 505
[CDD (BASE 65) ]
TOTAL THIS MO. 2
DPTR FM NORMAL 2 [PRESSURE DATA]
TOTAL FM JAN 1 2 HIGHEST SLP M ON M
DPTR FM NORMAL 2 LOWEST SLP M ON M
[REMARKS]
#FINAL-04-21#