000
CXUS53 KLSX 011500
CF6CPS
PRELIMINARY LOCAL CLIMATOLOGICAL DATA (WS FORM: F-6)
STATION: CAHOKIA/ST. LOUIS
MONTH: JANUARY
YEAR: 2024
LATITUDE: 38 34 N
LONGITUDE: 90 9 W
TEMPERATURE IN F: :PCPN: SNOW: WIND :SUNSHINE: SKY :PK WND
================================================================================
1 2 3 4 5 6A 6B 7 8 9 10 11 12 13 14 15 16 17 18
12Z AVG MX 2MIN
DY MAX MIN AVG DEP HDD CDD WTR SNW DPTH SPD SPD DIR MIN PSBL S-S WX SPD DR
================================================================================
1 36 32 34 1 31 0 0.00 0.0 0 7.9 18 330 M M 10 23 320
2 43 24 34 1 31 0 0.00 0.0 0 3.4 12 190 M M 1 8 16 230
3 39 24 32 -1 33 0 0.00 0.0 0 5.7 15 330 M M 6 20 330
4 43 24 34 1 31 0 0.00 0.0 0 1.9 13 30 M M 6 18 17 10
5 40 24 32 0 33 0 0.33 M M 4.6 20 100 M M 4 1 23 90
6 37 33 35 3 30 0 0.01 M M 3.9 12 270 M M 10 12 17 260
7 39 27 33 1 32 0 0.00 0.0 M 5.4 14 290 M M 9 20 290
8 40 28 34 2 31 0 M M 0 10.5 22 70 M M 4 1 30 130
9 43 34 39 7 26 0 0.40 M 0 12.5 28 280 M M 10 1 40 300
10 43 30 37 5 28 0 0.00 0.0 M 10.4 22 280 M M 5 34 280
11 51 30 41 9 24 0 T 0.0 0 7.6 20 120 M M 1 32 120
12 50 17 34 2 31 0 0.90 M 0 13.1 29 280 M M 10 1 42 290
13 21 4 13 -19 52 0 T M M 14.3 23 300 M M 10 1 35 270
14 4 -5 0 -32 65 0 0.00 0.0 M 10.7 22 290 M M 4 8 30 290
15 10 -1 5 -27 60 0 T M M 8.9 15 300 M M 4 22 300
16 15 2 9 -23 56 0 T M M 8.4 18 310 M M 2 8 24 300
17 41 9 25 -7 40 0 0.00 0.0 M 8.9 16 150 M M 0 23 160
18 42 24 33 1 32 0 T M M 5.0 17 330 M M 4 1 22 340
19 31 7 19 -13 46 0 T M M 17.1 28 320 M M 4 1 38 310
20 20 2 11 -21 54 0 0.00 0.0 M 6.9 18 330 M M 0 24 330
21 32 4 18 -14 47 0 0.00 0.0 M 8.6 17 170 M M 2 27 160
22 37 29 33 1 32 0 0.48 0.0 M 7.0 13 170 M M 10 16 19 190
23 48 36 42 10 23 0 0.75 0.0 0 3.6 10 250 M M 10 1 15 240
24 48 40 44 12 21 0 0.37 0.0 0 3.3 8 300 M M 10 12 10 320
25 43 38 41 9 24 0 0.45 0.0 0 3.8 9 40 M M 10 12 10 290
26 45 40 43 11 22 0 0.00 0.0 0 5.6 13 340 M M 10 1 18 340
27 41 38 40 8 25 0 M 0.0 0 9.6 18 330 M M 10 1 25 320
28 39 36 38 6 27 0 0.00 0.0 0 13.0 21 320 M M 10 1 28 330
29 52 33 43 10 22 0 0.00 0.0 0 4.6 12 320 M M 5 12 15 310
30 44 36 40 7 25 0 T 0.0 0 10.8 23 320 M M 8 29 330
31 53 37 45 12 20 0 0.00 M M 4.8 12 320 M M 5 15 320
================================================================================
SM 1170 736 1054 0 3.69 0.0 241.8 M 194
================================================================================
AV 37.7 23.7 7.8 FASTST M M 6 MAX(MPH)
MISC ----> 29 280 42 290
================================================================================
NOTES:
# LAST OF SEVERAL OCCURRENCES
COLUMN 17 PEAK WIND IN M.P.H.
PRELIMINARY LOCAL CLIMATOLOGICAL DATA (WS FORM: F-6) , PAGE 2
STATION: CAHOKIA/ST. LOUIS
MONTH: JANUARY
YEAR: 2024
LATITUDE: 38 34 N
LONGITUDE: 90 9 W
[TEMPERATURE DATA] [PRECIPITATION DATA] SYMBOLS USED IN COLUMN 16
AVERAGE MONTHLY: 30.7 TOTAL FOR MONTH: 3.69 1 = FOG OR MIST
DPTR FM NORMAL: -1.4 DPTR FM NORMAL: 1.23 2 = FOG REDUCING VISIBILITY
HIGHEST: 53 ON 31 GRTST 24HR 1.23 ON 11-12 TO 1/4 MILE OR LESS
LOWEST: -5 ON 14 3 = THUNDER
SNOW, ICE PELLETS, HAIL 4 = ICE PELLETS
TOTAL MONTH: 0.0 INCH 5 = HAIL
GRTST 24HR 0.0 6 = FREEZING RAIN OR DRIZZLE
GRTST DEPTH: 0 7 = DUSTSTORM OR SANDSTORM:
VSBY 1/2 MILE OR LESS
8 = SMOKE OR HAZE
[NO. OF DAYS WITH] [WEATHER - DAYS WITH] 9 = BLOWING SNOW
X = TORNADO
MAX 32 OR BELOW: 7 0.01 INCH OR MORE: 8
MAX 90 OR ABOVE: 0 0.10 INCH OR MORE: 7
MIN 32 OR BELOW: 20 0.50 INCH OR MORE: 2
MIN 0 OR BELOW: 2 1.00 INCH OR MORE: 0
[HDD (BASE 65) ]
TOTAL THIS MO. 1054 CLEAR (SCALE 0-3) 6
DPTR FM NORMAL 36 PTCLDY (SCALE 4-7) 12
TOTAL FM JUL 1 2497 CLOUDY (SCALE 8-10) 13
DPTR FM NORMAL -294
[CDD (BASE 65) ]
TOTAL THIS MO. 0
DPTR FM NORMAL 0 [PRESSURE DATA]
TOTAL FM JAN 1 0 HIGHEST SLP 30.72 ON 20
DPTR FM NORMAL 0 LOWEST SLP 29.09 ON 9
[REMARKS]
#FINAL-01-24#