000
CXUS54 KFWD 010730
CF6CPT
PRELIMINARY LOCAL CLIMATOLOGICAL DATA (WS FORM: F-6)
STATION: CLEBURNE
MONTH: OCTOBER
YEAR: 2023
LATITUDE: 32 21 N
LONGITUDE: 97 24 W
TEMPERATURE IN F: :PCPN: SNOW: WIND :SUNSHINE: SKY :PK WND
================================================================================
1 2 3 4 5 6A 6B 7 8 9 10 11 12 13 14 15 16 17 18
12Z AVG MX 2MIN
DY MAX MIN AVG DEP HDD CDD WTR SNW DPTH SPD SPD DIR MIN PSBL S-S WX SPD DR
================================================================================
1 91 66 79 8 0 14 0.00 M M 6.7 14 100 M M 0 21 150
2 90 64 77 6 0 12 0.00 M M 7.3 14 110 M M 1 22 120
3 91 68 80 9 0 15 0.00 M M 9.4 18 150 M M 1 26 150
4 93 68 81 11 0 16 1.60 M M 12.1 28 10 M M 5 3 37 350
5 81 68 75 5 0 10 0.54 M M 7.6 17 60 M M 7 138 27 60
6 84 63 74 4 0 9 0.00 M M 8.8 21 30 M M 0 28 30
7 70 54 62 -7 3 0 0.00 M M 10.1 20 30 M M 0 25 30
8 77 50 64 -5 1 0 0.00 M M 6.4 12 180 M M 0 14 170
9 86 57 72 3 0 7 0.00 M M 9.1 14 180 M M 0 21 210
10 81 61 71 3 0 6 0.00 M M 10.5 18 170 M M 1 25 170
11 73 64 69 1 0 4 0.00 M M 11.8 17 140 M M 6 24 160
12 81 64 73 5 0 8 0.00 M M 14.3 22 170 M M 6 31 170
13 79 59 69 1 0 4 0.00 M M 12.9 22 340 M M 2 8 29 340
14 72 54 63 -4 2 0 0.00 M M 13.1 20 340 M M 0 26 350
15 68 48 58 -9 7 0 0.00 M M 12.7 23 330 M M 0 30 330
16 66 43 55 -11 10 0 0.00 M M 9.6 18 360 M M 0 29 10
17 73 41 57 -9 8 0 0.00 M M 4.4 9 150 M M 0 17 130
18 81 52 67 1 0 2 0.00 M M 13.0 22 180 M M 0 29 160
19 84 52 68 2 0 3 0.00 M M 7.6 16 350 M M 0 8 22 350
20 90 57 74 9 0 9 0.00 M M 6.0 15 290 M M 0 8 18 290
21 90 59 75 10 0 10 0.00 M M 6.3 13 170 M M 0 16 160
22 82 66 74 9 0 9 0.00 M M 8.2 15 140 M M 0 20 140
23 77 68 73 9 0 8 0.09 M M 10.0 17 160 M M 6 1 25 160
24 73 72 73 9 0 8 0.83 M M 12.0 21 150 M M 9 1 30 150
25 79 70 75 11 0 10 2.81 M M 12.0 17 150 M M 9 1 26 150
26 81 66 74 11 0 9 1.25 M M 10.7 15 160 M M 6 1 23 180
27 86 64 75 12 0 10 0.61 M M 10.4 14 30 M M 8 13 22 180
28 64 57 61 -2 4 0 2.81 M M 9.0 15 40 M M 10 1 15 40
29 57 39 48 -14 17 0 0.13 M M 17.8 24 350 M M 8 1 31 340
30 48 37 43 -19 22 0 0.64 M M 17.0 28 350 M M 4 1 35 350
31 57 32 45 -17 20 0 0.00 M M 8.9 15 360 M M 1 20 340
================================================================================
SM 2405 1783 94 183 11.31 M 315.7 M 90
================================================================================
AV 77.6 57.5 10.2 FASTST M M 3 MAX(MPH)
MISC ----> # 28 10 37 350
================================================================================
NOTES:
# LAST OF SEVERAL OCCURRENCES
COLUMN 17 PEAK WIND IN M.P.H.
PRELIMINARY LOCAL CLIMATOLOGICAL DATA (WS FORM: F-6) , PAGE 2
STATION: CLEBURNE
MONTH: OCTOBER
YEAR: 2023
LATITUDE: 32 21 N
LONGITUDE: 97 24 W
[TEMPERATURE DATA] [PRECIPITATION DATA] SYMBOLS USED IN COLUMN 16
AVERAGE MONTHLY: 67.5 TOTAL FOR MONTH: 11.31 1 = FOG OR MIST
DPTR FM NORMAL: 1.0 DPTR FM NORMAL: 7.42 2 = FOG REDUCING VISIBILITY
HIGHEST: 93 ON 4 GRTST 24HR 2.81 ON 25-25 TO 1/4 MILE OR LESS
LOWEST: 32 ON 31 3 = THUNDER
SNOW, ICE PELLETS, HAIL 4 = ICE PELLETS
TOTAL MONTH: M 5 = HAIL
GRTST 24HR M ON M 6 = FREEZING RAIN OR DRIZZLE
GRTST DEPTH: M ON M 7 = DUSTSTORM OR SANDSTORM:
VSBY 1/2 MILE OR LESS
8 = SMOKE OR HAZE
[NO. OF DAYS WITH] [WEATHER - DAYS WITH] 9 = BLOWING SNOW
X = TORNADO
MAX 32 OR BELOW: 0 0.01 INCH OR MORE: 10
MAX 90 OR ABOVE: 6 0.10 INCH OR MORE: 9
MIN 32 OR BELOW: 1 0.50 INCH OR MORE: 8
MIN 0 OR BELOW: 0 1.00 INCH OR MORE: 4
[HDD (BASE 65) ]
TOTAL THIS MO. 94 CLEAR (SCALE 0-3) 19
DPTR FM NORMAL 16 PTCLDY (SCALE 4-7) 7
TOTAL FM JUL 1 94 CLOUDY (SCALE 8-10) 5
DPTR FM NORMAL 8
[CDD (BASE 65) ]
TOTAL THIS MO. 183
DPTR FM NORMAL 57 [PRESSURE DATA]
TOTAL FM JAN 1 3228 HIGHEST SLP M ON M
DPTR FM NORMAL 755 LOWEST SLP M ON M
[REMARKS]
#FINAL-10-23#