000
CXUS52 KJAX 010800
CF6CRG
PRELIMINARY LOCAL CLIMATOLOGICAL DATA (WS FORM: F-6)
STATION: CRAIG EXEC ARPT
MONTH: OCTOBER
YEAR: 2022
LATITUDE: 30 19 N
LONGITUDE: 81 31 W
TEMPERATURE IN F: :PCPN: SNOW: WIND :SUNSHINE: SKY :PK WND
================================================================================
1 2 3 4 5 6A 6B 7 8 9 10 11 12 13 14 15 16 17 18
12Z AVG MX 2MIN
DY MAX MIN AVG DEP HDD CDD WTR SNW DPTH SPD SPD DIR MIN PSBL S-S WX SPD DR
================================================================================
1 86 60 73 -3 0 8 0.00 0.0 0 4.1 15 250 M M 2 21 260
2 84 63 74 -2 0 9 0.00 0.0 0 6.8 15 330 M M 0 20 310
3 74 63 69 -7 0 4 0.00 0.0 0 9.6 17 40 M M 5 24 10
4 73 56 65 -10 0 0 0.00 0.0 0 9.2 22 50 M M 1 37 60
5 82 53 68 -7 0 3 0.00 0.0 0 4.6 10 140 M M 0 17 110
6 85 58 72 -3 0 7 0.00 0.0 0 3.7 13 140 M M 0 17 140
7 88 59 74 -1 0 9 0.00 0.0 0 2.9 10 110 M M 0 14 90
8 87 59 73 -1 0 8 0.00 0.0 0 2.5 12 50 M M 0 14 80
9 85 63 74 0 0 9 0.00 0.0 0 3.8 13 60 M M 1 1 17 60
10 81 65 73 -1 0 8 0.00 0.0 0 5.7 15 70 M M 4 12 21 20
11 86 67 77 3 0 12 T 0.0 0 7.6 17 60 M M 5 1 24 60
12 84 74 79 6 0 14 0.40 0.0 0 5.8 15 100 M M 6 13 21 150
13 87 66 77 4 0 12 0.67 0.0 0 5.8 24 340 M M 4 13 33 290
14 83 62 73 0 0 8 0.00 0.0 0 4.4 13 30 M M 0 17 10
15 81 60 71 -1 0 6 0.00 0.0 0 3.8 13 50 M M 0 1 18 50
16 84 59 72 0 0 7 0.00 0.0 0 2.5 12 70 M M 0 15 60
17 84 68 76 4 0 11 0.28 0.0 0 6.0 16 220 M M 3 13 21 230
18 74 54 64 -7 1 0 0.00 0.0 0 11.8 20 340 M M 1 30 350
19 66 45 56 -15 9 0 0.00 0.0 0 7.7 18 350 M M 0 27 330
20 72 46 59 -12 6 0 0.00 0.0 0 3.7 12 20 M M 0 16 330
21 72 46 59 -11 6 0 0.00 0.0 0 5.0 13 80 M M 0 20 80
22 74 49 62 -8 3 0 0.00 0.0 0 6.7 18 10 M M 0 26 50
23 79 53 66 -4 0 1 0.00 0.0 0 4.8 15 30 M M 1 19 60
24 77 55 66 -3 0 1 0.00 0.0 0 3.5 14 70 M M 1 1 20 80
25 82 53 68 -1 0 3 0.00 0.0 0 2.4 10 100 M M 0 14 90
26 88 61 75 6 0 10 0.00 0.0 0 5.6 15 230 M M 3 22 250
27 78 61 70 1 0 5 0.00 0.0 0 8.1 16 50 M M 6 21 50
28 75 69 72 4 0 7 0.00 0.0 0 11.0 16 30 M M 10 25 50
29 71 68 70 2 0 5 T 0.0 0 11.2 17 40 M M 10 1 30 20
30 78 67 73 5 0 8 0.02 0.0 0 6.8 13 40 M M 9 1 17 40
31 85 66 76 9 0 11 0.03 0.0 0 3.9 12 140 M M 4 128 17 140
================================================================================
SM 2485 1848 25 186 1.40 0.0 181.0 M 76
================================================================================
AV 80.2 59.6 5.8 FASTST M M 2 MAX(MPH)
MISC ----> 24 340 37 60
================================================================================
NOTES:
# LAST OF SEVERAL OCCURRENCES
COLUMN 17 PEAK WIND IN M.P.H.
PRELIMINARY LOCAL CLIMATOLOGICAL DATA (WS FORM: F-6) , PAGE 2
STATION: CRAIG EXEC ARPT
MONTH: OCTOBER
YEAR: 2022
LATITUDE: 30 19 N
LONGITUDE: 81 31 W
[TEMPERATURE DATA] [PRECIPITATION DATA] SYMBOLS USED IN COLUMN 16
AVERAGE MONTHLY: 69.9 TOTAL FOR MONTH: 1.40 1 = FOG OR MIST
DPTR FM NORMAL: -2.0 DPTR FM NORMAL: -4.59 2 = FOG REDUCING VISIBILITY
HIGHEST: 88 ON 26, 7 GRTST 24HR 0.98 ON 12-13 TO 1/4 MILE OR LESS
LOWEST: 45 ON 19 3 = THUNDER
SNOW, ICE PELLETS, HAIL 4 = ICE PELLETS
TOTAL MONTH: 0.0 INCH 5 = HAIL
GRTST 24HR 0.0 6 = FREEZING RAIN OR DRIZZLE
GRTST DEPTH: 0 7 = DUSTSTORM OR SANDSTORM:
VSBY 1/2 MILE OR LESS
8 = SMOKE OR HAZE
[NO. OF DAYS WITH] [WEATHER - DAYS WITH] 9 = BLOWING SNOW
X = TORNADO
MAX 32 OR BELOW: 0 0.01 INCH OR MORE: 5
MAX 90 OR ABOVE: 0 0.10 INCH OR MORE: 3
MIN 32 OR BELOW: 0 0.50 INCH OR MORE: 1
MIN 0 OR BELOW: 0 1.00 INCH OR MORE: 0
[HDD (BASE 65) ]
TOTAL THIS MO. 25 CLEAR (SCALE 0-3) 21
DPTR FM NORMAL 6 PTCLDY (SCALE 4-7) 7
TOTAL FM JUL 1 25 CLOUDY (SCALE 8-10) 3
DPTR FM NORMAL 9
[CDD (BASE 65) ]
TOTAL THIS MO. 186
DPTR FM NORMAL -45 [PRESSURE DATA]
TOTAL FM JAN 1 3101 HIGHEST SLP 30.22 ON 29
DPTR FM NORMAL 433 LOWEST SLP 29.75 ON 18
[REMARKS]
#FINAL-10-22#