000
CXUS52 KJAX 051207
CF6CRG
PRELIMINARY LOCAL CLIMATOLOGICAL DATA (WS FORM: F-6)
STATION: CRAIG EXEC ARPT
MONTH: DECEMBER
YEAR: 2021
LATITUDE: 30 19 N
LONGITUDE: 81 31 W
TEMPERATURE IN F: :PCPN: SNOW: WIND :SUNSHINE: SKY :PK WND
================================================================================
1 2 3 4 5 6A 6B 7 8 9 10 11 12 13 14 15 16 17 18
12Z AVG MX 2MIN
DY MAX MIN AVG DEP HDD CDD WTR SNW DPTH SPD SPD DIR MIN PSBL S-S WX SPD DR
================================================================================
1 71 42 57 -3 8 0 0.00 0.0 0 2.1 9 50 M M 1 13 40
2 73 47 60 0 5 0 0.00 0.0 0 2.9 10 320 M M 0 1 14 320
3 76 46 61 1 4 0 0.00 0.0 0 2.3 9 230 M M 0 1 13 270
4 72 45 59 -1 6 0 0.00 0.0 0 2.6 8 140 M M 2 12 12 280
5 73 47 60 0 5 0 0.00 0.0 0 1.4 9 100 M M 3 12 12 160
6 81 50 66 7 0 1 0.00 0.0 0 4.6 16 250 M M 4 12 24 240
7 73 62 68 9 0 3 0.00 0.0 0 4.2 9 70 M M 3 1 11 70
8 80 63 72 13 0 7 0.45 0.0 0 7.6 18 220 M M 6 1 25 220
9 69 55 62 3 3 0 0.00 0.0 0 4.0 12 30 M M 8 12 18 20
10 80 54 67 8 0 2 0.00 0.0 0 3.5 9 150 M M 3 12 13 110
11 83 63 73 15 0 8 0.00 0.0 0 5.8 14 210 M M 2 12 20 210
12 71 61 66 8 0 1 T 0.0 0 7.3 15 40 M M 8 1 21 30
13 68 61 65 7 0 0 0.00 0.0 0 6.3 14 30 M M 8 20 30
14 70 59 65 7 0 0 T 0.0 0 8.0 15 20 M M 9 1 22 20
15 77 63 70 12 0 5 0.00 0.0 0 7.9 15 60 M M 7 1 22 60
16 80 65 73 15 0 8 0.02 0.0 0 5.4 17 140 M M 7 1 22 140
17 81 61 71 14 0 6 0.00 0.0 0 4.2 14 140 M M 1 1 19 140
18 82 57 70 13 0 5 0.00 0.0 0 5.3 14 220 M M 0 1 20 240
19 81 66 74 17 0 9 0.23 0.0 0 7.0 16 230 M M 4 1 24 210
20 68 56 62 5 3 0 0.05 0.0 0 14.5 22 40 M M 10 1 34 20
21 63 48 56 -1 9 0 1.52 0.0 0 12.7 21 90 M M 10 1 32 80
22 64 46 55 -2 10 0 T 0.0 0 9.7 17 310 M M 3 1 24 290
23 66 42 54 -2 11 0 0.00 0.0 0 8.0 17 30 M M 0 22 50
24 74 46 60 4 5 0 0.00 0.0 0 2.7 12 100 M M 1 1 16 160
25 76 48 62 6 3 0 0.00 0.0 0 5.9 17 250 M M 0 1 25 240
26 80 59 70 14 0 5 0.00 0.0 0 5.8 15 310 M M 2 1 22 310
27 76 58 67 11 0 2 0.00 0.0 0 4.7 13 250 M M 3 12 19 330
28 80 56 68 12 0 3 0.00 0.0 0 4.0 13 210 M M 1 12 17 190
29 82 56 69 13 0 4 0.00 0.0 0 7.0 17 230 M M 0 1 24 230
30 82 61 72 17 0 7 0.00 0.0 0 6.5 15 240 M M 2 12 21 230
31 83 68 76 21 0 11 0.00 0.0 0 6.7 13 240 M M 6 1 18 220
================================================================================
SM 2335 1711 72 87 2.27 0.0 180.6 M 114
================================================================================
AV 75.3 55.2 5.8 FASTST M M 4 MAX(MPH)
MISC ----> 22 40 34 20
================================================================================
NOTES:
# LAST OF SEVERAL OCCURRENCES
COLUMN 17 PEAK WIND IN M.P.H.
PRELIMINARY LOCAL CLIMATOLOGICAL DATA (WS FORM: F-6) , PAGE 2
STATION: CRAIG EXEC ARPT
MONTH: DECEMBER
YEAR: 2021
LATITUDE: 30 19 N
LONGITUDE: 81 31 W
[TEMPERATURE DATA] [PRECIPITATION DATA] SYMBOLS USED IN COLUMN 16
AVERAGE MONTHLY: 65.3 TOTAL FOR MONTH: 2.27 1 = FOG OR MIST
DPTR FM NORMAL: 7.7 DPTR FM NORMAL: -0.53 2 = FOG REDUCING VISIBILITY
HIGHEST: 83 ON 31,11 GRTST 24HR 1.55 ON 20-21 TO 1/4 MILE OR LESS
LOWEST: 42 ON 23, 1 3 = THUNDER
SNOW, ICE PELLETS, HAIL 4 = ICE PELLETS
TOTAL MONTH: 0.0 INCH 5 = HAIL
GRTST 24HR 0.0 6 = FREEZING RAIN OR DRIZZLE
GRTST DEPTH: 0 7 = DUSTSTORM OR SANDSTORM:
VSBY 1/2 MILE OR LESS
8 = SMOKE OR HAZE
[NO. OF DAYS WITH] [WEATHER - DAYS WITH] 9 = BLOWING SNOW
X = TORNADO
MAX 32 OR BELOW: 0 0.01 INCH OR MORE: 5
MAX 90 OR ABOVE: 0 0.10 INCH OR MORE: 3
MIN 32 OR BELOW: 0 0.50 INCH OR MORE: 1
MIN 0 OR BELOW: 0 1.00 INCH OR MORE: 1
[HDD (BASE 65) ]
TOTAL THIS MO. 72 CLEAR (SCALE 0-3) 16
DPTR FM NORMAL -186 PTCLDY (SCALE 4-7) 10
TOTAL FM JUL 1 237 CLOUDY (SCALE 8-10) 5
DPTR FM NORMAL -153
[CDD (BASE 65) ]
TOTAL THIS MO. 87
DPTR FM NORMAL 59 [PRESSURE DATA]
TOTAL FM JAN 1 3081 HIGHEST SLP 30.41 ON 14
DPTR FM NORMAL 319 LOWEST SLP 29.70 ON 21
[REMARKS]
#FINAL-12-21#