000
CXUS52 KJAX 060324
CF6CRG
PRELIMINARY LOCAL CLIMATOLOGICAL DATA (WS FORM: F-6)
STATION: CRAIG EXEC ARPT
MONTH: AUGUST
YEAR: 2021
LATITUDE: 30 19 N
LONGITUDE: 81 31 W
TEMPERATURE IN F: :PCPN: SNOW: WIND :SUNSHINE: SKY :PK WND
================================================================================
1 2 3 4 5 6A 6B 7 8 9 10 11 12 13 14 15 16 17 18
12Z AVG MX 2MIN
DY MAX MIN AVG DEP HDD CDD WTR SNW DPTH SPD SPD DIR MIN PSBL S-S WX SPD DR
================================================================================
1 94 74 84 2 0 19 0.95 0.0 0 9.8 23 340 M M 4 13 33 360
2 94 73 84 2 0 19 0.04 0.0 0 6.7 25 350 M M 3 13 33 10
3 84 75 80 -2 0 15 0.45 0.0 0 7.8 17 230 M M 7 13 24 220
4 87 76 82 0 0 17 0.37 0.0 0 5.7 13 60 M M 9 1 17 80
5 85 75 80 -2 0 15 1.11 0.0 0 5.0 18 250 M M 6 13 26 240
6 92 75 84 2 0 19 T 0.0 0 6.4 25 280 M M 2 3 36 290
7 91 74 83 1 0 18 T 0.0 0 4.4 16 140 M M 2 21 140
8 92 75 84 2 0 19 0.72 0.0 0 4.7 17 20 M M 2 13 23 20
9 91 76 84 2 0 19 0.00 0.0 0 3.3 14 160 M M 0 3 18 150
10 91 75 83 1 0 18 0.00 0.0 0 3.9 15 140 M M 1 21 110
11 90 75 83 1 0 18 0.03 0.0 0 3.0 15 130 M M 1 3 22 140
12 91 74 83 1 0 18 T 0.0 0 3.6 13 100 M M 2 3 18 100
13 91 75 83 1 0 18 0.00 0.0 0 3.7 14 110 M M 1 1 20 90
14 84 72 78 -4 0 13 1.89 0.0 0 3.4 16 100 M M 3 13 28 90
15 88 75 82 0 0 17 0.42 0.0 0 5.6 16 140 M M 2 13 23 140
16 86 76 81 -1 0 16 0.66 0.0 0 6.6 21 130 M M 3 13 35 150
17 93 77 85 3 0 20 0.02 0.0 0 7.7 17 200 M M 2 13 23 220
18 90 77 84 2 0 19 0.49 0.0 0 5.0 25 100 M M 2 13 30 110
19 92 77 85 3 0 20 0.00 0.0 0 3.8 12 90 M M 2 15 140
20 96 77 87 5 0 22 0.09 0.0 0 4.8 15 300 M M 1 13 20 300
21 95 76 86 5 0 21 0.00 0.0 0 6.1 16 220 M M 1 23 230
22 92 77 85 4 0 20 0.91 0.0 0 6.4 29 270 M M 1 13 39 270
23 94 78 86 5 0 21 0.04 0.0 0 6.7 18 220 M M 2 3 24 210
24 91 72 82 1 0 17 0.54 0.0 0 4.5 13 310 M M 4 13 20 230
25 90 73 82 1 0 17 0.00 0.0 0 5.1 14 110 M M 4 20 110
26 88 77 83 2 0 18 0.14 0.0 0 6.2 20 80 M M 2 13 30 90
27 87 77 82 1 0 17 0.29 0.0 0 7.2 21 110 M M 4 13 32 110
28 89 78 84 3 0 19 0.05 0.0 0 8.0 18 130 M M 4 13 27 140
29 89 77 83 2 0 18 T 0.0 0 6.3 16 100 M M 4 1 23 110
30 90 72 81 0 0 16 0.00 0.0 0 4.1 13 100 M M 1 1 19 110
31 94 76 85 4 0 20 T 0.0 0 8.5 18 220 M M 1 1 25 240
================================================================================
SM 2801 2336 0 563 9.21 0.0 174.0 M 83
================================================================================
AV 90.4 75.4 5.6 FASTST M M 3 MAX(MPH)
MISC ----> 29 270 39 270
================================================================================
NOTES:
# LAST OF SEVERAL OCCURRENCES
COLUMN 17 PEAK WIND IN M.P.H.
PRELIMINARY LOCAL CLIMATOLOGICAL DATA (WS FORM: F-6) , PAGE 2
STATION: CRAIG EXEC ARPT
MONTH: AUGUST
YEAR: 2021
LATITUDE: 30 19 N
LONGITUDE: 81 31 W
[TEMPERATURE DATA] [PRECIPITATION DATA] SYMBOLS USED IN COLUMN 16
AVERAGE MONTHLY: 82.9 TOTAL FOR MONTH: 9.21 1 = FOG OR MIST
DPTR FM NORMAL: 1.2 DPTR FM NORMAL: 2.34 2 = FOG REDUCING VISIBILITY
HIGHEST: 96 ON 20 GRTST 24HR 2.31 ON 14-15 TO 1/4 MILE OR LESS
LOWEST: 72 ON 30,24 3 = THUNDER
SNOW, ICE PELLETS, HAIL 4 = ICE PELLETS
TOTAL MONTH: 0.0 INCH 5 = HAIL
GRTST 24HR 0.0 6 = FREEZING RAIN OR DRIZZLE
GRTST DEPTH: 0 7 = DUSTSTORM OR SANDSTORM:
VSBY 1/2 MILE OR LESS
8 = SMOKE OR HAZE
[NO. OF DAYS WITH] [WEATHER - DAYS WITH] 9 = BLOWING SNOW
X = TORNADO
MAX 32 OR BELOW: 0 0.01 INCH OR MORE: 19
MAX 90 OR ABOVE: 21 0.10 INCH OR MORE: 13
MIN 32 OR BELOW: 0 0.50 INCH OR MORE: 7
MIN 0 OR BELOW: 0 1.00 INCH OR MORE: 2
[HDD (BASE 65) ]
TOTAL THIS MO. 0 CLEAR (SCALE 0-3) 21
DPTR FM NORMAL 0 PTCLDY (SCALE 4-7) 9
TOTAL FM JUL 1 0 CLOUDY (SCALE 8-10) 1
DPTR FM NORMAL 0
[CDD (BASE 65) ]
TOTAL THIS MO. 563
DPTR FM NORMAL 47 [PRESSURE DATA]
TOTAL FM JAN 1 2265 HIGHEST SLP 30.21 ON 10
DPTR FM NORMAL 242 LOWEST SLP 29.81 ON 31
[REMARKS]
#FINAL-08-21#