000
CXUS54 KCRP 011456
CLMCRP
CLIMATE REPORT
NATIONAL WEATHER SERVICE CORPUS CHRISTI TX
913 AM CDT FRI SEP 01 2023
...................................
...THE CORPUS CHRISTI CLIMATE SUMMARY FOR THE MONTH OF AUGUST 2023...
CLIMATE NORMAL PERIOD 1991 TO 2020
CLIMATE RECORD PERIOD 1887 TO 2023
WEATHER OBSERVED NORMAL DEPART LAST YEAR`S
VALUE DATE(S) VALUE FROM VALUE DATE(S)
NORMAL
................................................................
TEMPERATURE (F)
RECORD
HIGH 107 08/30/2012
08/29/2012
08/28/2011
LOW 64 08/13/2004
HIGHEST 103 08/15 94 9 99 08/12
08/16
08/17
LOWEST 72 08/31 75 -3 73 08/15
AVG. MAXIMUM 99.7 95.0 4.7 94.0
AVG. MINIMUM 77.9 75.8 2.1 77.4
MEAN 88.8 85.4 3.4 85.7
DAYS MAX >= 90 30 29.0 1.0 27
DAYS MAX <= 32 0 0.0 0.0 0
DAYS MIN <= 32 0 0.0 0.0 0
DAYS MIN <= 0 0 0.0 0.0 0
PRECIPITATION (INCHES)
RECORD
MAXIMUM 14.79 1980
MINIMUM 0.00 1911
1899
TOTALS 5.04 2.75 2.29 11.21
DAILY AVG. 0.16 0.09 0.07 0.36
DAYS >= .01 2 6.1 -4.1 15
DAYS >= .10 2 3.8 -1.8 12
DAYS >= .50 1 1.7 -0.7 8
DAYS >= 1.00 1 0.7 0.3 4
GREATEST
24 HR. TOTAL 4.74 08/22 TO 08/22 4.70
SNOWFALL (INCHES)
RECORDS
TOTAL 0.0 MM
24 HR TOTAL 0.0 MM
TOTALS 0.0 0.0 0.0 0.0
SINCE 7/1 0.0 0.0 0.0 MM
SNOWDEPTH AVG. 0 0
DAYS >= 1.0 0 0.0 0.0 0
GREATEST
SNOW DEPTH 0 0
24 HR TOTAL 0.0 MM
DEGREE DAYS
HEATING TOTAL 0 0 0 0
SINCE 7/1 0 0 0 MM
COOLING TOTAL 747 632 115 650
SINCE 1/1 3345 2721 624 MM
................................................................
WIND (MPH)
AVERAGE WIND SPEED 11.0
HIGHEST WIND SPEED/DIRECTION 43/090 DATE 08/22
HIGHEST GUST SPEED/DIRECTION 62/070 DATE 08/22
SKY COVER
AVERAGE SKY COVER 0.37
AVERAGE RH (PERCENT) 71
WEATHER CONDITIONS. NUMBER OF DAYS WITH
THUNDERSTORM 2 MIXED PRECIP 0
HEAVY RAIN 2 RAIN 2
LIGHT RAIN 3 FREEZING RAIN 0
LT FREEZING RAIN 0 HAIL 0
HEAVY SNOW 0 SNOW 0
LIGHT SNOW 0 SLEET 0
FOG 8 FOG W/VIS <= 1/4 MILE 1
HAZE 1
- INDICATES NEGATIVE NUMBERS.
R INDICATES RECORD WAS SET OR TIED.
MM INDICATES DATA IS MISSING.
T INDICATES TRACE AMOUNT.
$$