000
CXUS54 KCRP 011821
CLMCRP
CLIMATE REPORT
NATIONAL WEATHER SERVICE CORPUS CHRISTI TX
119 PM CDT THU JUN 01 2023
...................................
...THE CORPUS CHRISTI CLIMATE SUMMARY FOR THE MONTH OF MAY 2023...
CLIMATE NORMAL PERIOD 1991 TO 2020
CLIMATE RECORD PERIOD 1887 TO 2023
WEATHER OBSERVED NORMAL DEPART LAST YEAR`S
VALUE DATE(S) VALUE FROM VALUE DATE(S)
NORMAL
................................................................
TEMPERATURE (F)
RECORD
HIGH 103 05/10/2006
05/03/1984
LOW 45 05/01/1925
HIGHEST 91 05/22 86 5 96 05/07
05/23
05/31
LOWEST 64 05/01 70 -6 64 05/25
AVG. MAXIMUM 87.8 87.3 0.5 90.3
AVG. MINIMUM 72.3 70.7 1.6 72.9
MEAN 80.0 79.0 1.0 81.6
DAYS MAX >= 90 11 9.9 1.1 23
DAYS MAX <= 32 0 0.0 0.0 0
DAYS MIN <= 32 0 0.0 0.0 0
DAYS MIN <= 0 0 0.0 0.0 0
PRECIPITATION (INCHES)
RECORD
MAXIMUM 14.32 2015
MINIMUM 0.00 1998
TOTALS 3.33 3.38 -0.05 2.70
DAILY AVG. 0.11 0.11 0.00 0.09
DAYS >= .01 8 6.2 1.8 4
DAYS >= .10 4 3.7 0.3 3
DAYS >= .50 2 1.9 0.1 2
DAYS >= 1.00 2 1.1 0.9 2
GREATEST
24 HR. TOTAL 1.38 05/13 TO 05/13 1.35
SNOWFALL (INCHES)
RECORDS
TOTAL 0.0 MM
24 HR TOTAL 0.0 MM
TOTALS 0.0 0.0 0.0 0.0
SINCE 7/1 0.0 0.2 -0.2 MM
SNOWDEPTH AVG. 0 0
DAYS >= 1.0 0 0.0 0.0 0
GREATEST
SNOW DEPTH 0 0
24 HR TOTAL MM 0.0
DEGREE DAYS
HEATING TOTAL 0 0 0 0
SINCE 7/1 728 801 -73 MM
COOLING TOTAL 475 434 41 524
SINCE 1/1 1220 934 286 MM
................................................................
WIND (MPH)
AVERAGE WIND SPEED 8.2
HIGHEST WIND SPEED/DIRECTION 25/330 DATE 05/09
HIGHEST GUST SPEED/DIRECTION 37/340 DATE 05/09
SKY COVER
AVERAGE SKY COVER 0.73
AVERAGE RH (PERCENT) 78
WEATHER CONDITIONS. NUMBER OF DAYS WITH
THUNDERSTORM 9 MIXED PRECIP 0
HEAVY RAIN 3 RAIN 4
LIGHT RAIN 14 FREEZING RAIN 0
LT FREEZING RAIN 0 HAIL 0
HEAVY SNOW 0 SNOW 0
LIGHT SNOW 0 SLEET 0
FOG 13 FOG W/VIS <= 1/4 MILE 0
HAZE 2
- INDICATES NEGATIVE NUMBERS.
R INDICATES RECORD WAS SET OR TIED.
MM INDICATES DATA IS MISSING.
T INDICATES TRACE AMOUNT.
$$