000
CXUS54 KFWD 010730
CF6CRS
PRELIMINARY LOCAL CLIMATOLOGICAL DATA (WS FORM: F-6)
STATION: CORSICANA
MONTH: OCTOBER
YEAR: 2023
LATITUDE: 32 1 N
LONGITUDE: 96 24 W
TEMPERATURE IN F: :PCPN: SNOW: WIND :SUNSHINE: SKY :PK WND
================================================================================
1 2 3 4 5 6A 6B 7 8 9 10 11 12 13 14 15 16 17 18
12Z AVG MX 2MIN
DY MAX MIN AVG DEP HDD CDD WTR SNW DPTH SPD SPD DIR MIN PSBL S-S WX SPD DR
================================================================================
1 93 68 81 7 0 16 0.00 M M 5.1 12 110 M M 0 17 110
2 92 70 81 7 0 16 0.00 M M 7.1 16 120 M M 0 24 140
3 92 67 80 7 0 15 0.00 M M 9.6 24 150 M M 2 8 30 150
4 94 72 83 10 0 18 1.23 M M 11.4 41 300 M M 7 13 64 310
5 83 70 77 4 0 12 0.31 M M 5.8 13 340 M M 5 138 20 30
6 86 65 76 4 0 11 0.00 M M 6.3 13 10 M M 0 21 10
7 72 56 64 -8 1 0 0.00 M M 8.3 18 10 M M 0 31 350
8 78 50 64 -8 1 0 0.00 M M 4.6 10 150 M M 0 14 160
9 87 56 72 1 0 7 0.00 M M 9.0 17 200 M M 0 25 210
10 83 63 73 2 0 8 0.00 M M 9.5 17 180 M M 2 23 180
11 72 64 68 -2 0 3 0.00 M M 10.1 20 150 M M 7 25 150
12 77 62 70 0 0 5 0.00 M M 11.5 20 150 M M 6 25 160
13 87 62 75 5 0 10 0.00 M M 10.2 21 320 M M 4 27 360
14 73 55 64 -5 1 0 0.00 M M 10.2 20 340 M M 0 26 320
15 71 48 60 -9 5 0 0.00 M M 11.3 23 340 M M 1 33 350
16 68 45 57 -12 8 0 0.00 M M 7.1 21 350 M M 0 28 350
17 75 41 58 -10 7 0 0.00 M M 5.5 10 170 M M 0 16 210
18 82 50 66 -2 0 1 0.00 M M 11.3 23 160 M M 0 32 160
19 86 58 72 5 0 7 0.00 M M 6.5 15 360 M M 0 24 340
20 93 54 74 7 0 9 0.00 M M 4.8 15 310 M M 0 19 310
21 91 55 73 6 0 8 0.00 M M 6.1 12 160 M M 0 14 170
22 87 66 77 11 0 12 0.00 M M 7.9 15 170 M M 0 22 160
23 79 72 76 10 0 11 T M M 9.8 18 160 M M 4 27 150
24 85 74 80 14 0 15 0.00 M M 16.3 25 160 M M 7 35 160
25 85 71 78 13 0 13 0.53 M M 11.3 23 190 M M 7 1 30 200
26 77 69 73 8 0 8 1.16 M M 10.0 17 150 M M 7 13 24 150
27 85 74 80 16 0 15 0.18 M M 7.4 15 160 M M 9 1 21 160
28 78 73 76 12 0 11 0.16 M M 5.0 13 330 M M 9 1 16 330
29 73 44 59 -5 6 0 0.38 M M 13.5 23 360 M M 10 1 33 360
30 52 40 46 -17 19 0 0.65 M M 13.2 23 350 M M 6 1 37 360
31 60 38 49 -14 16 0 0.00 M M 7.2 15 360 M M 0 22 10
================================================================================
SM 2496 1852 64 231 4.60 M 272.9 M 93
================================================================================
AV 80.5 59.7 8.8 FASTST M M 3 MAX(MPH)
MISC ----> 41 300 64 310
================================================================================
NOTES:
# LAST OF SEVERAL OCCURRENCES
COLUMN 17 PEAK WIND IN M.P.H.
PRELIMINARY LOCAL CLIMATOLOGICAL DATA (WS FORM: F-6) , PAGE 2
STATION: CORSICANA
MONTH: OCTOBER
YEAR: 2023
LATITUDE: 32 1 N
LONGITUDE: 96 24 W
[TEMPERATURE DATA] [PRECIPITATION DATA] SYMBOLS USED IN COLUMN 16
AVERAGE MONTHLY: 70.1 TOTAL FOR MONTH: 4.60 1 = FOG OR MIST
DPTR FM NORMAL: 1.6 DPTR FM NORMAL: -0.50 2 = FOG REDUCING VISIBILITY
HIGHEST: 94 ON 4 GRTST 24HR 1.69 ON 25-26 TO 1/4 MILE OR LESS
LOWEST: 38 ON 31 3 = THUNDER
SNOW, ICE PELLETS, HAIL 4 = ICE PELLETS
TOTAL MONTH: M 5 = HAIL
GRTST 24HR M ON M 6 = FREEZING RAIN OR DRIZZLE
GRTST DEPTH: M ON M 7 = DUSTSTORM OR SANDSTORM:
VSBY 1/2 MILE OR LESS
8 = SMOKE OR HAZE
[NO. OF DAYS WITH] [WEATHER - DAYS WITH] 9 = BLOWING SNOW
X = TORNADO
MAX 32 OR BELOW: 0 0.01 INCH OR MORE: 8
MAX 90 OR ABOVE: 6 0.10 INCH OR MORE: 8
MIN 32 OR BELOW: 0 0.50 INCH OR MORE: 4
MIN 0 OR BELOW: 0 1.00 INCH OR MORE: 2
[HDD (BASE 65) ]
TOTAL THIS MO. 64 CLEAR (SCALE 0-3) 18
DPTR FM NORMAL 6 PTCLDY (SCALE 4-7) 10
TOTAL FM JUL 1 64 CLOUDY (SCALE 8-10) 3
DPTR FM NORMAL 4
[CDD (BASE 65) ]
TOTAL THIS MO. 231
DPTR FM NORMAL 64 [PRESSURE DATA]
TOTAL FM JAN 1 3478 HIGHEST SLP M ON M
DPTR FM NORMAL 747 LOWEST SLP 29.63 ON 12
[REMARKS]
#FINAL-10-23#