000
CXUS52 KTAE 010900
CF6CTY
PRELIMINARY LOCAL CLIMATOLOGICAL DATA (WS FORM: F-6)
STATION: CROSS CITY
MONTH: FEBRUARY
YEAR: 2024
LATITUDE: 29 37 N
LONGITUDE: 83 6 W
TEMPERATURE IN F: :PCPN: SNOW: WIND :SUNSHINE: SKY :PK WND
================================================================================
1 2 3 4 5 6A 6B 7 8 9 10 11 12 13 14 15 16 17 18
12Z AVG MX 2MIN
DY MAX MIN AVG DEP HDD CDD WTR SNW DPTH SPD SPD DIR MIN PSBL S-S WX SPD DR
================================================================================
1 66 32 49 -6 16 0 0.00 0.0 0 2.3 12 280 M M 0 M M
2 68 39 54 -1 11 0 0.00 0.0 0 3.0 13 200 M M 0 M M
3 73 36 55 0 10 0 0.00 0.0 0 3.2 10 100 M M 3 12 M M
4 70 50 60 4 5 0 0.19 0.0 0 8.9 20 160 M M 6 1 25 160
5 61 45 53 -3 12 0 0.00 0.0 M 7.0 15 360 M M 8 18 22 10
6 68 45 57 1 8 0 0.00 0.0 0 10.2 18 20 M M 1 27 20
7 66 37 52 -4 13 0 0.00 0.0 M 6.3 12 20 M M 0 17 40
8 75 36 56 0 9 0 0.00 0.0 M 3.1 8 170 M M 0 M M
9 75 50 63 7 2 0 0.00 0.0 M 4.8 10 180 M M 2 18 180
10 79 50 65 8 0 0 0.00 0.0 M 4.8 16 180 M M 5 21 180
11 77 52 65 8 0 0 0.00 0.0 M 8.9 16 200 M M 7 22 200
12 79 63 71 14 0 6 0.40 0.0 0 12.5 25 200 M M 5 1 33 200
13 63 41 52 -5 13 0 0.00 0.0 M 8.7 16 270 M M 1 24 270
14 70 36 53 -4 12 0 0.00 0.0 M 3.3 9 40 M M 0 1 M M
15 72 39 56 -2 9 0 0.00 0.0 0 2.3 9 240 M M 1 M M
16 68 46 57 -1 8 0 0.00 0.0 0 2.6 9 270 M M 4 128 M M
17 63 52 58 0 7 0 0.83 0.0 0 1.7 9 360 M M 9 1 18 20
18 50 45 48 -10 17 0 0.49 0.0 0 8.1 12 350 M M 10 22 350
19 64 37 51 -7 14 0 0.00 0.0 0 5.8 10 330 M M 2 M M
20 70 30 50 -8 15 0 0.00 0.0 0 3.2 14 270 M M 1 1 20 270
21 70 32 51 -8 14 0 0.00 0.0 0 3.1 9 340 M M 0 M M
22 72 34 53 -6 12 0 0.00 0.0 0 3.6 12 210 M M 0 16 190
23 72 52 62 3 3 0 0.19 0.0 0 11.4 21 210 M M 6 1 33 200
24 72 48 60 1 5 0 0.00 0.0 0 9.2 17 250 M M 0 1 23 260
25 72 37 55 -4 10 0 0.00 0.0 0 3.0 9 250 M M 0 1 M M
26 73 34 54 -5 11 0 0.00 0.0 M 3.7 14 210 M M 0 18 210
27 75 45 60 0 5 0 0.00 0.0 M 6.4 17 200 M M 2 128 23 190
28 77 50 64 4 1 0 0.00 0.0 0 8.2 18 200 M M 4 128 25 190
29 73 57 65 5 0 0 0.00 0.0 0 8.9 13 50 M M 8 1 21 60
================================================================================
SM 2033 1250 242 6 2.10 0.0 168.2 M 85
================================================================================
AV 70.1 43.1 5.8 FASTST M M 3 MAX(MPH)
MISC ----> 25 200 # 33 200
================================================================================
NOTES:
# LAST OF SEVERAL OCCURRENCES
COLUMN 17 PEAK WIND IN M.P.H.
PRELIMINARY LOCAL CLIMATOLOGICAL DATA (WS FORM: F-6) , PAGE 2
STATION: CROSS CITY
MONTH: FEBRUARY
YEAR: 2024
LATITUDE: 29 37 N
LONGITUDE: 83 6 W
[TEMPERATURE DATA] [PRECIPITATION DATA] SYMBOLS USED IN COLUMN 16
AVERAGE MONTHLY: 56.6 TOTAL FOR MONTH: 2.10 1 = FOG OR MIST
DPTR FM NORMAL: -0.8 DPTR FM NORMAL: -0.86 2 = FOG REDUCING VISIBILITY
HIGHEST: 79 ON 12,10 GRTST 24HR 0.83 ON 17-17 TO 1/4 MILE OR LESS
LOWEST: 30 ON 20 3 = THUNDER
SNOW, ICE PELLETS, HAIL 4 = ICE PELLETS
TOTAL MONTH: 0.0 INCH 5 = HAIL
GRTST 24HR 0.0 6 = FREEZING RAIN OR DRIZZLE
GRTST DEPTH: 0 7 = DUSTSTORM OR SANDSTORM:
VSBY 1/2 MILE OR LESS
8 = SMOKE OR HAZE
[NO. OF DAYS WITH] [WEATHER - DAYS WITH] 9 = BLOWING SNOW
X = TORNADO
MAX 32 OR BELOW: 0 0.01 INCH OR MORE: 5
MAX 90 OR ABOVE: 0 0.10 INCH OR MORE: 5
MIN 32 OR BELOW: 3 0.50 INCH OR MORE: 1
MIN 0 OR BELOW: 0 1.00 INCH OR MORE: 0
[HDD (BASE 65) ]
TOTAL THIS MO. 242 CLEAR (SCALE 0-3) 17
DPTR FM NORMAL 7 PTCLDY (SCALE 4-7) 9
TOTAL FM JUL 1 1008 CLOUDY (SCALE 8-10) 3
DPTR FM NORMAL -77
[CDD (BASE 65) ]
TOTAL THIS MO. 6
DPTR FM NORMAL -16 [PRESSURE DATA]
TOTAL FM JAN 1 32 HIGHEST SLP M ON M
DPTR FM NORMAL -5 LOWEST SLP M ON M
[REMARKS]
#FINAL-02-24#