000
CXUS52 KTAE 010800
CF6CTY
PRELIMINARY LOCAL CLIMATOLOGICAL DATA (WS FORM: F-6)
STATION: CROSS CITY
MONTH: APRIL
YEAR: 2020
LATITUDE: 29 37 N
LONGITUDE: 83 6 W
TEMPERATURE IN F: :PCPN: SNOW: WIND :SUNSHINE: SKY :PK WND
================================================================================
1 2 3 4 5 6A 6B 7 8 9 10 11 12 13 14 15 16 17 18
12Z AVG MX 2MIN
DY MAX MIN AVG DEP HDD CDD WTR SNW DPTH SPD SPD DIR MIN PSBL S-S WX SPD DR
================================================================================
1 73 48 61 -4 4 0 0.00 0.0 0 6.5 13 330 M M 0 17 10
2 75 41 58 -7 7 0 0.00 0.0 0 2.2 8 330 M M 0 M M
3 80 44 62 -3 3 0 0.00 0.0 0 3.2 10 240 M M 0 M M
4 84 49 67 2 0 2 0.00 0.0 0 3.1 12 250 M M 0 M M
5 74 58 66 1 0 1 0.04 0.0 0 2.7 8 210 M M 6 M M
6 85 54 70 5 0 5 0.00 0.0 0 3.8 9 240 M M 3 12 18 90
7 84 56 70 4 0 5 0.00 0.0 0 3.8 13 240 M M 1 16 240
8 85 61 73 7 0 8 0.00 0.0 0 8.9 16 260 M M 6 23 260
9 87 71 79 13 0 14 0.00 0.0 0 11.6 16 260 M M 5 1 23 260
10 76 51 64 -2 1 0 0.00 0.0 0 6.6 13 350 M M 4 1 M M
11 83 41 62 -4 3 0 0.00 0.0 0 3.2 8 130 M M 0 M M
12 90 64 77 11 0 12 0.00 0.0 0 11.9 20 200 M M 2 27 170
13 83 76 80 14 0 15 0.05 0.0 0 14.0 M M M M 9 18 M M
14 78 69 74 7 0 9 1.15 0.0 0 2.9 9 200 M M 9 13 M M
15 78 57 68 1 0 3 0.32 0.0 0 7.0 16 210 M M 10 1 28 340
16 76 52 64 -3 1 0 0.03 0.0 0 8.5 16 30 M M 5 1 23 40
17 84 50 67 0 0 2 0.00 0.0 0 4.5 10 90 M M 3 16 130
18 82 64 73 6 0 8 0.10 0.0 0 4.9 13 240 M M 5 1 M M
19 87 67 77 10 0 12 0.00 0.0 0 8.5 18 230 M M 6 12 27 210
20 84 66 75 7 0 10 0.55 0.0 0 11.6 20 300 M M 4 13 28 230
21 84 58 71 3 0 6 0.00 0.0 0 4.7 13 260 M M 0 17 260
22 84 54 69 1 0 4 0.00 0.0 0 5.0 12 30 M M 0 M M
23 86 65 76 8 0 11 0.20 0.0 0 12.1 25 190 M M 4 13 33 190
24 77 67 72 4 0 7 0.52 0.0 0 7.8 15 210 M M 8 13 20 200
25 84 60 72 3 0 7 0.00 0.0 0 6.0 17 210 M M 7 12 20 220
26 82 60 71 2 0 6 0.00 0.0 0 7.6 14 270 M M 2 1 16 340
27 78 51 65 -4 0 0 0.00 0.0 0 6.0 12 360 M M 0 17 30
28 84 45 65 -4 0 0 0.00 0.0 0 3.1 8 120 M M 0 M M
29 85 58 72 2 0 7 0.69 0.0 0 8.9 17 180 M M 2 13 25 170
30 77 58 68 -2 0 3 0.28 0.0 0 9.3 17 280 M M 4 1 23 260
================================================================================
SM 2449 1715 19 157 3.93 0.0 199.9 M 105
================================================================================
AV 81.6 57.2 6.7 FASTST M M 4 MAX(MPH)
MISC ----> # 25 190 # 33 190
================================================================================
NOTES:
# LAST OF SEVERAL OCCURRENCES
COLUMN 17 PEAK WIND IN M.P.H.
PRELIMINARY LOCAL CLIMATOLOGICAL DATA (WS FORM: F-6) , PAGE 2
STATION: CROSS CITY
MONTH: APRIL
YEAR: 2020
LATITUDE: 29 37 N
LONGITUDE: 83 6 W
[TEMPERATURE DATA] [PRECIPITATION DATA] SYMBOLS USED IN COLUMN 16
AVERAGE MONTHLY: 69.4 TOTAL FOR MONTH: 3.93 1 = FOG OR MIST
DPTR FM NORMAL: 2.4 DPTR FM NORMAL: 0.97 2 = FOG REDUCING VISIBILITY
HIGHEST: 90 ON 12 GRTST 24HR 1.15 ON 14-14 TO 1/4 MILE OR LESS
LOWEST: 41 ON 11, 2 3 = THUNDER
SNOW, ICE PELLETS, HAIL 4 = ICE PELLETS
TOTAL MONTH: 0.0 INCH 5 = HAIL
GRTST 24HR 0.0 6 = FREEZING RAIN OR DRIZZLE
GRTST DEPTH: 0 7 = DUSTSTORM OR SANDSTORM:
VSBY 1/2 MILE OR LESS
8 = SMOKE OR HAZE
[NO. OF DAYS WITH] [WEATHER - DAYS WITH] 9 = BLOWING SNOW
X = TORNADO
MAX 32 OR BELOW: 0 0.01 INCH OR MORE: 11
MAX 90 OR ABOVE: 1 0.10 INCH OR MORE: 8
MIN 32 OR BELOW: 0 0.50 INCH OR MORE: 4
MIN 0 OR BELOW: 0 1.00 INCH OR MORE: 1
[HDD (BASE 65) ]
TOTAL THIS MO. 19 CLEAR (SCALE 0-3) 14
DPTR FM NORMAL -29 PTCLDY (SCALE 4-7) 13
TOTAL FM JUL 1 904 CLOUDY (SCALE 8-10) 3
DPTR FM NORMAL -399
[CDD (BASE 65) ]
TOTAL THIS MO. 157
DPTR FM NORMAL 49 [PRESSURE DATA]
TOTAL FM JAN 1 419 HIGHEST SLP 30.29 ON 16
DPTR FM NORMAL 237 LOWEST SLP 29.54 ON 20
[REMARKS]
#FINAL-04-20#