000
CXUS51 KILN 010541
CF6CVG
PRELIMINARY LOCAL CLIMATOLOGICAL DATA (WS FORM: F-6)
STATION: CINCINNATI OH
MONTH: AUGUST
YEAR: 2022
LATITUDE: 39 2 N
LONGITUDE: 84 40 W
TEMPERATURE IN F: :PCPN: SNOW: WIND :SUNSHINE: SKY :PK WND
================================================================================
1 2 3 4 5 6A 6B 7 8 9 10 11 12 13 14 15 16 17 18
12Z AVG MX 2MIN
DY MAX MIN AVG DEP HDD CDD WTR SNW DPTH SPD SPD DIR MIN PSBL S-S WX SPD DR
================================================================================
1 85 69 77 1 0 12 0.16 0.0 0 9.1 20 240 M M 8 138 26 230
2 85 69 77 1 0 12 0.00 0.0 0 7.4 16 310 M M 7 20 270
3 92 67 80 4 0 15 T 0.0 0 7.6 21 260 M M 3 13 28 270
4 85 73 79 3 0 14 T 0.0 0 7.2 22 280 M M 8 3 27 280
5 83 71 77 1 0 12 2.34 0.0 0 7.7 22 220 M M 8 13 28 220
6 82 72 77 1 0 12 2.40 0.0 0 7.6 13 170 M M 8 13 16 190
7 88 69 79 3 0 14 0.19 0.0 0 6.8 20 200 M M 4 13 29 200
8 89 70 80 4 0 15 0.00 0.0 0 8.7 18 230 M M 2 23 220
9 87 72 80 4 0 15 1.16 0.0 0 5.7 16 280 M M 7 13 21 300
10 85 70 78 2 0 13 0.00 0.0 0 6.0 14 310 M M 7 12 20 320
11 85 64 75 -1 0 10 0.08 0.0 0 7.4 24 330 M M 3 13 32 330
12 79 64 72 -3 0 7 0.00 0.0 0 7.7 16 10 M M 5 23 30
13 81 60 71 -4 0 6 T 0.0 0 4.6 12 150 M M 5 15 140
14 77 66 72 -3 0 7 0.05 0.0 0 6.2 17 190 M M 9 18 21 180
15 81 65 73 -2 0 8 0.00 0.0 0 7.8 15 10 M M 9 19 10
16 83 63 73 -2 0 8 T 0.0 0 9.6 18 350 M M 4 22 10
17 83 62 73 -2 0 8 0.00 0.0 0 6.9 15 50 M M 3 8 20 50
18 84 63 74 -1 0 9 0.00 0.0 0 4.3 10 40 M M 2 17 30
19 86 63 75 0 0 10 0.00 0.0 0 3.6 12 190 M M 3 15 210
20 86 66 76 1 0 11 0.66 0.0 0 6.9 25 270 M M 6 1238 32 280
21 79 67 73 -2 0 8 0.02 0.0 0 6.9 15 250 M M 7 138 19 250
22 79 63 71 -3 0 6 0.00 0.0 0 6.3 13 350 M M 5 18 21 330
23 82 61 72 -2 0 7 0.00 0.0 0 5.3 15 320 M M 1 18 18 320
24 84 59 72 -2 0 7 0.00 0.0 0 2.8 9 220 M M 1 1 13 10
25 84 62 73 -1 0 8 0.00 0.0 0 4.5 13 260 M M 3 8 18 280
26 86 67 77 3 0 12 0.02 0.0 0 6.1 14 330 M M 4 18 18 330
27 86 66 76 2 0 11 0.00 0.0 0 6.5 10 100 M M 3 18 13 70
28 91 68 80 6 0 15 0.00 0.0 0 8.0 17 150 M M 3 20 180
29 89 70 80 7 0 15 0.18 0.0 0 9.4 21 200 M M 7 13 29 210
30 83 65 74 1 0 9 0.65 0.0 0 8.9 23 320 M M 6 138 26 320
31 80 58 69 -4 0 4 0.00 0.0 0 5.7 14 290 M M 1 18 300
================================================================================
SM 2609 2044 0 320 7.91 0.0 209.2 M 152
================================================================================
AV 84.2 65.9 6.7 FASTST M M 5 MAX(MPH)
MISC ----> 25 270 # 32 330
================================================================================
NOTES:
# LAST OF SEVERAL OCCURRENCES
COLUMN 17 PEAK WIND IN M.P.H.
PRELIMINARY LOCAL CLIMATOLOGICAL DATA (WS FORM: F-6) , PAGE 2
STATION: CINCINNATI OH
MONTH: AUGUST
YEAR: 2022
LATITUDE: 39 2 N
LONGITUDE: 84 40 W
[TEMPERATURE DATA] [PRECIPITATION DATA] SYMBOLS USED IN COLUMN 16
AVERAGE MONTHLY: 75.0 TOTAL FOR MONTH: 7.91 1 = FOG OR MIST
DPTR FM NORMAL: 0.1 DPTR FM NORMAL: 4.48 2 = FOG REDUCING VISIBILITY
HIGHEST: 92 ON 3 GRTST 24HR 2.40 ON 6- 6 TO 1/4 MILE OR LESS
LOWEST: 58 ON 31 3 = THUNDER
SNOW, ICE PELLETS, HAIL 4 = ICE PELLETS
TOTAL MONTH: 0.0 INCH 5 = HAIL
GRTST 24HR 0.0 6 = FREEZING RAIN OR DRIZZLE
GRTST DEPTH: 0 7 = DUSTSTORM OR SANDSTORM:
VSBY 1/2 MILE OR LESS
8 = SMOKE OR HAZE
[NO. OF DAYS WITH] [WEATHER - DAYS WITH] 9 = BLOWING SNOW
X = TORNADO
MAX 32 OR BELOW: 0 0.01 INCH OR MORE: 12
MAX 90 OR ABOVE: 2 0.10 INCH OR MORE: 8
MIN 32 OR BELOW: 0 0.50 INCH OR MORE: 5
MIN 0 OR BELOW: 0 1.00 INCH OR MORE: 3
[HDD (BASE 65) ]
TOTAL THIS MO. 0 CLEAR (SCALE 0-3) 10
DPTR FM NORMAL -2 PTCLDY (SCALE 4-7) 19
TOTAL FM JUL 1 0 CLOUDY (SCALE 8-10) 2
DPTR FM NORMAL -1
[CDD (BASE 65) ]
TOTAL THIS MO. 320
DPTR FM NORMAL 11 [PRESSURE DATA]
TOTAL FM JAN 1 1164 HIGHEST SLP 30.19 ON 6
DPTR FM NORMAL 173 LOWEST SLP 29.87 ON 15
[REMARKS]
#FINAL-08-22#