000
CXUS55 KCYS 170057
CF6CYS
PRELIMINARY LOCAL CLIMATOLOGICAL DATA (WS FORM: F-6) ...CORRECTED...
STATION: CHEYENNE WYOMING AIRPORT
MONTH: JUNE
YEAR: 2020
LATITUDE: 41 9 N
LONGITUDE: 104 49 W
TEMPERATURE IN F: :PCPN: SNOW: WIND :SUNSHINE: SKY :PK WND
================================================================================
1 2 3 4 5 6A 6B 7 8 9 10 11 12 13 14 15 16 17 18
12Z AVG MX 2MIN
DY MAX MIN AVG DEP HDD CDD WTR SNW DPTH SPD SPD DIR MIN PSBL S-S WX SPD DR
================================================================================
1 92 55 74 17 0 9 0.00 0.0 0 9.6 20 140 M M 1 26 210
2 83 58 71 13 0 6 0.73 T 0 11.0 37 200 M M 1 35 53 200
3 83 54 69 11 0 4 T 0.0 0 11.6 40 250 M M 1 13 62 240
4 86 56 71 13 0 6 0.00 0.0 0 14.3 30 260 M M 0 50 250
5 89 51 70 12 0 5 T 0.0 0 9.2 22 160 M M 1 33 170
6 80 52 66 7 0 1 T 0.0 0 10.6 43 180 M M 2 3 58 140
7 84 47 66 7 0 1 0.00 0.0 0 10.4 25 310 M M 0 38 300
8 69 37 53 -7 12 0 0.32 T 0 17.4 35 320 M M 5 135 49 330
9 62 38 50 -10 15 0 0.39 0.0 0 21.3 37 320 M M 7 1 53 330
10 73 40 57 -3 8 0 0.00 0.0 0 11.8 25 270 M M 3 35 290
11 78 49 64 4 1 0 0.00 0.0 0 9.8 17 280 M M 0 22 280
12 84 52 68 7 0 3 0.00 0.0 0 12.6 23 130 M M 0 33 140
13 86 55 71 10 0 6 T 0.0 0 12.9 36 160 M M 1 49 160
14 85 60 73 11 0 8 0.00 0.0 0 10.8 32 240 M M 0 43 230
15 82 55 69 7 0 4 0.00 0.0 0 7.7 17 130 M M 0 21 130
16 89 51 70 8 0 5 0.00 0.0 0 11.5 31 20 M M 0 43 20
17 87 48 68 5 0 3 0.00 0.0 0 12.3 25 340 M M 0 39 310
18 71 48 60 -3 5 0 0.00 0.0 0 13.4 28 340 M M 7 43 320
19 64 47 56 -7 9 0 0.43 0.0 0 12.3 30 120 M M 4 13 37 130
20 79 47 63 -1 2 0 0.00 0.0 0 11.3 24 280 M M 1 37 280
21 78 53 66 2 0 1 0.02 0.0 0 11.2 32 260 M M 2 3 45 260
22 78 49 64 0 1 0 0.00 0.0 0 8.1 20 320 M M 3 29 350
23 82 51 67 2 0 2 T 0.0 0 5.4 15 200 M M 3 23 70
24 88 52 70 5 0 5 T 0.0 0 7.7 17 280 M M 1 23 110
25 90 55 73 8 0 8 0.15 T 0 10.8 26 340 M M 2 35 40 10
26 77 52 65 -1 0 0 0.02 0.0 0 9.6 24 210 M M 2 3 34 210
27 85 56 71 5 0 6 0.00 0.0 0 9.6 26 290 M M 2 3 43 290
28 89 53 71 5 0 6 0.03 0.0 0 10.6 33 260 M M 1 45 250
29 91 56 74 7 0 9 0.00 0.0 0 12.1 26 260 M M 0 35 270
30 76 50 63 -4 2 0 T 0.0 0 18.0 32 270 M M 5 45 240
================================================================================
SM 2440 1527 55 98 2.09 T 344.9 M 55
================================================================================
AV 81.3 50.9 11.5 FASTST M M 2 MAX(MPH)
MISC ----> # 43 180 # 62 240
================================================================================
NOTES:
# LAST OF SEVERAL OCCURRENCES
COLUMN 17 PEAK WIND IN M.P.H.
PRELIMINARY LOCAL CLIMATOLOGICAL DATA (WS FORM: F-6) , PAGE 2
STATION: CHEYENNE WYOMING AIRPORT
MONTH: JUNE
YEAR: 2020
LATITUDE: 41 9 N
LONGITUDE: 104 49 W
[TEMPERATURE DATA] [PRECIPITATION DATA] SYMBOLS USED IN COLUMN 16
AVERAGE MONTHLY: 66.1 TOTAL FOR MONTH: 2.09 1 = FOG OR MIST
DPTR FM NORMAL: 4.0 DPTR FM NORMAL: -0.25 2 = FOG REDUCING VISIBILITY
HIGHEST: 92 ON 1 GRTST 24HR 0.73 ON 2- 2 TO 1/4 MILE OR LESS
LOWEST: 37 ON 8 3 = THUNDER
SNOW, ICE PELLETS, HAIL 4 = ICE PELLETS
TOTAL MONTH: T 5 = HAIL
GRTST 24HR T ON 25-25 6 = FREEZING RAIN OR DRIZZLE
GRTST DEPTH: 0 7 = DUSTSTORM OR SANDSTORM:
VSBY 1/2 MILE OR LESS
8 = SMOKE OR HAZE
[NO. OF DAYS WITH] [WEATHER - DAYS WITH] 9 = BLOWING SNOW
X = TORNADO
MAX 32 OR BELOW: 0 0.01 INCH OR MORE: 8
MAX 90 OR ABOVE: 3 0.10 INCH OR MORE: 5
MIN 32 OR BELOW: 0 0.50 INCH OR MORE: 1
MIN 0 OR BELOW: 0 1.00 INCH OR MORE: 0
[HDD (BASE 65) ]
TOTAL THIS MO. 55 CLEAR (SCALE 0-3) 24
DPTR FM NORMAL -79 PTCLDY (SCALE 4-7) 6
TOTAL FM JUL 1 6954 CLOUDY (SCALE 8-10) 0
DPTR FM NORMAL -157
[CDD (BASE 65) ]
TOTAL THIS MO. 98
DPTR FM NORMAL 51 [PRESSURE DATA]
TOTAL FM JAN 1 110 HIGHEST SLP 30.24 ON 12
DPTR FM NORMAL 60 LOWEST SLP 29.36 ON 7
[REMARKS]
JUNE 1ST...RECORD HIGH 92 DEGREES (PREVIOUS 89 DEGREES IN 2002).
#FINAL-06-20#