000
CXUS51 KLWX 011109
CF6DCA
PRELIMINARY LOCAL CLIMATOLOGICAL DATA (WS FORM: F-6)
STATION: WASHINGTON NATIONAL DC
MONTH: JULY
YEAR: 2022
LATITUDE: 38 50 N
LONGITUDE: 77 2 W
TEMPERATURE IN F: :PCPN: SNOW: WIND :SUNSHINE: SKY :PK WND
================================================================================
1 2 3 4 5 6A 6B 7 8 9 10 11 12 13 14 15 16 17 18
12Z AVG MX 2MIN
DY MAX MIN AVG DEP HDD CDD WTR SNW DPTH SPD SPD DIR MIN PSBL S-S WX SPD DR
================================================================================
1 92 74 83 3 0 18 0.00 0.0 0 10.5 17 180 M M 6 25 210
2 89 75 82 2 0 17 T 0.0 0 10.6 24 350 M M 8 3 31 350
3 88 74 81 1 0 16 0.53 0.0 0 6.0 14 350 M M 6 13 18 340
4 89 69 79 -2 0 14 0.00 0.0 0 5.8 13 120 M M 4 15 110
5 86 73 80 -1 0 15 0.09 0.0 0 10.8 20 190 M M 8 3 25 190
6 94 75 85 4 0 20 T 0.0 0 6.6 15 10 M M 7 3 20 10
7 82 73 78 -3 0 13 0.03 0.0 0 7.5 18 60 M M 9 1 23 60
8 88 72 80 -1 0 15 0.04 0.0 0 6.1 12 160 M M 8 16 160
9 77 71 74 -7 0 9 4.05 0.0 0 10.2 24 50 M M 10 18 30 50
10 83 70 77 -4 0 12 0.00 0.0 0 6.9 12 170 M M 8 18 180
11 84 66 75 -6 0 10 0.00 0.0 0 6.3 15 180 M M 1 8 19 170
12 91 70 81 0 0 16 0.44 T 0 10.7 37 260 M M 4 358 51 260
13 91 71 81 0 0 16 T 0.0 0 6.5 16 200 M M 8 23 220
14 89 71 80 -1 0 15 0.00 0.0 0 6.2 18 220 M M 5 23 320
15 90 73 82 1 0 17 0.00 0.0 0 5.2 14 140 M M 5 18 110
16 87 70 79 -2 0 14 1.38 0.0 0 6.8 20 60 M M 8 13 22 60
17 86 72 79 -2 0 14 0.01 0.0 0 4.6 20 180 M M 9 13 27 190
18 92 76 84 3 0 19 0.00 0.0 0 9.9 21 340 M M 9 3 28 340
19 92 77 85 4 0 20 0.00 0.0 0 5.8 13 350 M M 6 17 360
20 91 74 83 2 0 18 0.00 0.0 0 7.8 17 170 M M 2 25 170
21 95 79 87 6 0 22 0.08 0.0 0 8.8 29 310 M M 7 44 300
22 95 76 86 5 0 21 0.00 0.0 0 7.5 17 210 M M 5 28 190
23 96 77 87 6 0 22 0.00 0.0 0 7.3 28 320 M M 5 42 290
24 94 76 85 4 0 20 0.00 0.0 0 8.2 17 170 M M 7 8 22 200
25 91 75 83 2 0 18 0.26 0.0 0 9.9 24 330 M M 8 3 40 300
26 80 75 78 -3 0 13 T 0.0 0 4.2 10 50 M M 10 14 30
27 88 75 82 1 0 17 0.00 0.0 0 5.8 15 200 M M 8 8 22 160
28 92 74 83 2 0 18 0.20 0.0 0 6.8 30 280 M M 8 43 280
29 89 74 82 1 0 17 0.02 0.0 0 4.0 21 350 M M 8 24 360
30 88 73 81 0 0 16 0.00 0.0 0 7.1 16 330 M M 8 23 320
31 85 72 79 -2 0 14 0.48 0.0 0 4.7 18 230 M M 8 18 31 200
================================================================================
SM 2754 2272 0 506 7.61 T 225.1 M 213
================================================================================
AV 88.8 73.3 7.3 FASTST M M 7 MAX(MPH)
MISC ----> 37 260 51 260
================================================================================
NOTES:
# LAST OF SEVERAL OCCURRENCES
COLUMN 17 PEAK WIND IN M.P.H.
PRELIMINARY LOCAL CLIMATOLOGICAL DATA (WS FORM: F-6) , PAGE 2
STATION: WASHINGTON NATIONAL DC
MONTH: JULY
YEAR: 2022
LATITUDE: 38 50 N
LONGITUDE: 77 2 W
[TEMPERATURE DATA] [PRECIPITATION DATA] SYMBOLS USED IN COLUMN 16
AVERAGE MONTHLY: 81.1 TOTAL FOR MONTH: 7.61 1 = FOG OR MIST
DPTR FM NORMAL: 0.1 DPTR FM NORMAL: 3.28 2 = FOG REDUCING VISIBILITY
HIGHEST: 96 ON 23 GRTST 24HR 4.09 ON 8- 9 TO 1/4 MILE OR LESS
LOWEST: 66 ON 11 3 = THUNDER
SNOW, ICE PELLETS, HAIL 4 = ICE PELLETS
TOTAL MONTH: T 5 = HAIL
GRTST 24HR T ON 12-12 6 = FREEZING RAIN OR DRIZZLE
GRTST DEPTH: 0 7 = DUSTSTORM OR SANDSTORM:
VSBY 1/2 MILE OR LESS
8 = SMOKE OR HAZE
[NO. OF DAYS WITH] [WEATHER - DAYS WITH] 9 = BLOWING SNOW
X = TORNADO
MAX 32 OR BELOW: 0 0.01 INCH OR MORE: 13
MAX 90 OR ABOVE: 14 0.10 INCH OR MORE: 7
MIN 32 OR BELOW: 0 0.50 INCH OR MORE: 3
MIN 0 OR BELOW: 0 1.00 INCH OR MORE: 2
[HDD (BASE 65) ]
TOTAL THIS MO. 0 CLEAR (SCALE 0-3) 2
DPTR FM NORMAL 0 PTCLDY (SCALE 4-7) 20
TOTAL FM JUL 1 0 CLOUDY (SCALE 8-10) 9
DPTR FM NORMAL 0
[CDD (BASE 65) ]
TOTAL THIS MO. 506
DPTR FM NORMAL 10 [PRESSURE DATA]
TOTAL FM JAN 1 1023 HIGHEST SLP 30.21 ON 4
DPTR FM NORMAL 17 LOWEST SLP 29.67 ON 21
[REMARKS]
#FINAL-07-22#