000
CXUS54 KHUN 021559
CF6DCU
PRELIMINARY LOCAL CLIMATOLOGICAL DATA (WS FORM: F-6)
STATION: DECATUR
MONTH: JUNE
YEAR: 2021
LATITUDE: 34 39 N
LONGITUDE: 86 56 W
TEMPERATURE IN F: :PCPN: SNOW: WIND :SUNSHINE: SKY :PK WND
================================================================================
1 2 3 4 5 6A 6B 7 8 9 10 11 12 13 14 15 16 17 18
12Z AVG MX 2MIN
DY MAX MIN AVG DEP HDD CDD WTR SNW DPTH SPD SPD DIR MIN PSBL S-S WX SPD DR
================================================================================
1 85 64 75 1 0 10 0.00 0.0 0 8.1 15 180 M M 3 19 140
2 80 64 72 -2 0 7 1.41 0.0 0 9.4 22 290 M M 8 13 26 280
3 82 67 75 0 0 10 0.36 0.0 0 6.6 14 250 M M 7 13 19 270
4 87 63 75 0 0 10 0.00 0.0 0 1.9 8 230 M M 2 1 11 170
5 85 66 76 1 0 11 0.72 0.0 0 3.2 29 150 M M 5 1 32 150
6 74 70 72 -3 0 7 0.49 0.0 0 6.1 18 170 M M 8 1 22 170
7 85 69 77 1 0 12 T 0.0 0 7.4 15 180 M M 6 3 20 190
8 85 69 77 1 0 12 0.45 0.0 0 8.0 24 270 M M 4 123 33 260
9 76 69 73 -3 0 8 1.11 0.0 0 6.0 17 270 M M 8 1 25 250
10 77 70 74 -2 0 9 0.09 0.0 0 5.9 13 190 M M 9 1 14 210
11 87 71 79 3 0 14 T 0.0 0 6.8 14 220 M M 6 3 18 210
12 88 69 79 2 0 14 0.06 0.0 0 4.3 16 290 M M 5 138 21 110
13 92 67 80 3 0 15 0.33 0.0 0 2.3 37 360 M M 1 13 51 360
14 91 71 81 4 0 16 0.00 0.0 0 5.4 13 360 M M 1 1 17 10
15 84 63 74 -3 0 9 0.00 0.0 0 6.1 17 340 M M 0 24 10
16 85 60 73 -4 0 8 0.00 0.0 0 4.6 15 20 M M 1 22 20
17 89 60 75 -3 0 10 0.00 0.0 0 2.2 9 270 M M 1 1 13 320
18 90 64 77 -1 0 12 0.00 0.0 0 4.6 14 170 M M 1 1 17 140
19 78 69 74 -4 0 9 0.16 0.0 0 7.4 16 150 M M 6 20 150
20 90 67 79 1 0 14 0.00 0.0 0 6.6 14 230 M M 1 18 220
21 89 72 81 3 0 16 0.42 0.0 0 7.7 28 210 M M 6 13 34 220
22 79 59 69 -9 0 4 0.03 0.0 0 7.0 18 340 M M 4 1 22 340
23 84 55 70 -8 0 5 0.00 0.0 0 3.5 10 160 M M 0 16 170
24 88 61 75 -4 0 10 0.00 0.0 0 7.5 16 150 M M 1 19 150
25 85 70 78 -1 0 13 0.00 0.0 0 8.7 20 160 M M 5 24 170
26 88 68 78 -1 0 13 0.00 0.0 0 8.1 16 170 M M 1 21 170
27 90 70 80 1 0 15 0.00 0.0 0 7.1 15 140 M M 1 21 150
28 91 71 81 2 0 16 0.00 0.0 0 5.6 14 150 M M 1 18 180
29 83 68 76 -3 0 11 T 0.0 0 5.0 17 180 M M 2 21 170
30 91 67 79 0 0 14 0.00 0.0 0 4.9 12 170 M M 2 1 16 170
================================================================================
SM 2558 1993 0 334 5.63 0.0 178.0 M 106
================================================================================
AV 85.3 66.4 5.9 FASTST M M 4 MAX(MPH)
MISC ----> 37 360 51 360
================================================================================
NOTES:
# LAST OF SEVERAL OCCURRENCES
COLUMN 17 PEAK WIND IN M.P.H.
PRELIMINARY LOCAL CLIMATOLOGICAL DATA (WS FORM: F-6) , PAGE 2
STATION: DECATUR
MONTH: JUNE
YEAR: 2021
LATITUDE: 34 39 N
LONGITUDE: 86 56 W
[TEMPERATURE DATA] [PRECIPITATION DATA] SYMBOLS USED IN COLUMN 16
AVERAGE MONTHLY: 75.9 TOTAL FOR MONTH: 5.63 1 = FOG OR MIST
DPTR FM NORMAL: -1.2 DPTR FM NORMAL: 1.97 2 = FOG REDUCING VISIBILITY
HIGHEST: 92 ON 13 GRTST 24HR 1.54 ON 8- 9 TO 1/4 MILE OR LESS
LOWEST: 55 ON 23 3 = THUNDER
SNOW, ICE PELLETS, HAIL 4 = ICE PELLETS
TOTAL MONTH: 0.0 INCH 5 = HAIL
GRTST 24HR 0.0 6 = FREEZING RAIN OR DRIZZLE
GRTST DEPTH: 0 7 = DUSTSTORM OR SANDSTORM:
VSBY 1/2 MILE OR LESS
8 = SMOKE OR HAZE
[NO. OF DAYS WITH] [WEATHER - DAYS WITH] 9 = BLOWING SNOW
X = TORNADO
MAX 32 OR BELOW: 0 0.01 INCH OR MORE: 12
MAX 90 OR ABOVE: 7 0.10 INCH OR MORE: 9
MIN 32 OR BELOW: 0 0.50 INCH OR MORE: 3
MIN 0 OR BELOW: 0 1.00 INCH OR MORE: 2
[HDD (BASE 65) ]
TOTAL THIS MO. 0 CLEAR (SCALE 0-3) 16
DPTR FM NORMAL 0 PTCLDY (SCALE 4-7) 12
TOTAL FM JUL 1 3116 CLOUDY (SCALE 8-10) 2
DPTR FM NORMAL -1
[CDD (BASE 65) ]
TOTAL THIS MO. 334
DPTR FM NORMAL -29 [PRESSURE DATA]
TOTAL FM JAN 1 512 HIGHEST SLP 30.21 ON 1
DPTR FM NORMAL -102 LOWEST SLP 29.79 ON 11
[REMARKS]
#FINAL-06-21#