830
CXUS53 KDDC 011741
CF6DDC
CXUS53 KDDC 011648
CF6DDC
PRELIMINARY LOCAL CLIMATOLOGICAL DATA (WS FORM: F-6)
STATION: DODGE CITY KS
MONTH: NOVEMBER
YEAR: 2020
LATITUDE: 37 46 N
LONGITUDE: 99 58 W
TEMPERATURE IN F: :PCPN: SNOW: WIND :SUNSHINE: SKY :PK WND
================================================================================
1 2 3 4 5 6A 6B 7 8 9 10 11 12 13 14 15 16 17 18
12Z AVG MX 2MIN
DY MAX MIN AVG DEP HDD CDD WTR SNW DPTH SPD SPD DIR MIN PSBL S-S WX SPD DR
================================================================================
1 61 32 47 -3 18 0 0.00 0.0 0 10.0 20 170 M M 0 28 160
2 76 37 57 7 8 0 0.00 0.0 0 8.2 15 210 M M 0 8 19 210
3 78 43 61 12 4 0 0.00 0.0 0 11.1 21 200 M M 0 28 180
4 74 42 58 9 7 0 0.00 0.0 0 8.4 14 200 M M 0 19 200
5 79 46 63 15 2 0 0.00 0.0 0 9.6 18 360 M M 0 8 24 350
6 78 37 58 10 7 0 0.00 0.0 0 15.6 24 170 M M 0 8 36 170
7 75 55 65 18 0 0 0.00 0.0 0 22.2 33 180 M M 2 1 48 160
8 71 52 62 15 3 0 0.00 0.0 0 26.2 36 180 M M 1 51 180
9 74 32 53 7 12 0 1.01 0.0 0 19.6 32 170 M M 8 1368 43 170
10 50 32 41 -5 24 0 0.00 0.0 0 10.9 24 360 M M 5 1 31 350
11 52 28 40 -5 25 0 0.00 0.0 0 7.4 14 160 M M 0 18 150
12 52 27 40 -5 25 0 0.00 0.0 0 12.5 29 360 M M 0 1 38 350
13 50 23 37 -7 28 0 0.00 0.0 0 12.6 26 180 M M 0 34 180
14 70 39 55 11 10 0 0.00 0.0 0 16.9 38 350 M M 2 8 53 350
15 55 30 43 0 22 0 0.00 0.0 0 12.7 33 320 M M 0 48 320
16 68 31 50 7 15 0 0.00 0.0 0 7.9 18 10 M M 0 23 10
17 72 36 54 12 11 0 0.00 0.0 0 15.0 29 180 M M 0 40 180
18 79 50 65 23 0 0 0.00 0.0 0 21.7 31 200 M M 0 42 190
19 77 43 60 19 5 0 0.00 0.0 0 10.5 21 190 M M 0 30 190
20 62 40 51 10 14 0 0.00 0.0 0 15.0 26 30 M M 0 34 40
21 42 38 40 0 25 0 0.30 0.0 0 8.2 16 40 M M 9 12 20 40
22 53 34 44 4 21 0 0.00 0.0 0 8.6 16 20 M M 5 12 23 50
23 54 39 47 8 18 0 0.01 0.0 0 20.9 31 190 M M 10 1 42 190
24 55 33 44 5 21 0 0.49 0.2 0 19.0 30 360 M M 10 13 43 340
25 53 30 42 4 23 0 0.00 0.0 0 11.1 18 170 M M 1 23 160
26 49 27 38 0 27 0 0.00 0.0 0 11.3 20 10 M M 0 27 20
27 52 27 40 2 25 0 0.00 0.0 0 7.0 16 360 M M 0 20 360
28 50 28 39 2 26 0 0.05 0.0 0 10.7 23 220 M M 2 1 33 230
29 46 20 33 -4 32 0 T 0.0 0 16.7 35 350 M M 4 45 350
30 52 14 33 -3 32 0 0.00 0.0 0 10.3 20 200 M M 0 26 210
================================================================================
SM 1859 1045 490 0 1.86 0.2 397.8 M 59
================================================================================
AV 62.0 34.8 13.3 FASTST M M 2 MAX(MPH)
MISC ----> 38 350 53 350
================================================================================
NOTES:
# LAST OF SEVERAL OCCURRENCES
COLUMN 17 PEAK WIND IN M.P.H.
PRELIMINARY LOCAL CLIMATOLOGICAL DATA (WS FORM: F-6) , PAGE 2
STATION: DODGE CITY KS
MONTH: NOVEMBER
YEAR: 2020
LATITUDE: 37 46 N
LONGITUDE: 99 58 W
[TEMPERATURE DATA] [PRECIPITATION DATA] SYMBOLS USED IN COLUMN 16
AVERAGE MONTHLY: 48.4 TOTAL FOR MONTH: 1.86 1 = FOG OR MIST
DPTR FM NORMAL: 5.3 DPTR FM NORMAL: 1.10 2 = FOG REDUCING VISIBILITY
HIGHEST: 79 ON 18, 5 GRTST 24HR 1.01 ON 9- 9 TO 1/4 MILE OR LESS
LOWEST: 14 ON 30 3 = THUNDER
SNOW, ICE PELLETS, HAIL 4 = ICE PELLETS
TOTAL MONTH: 0.2 INCH 5 = HAIL
GRTST 24HR 0.2 ON 24-24 6 = FREEZING RAIN OR DRIZZLE
GRTST DEPTH: 0 7 = DUSTSTORM OR SANDSTORM:
VSBY 1/2 MILE OR LESS
8 = SMOKE OR HAZE
[NO. OF DAYS WITH] [WEATHER - DAYS WITH] 9 = BLOWING SNOW
X = TORNADO
MAX 32 OR BELOW: 0 0.01 INCH OR MORE: 5
MAX 90 OR ABOVE: 0 0.10 INCH OR MORE: 3
MIN 32 OR BELOW: 14 0.50 INCH OR MORE: 1
MIN 0 OR BELOW: 0 1.00 INCH OR MORE: 1
[HDD (BASE 65) ]
TOTAL THIS MO. 490 CLEAR (SCALE 0-3) 23
DPTR FM NORMAL -168 PTCLDY (SCALE 4-7) 3
TOTAL FM JUL 1 947 CLOUDY (SCALE 8-10) 4
DPTR FM NORMAL -67
[CDD (BASE 65) ]
TOTAL THIS MO. 0
DPTR FM NORMAL -1 [PRESSURE DATA]
TOTAL FM JAN 1 1583 HIGHEST SLP 30.58 ON 1
DPTR FM NORMAL 120 LOWEST SLP 29.49 ON 14
[REMARKS]
#FINAL-11-20#