000
CXUS54 KSHV 011400
CF6DEQ
PRELIMINARY LOCAL CLIMATOLOGICAL DATA (WS FORM: F-6)
STATION: DE QUEEN
MONTH: FEBRUARY
YEAR: 2023
LATITUDE: 34 2 N
LONGITUDE: 94 24 W
TEMPERATURE IN F: :PCPN: SNOW: WIND :SUNSHINE: SKY :PK WND
================================================================================
1 2 3 4 5 6A 6B 7 8 9 10 11 12 13 14 15 16 17 18
12Z AVG MX 2MIN
DY MAX MIN AVG DEP HDD CDD WTR SNW DPTH SPD SPD DIR MIN PSBL S-S WX SPD DR
================================================================================
1 36 32 34 -10 31 0 0.22 0.0 0 4.3 12 60 M M 10 1 15 60
2 44 35 40 -4 25 0 0.28 0.0 0 2.4 8 70 M M 10 18 11 70
3 55 31 43 -1 22 0 0.00 0.0 0 1.4 7 160 M M 1 1 13 140
4 57 30 44 -1 21 0 0.00 0.0 0 3.6 15 180 M M 0 20 170
5 68 33 51 6 14 0 0.00 0.0 0 0.7 9 230 M M 2 18 11 260
6 67 39 53 8 12 0 0.00 0.0 0 5.2 13 180 M M 7 1 17 150
7 63 56 60 15 5 0 1.19 0.0 0 4.2 15 70 M M 10 1 21 70
8 57 45 51 6 14 0 3.72 0.0 0 11.1 24 250 M M 10 138 36 350
9 61 38 50 4 15 0 0.00 0.0 0 3.8 18 270 M M 4 25 270
10 49 39 44 -2 21 0 0.36 0.0 0 4.6 10 350 M M 10 1 17 350
11 58 34 46 0 19 0 0.12 0.0 0 3.8 12 320 M M 4 15 320
12 63 29 46 0 19 0 0.00 0.0 0 2.3 13 270 M M 0 12 22 260
13 66 34 50 4 15 0 T 0.0 0 2.0 12 190 M M 0 8 16 190
14 69 45 57 10 8 0 0.68 0.0 0 7.1 25 280 M M 4 1 36 270
15 78 40 59 12 6 0 0.00 0.0 0 5.7 16 160 M M 1 24 160
16 72 34 53 6 12 0 0.12 0.0 0 10.4 13 180 M M 7 13 19 160
17 54 31 43 -4 22 0 0.00 0.0 0 M M M M M 3 M M
18 54 27 41 -7 24 0 0.00 0.0 0 M M M M M 0 M M
19 68 34 51 3 14 0 0.00 0.0 0 M M M M M 0 M M
20 77 47 62 14 3 0 0.00 0.0 0 M M M M M 0 8 M M
21 83 50 67 19 0 2 0.00 0.0 0 M M M M M 0 M M
22 74 56 65 16 0 0 0.30 0.0 0 M M M M M 5 1 M M
23 66 53 60 11 5 0 0.00 0.0 0 M M M M M 5 128 M M
24 54 44 49 0 16 0 1.81 0.0 0 M M M M M 10 13 M M
25 50 44 47 -3 18 0 0.08 0.0 0 M M M M M 10 1 M M
26 67 48 58 8 7 0 0.03 0.0 0 M M M M M 9 12 M M
27 72 45 59 9 6 0 0.03 0.0 0 M M M M M 3 8 M M
28 80 40 60 10 5 0 0.00 0.0 0 M M M M M 0 M M
================================================================================
SM 1762 1113 379 2 8.94 0.0 72.6 M 125
================================================================================
AV 62.9 39.8 4.5 FASTST M M 4 MAX(MPH)
MISC ----> 25 280 # 36 350
================================================================================
NOTES:
# LAST OF SEVERAL OCCURRENCES
COLUMN 17 PEAK WIND IN M.P.H.
PRELIMINARY LOCAL CLIMATOLOGICAL DATA (WS FORM: F-6) , PAGE 2
STATION: DE QUEEN
MONTH: FEBRUARY
YEAR: 2023
LATITUDE: 34 2 N
LONGITUDE: 94 24 W
[TEMPERATURE DATA] [PRECIPITATION DATA] SYMBOLS USED IN COLUMN 16
AVERAGE MONTHLY: 51.3 TOTAL FOR MONTH: 8.94 1 = FOG OR MIST
DPTR FM NORMAL: 4.3 DPTR FM NORMAL: 5.67 2 = FOG REDUCING VISIBILITY
HIGHEST: 83 ON 21 GRTST 24HR 4.78 ON 7- 8 TO 1/4 MILE OR LESS
LOWEST: 27 ON 18 3 = THUNDER
SNOW, ICE PELLETS, HAIL 4 = ICE PELLETS
TOTAL MONTH: 0.0 INCH 5 = HAIL
GRTST 24HR 0.0 6 = FREEZING RAIN OR DRIZZLE
GRTST DEPTH: 0 7 = DUSTSTORM OR SANDSTORM:
VSBY 1/2 MILE OR LESS
8 = SMOKE OR HAZE
[NO. OF DAYS WITH] [WEATHER - DAYS WITH] 9 = BLOWING SNOW
X = TORNADO
MAX 32 OR BELOW: 0 0.01 INCH OR MORE: 13
MAX 90 OR ABOVE: 0 0.10 INCH OR MORE: 10
MIN 32 OR BELOW: 6 0.50 INCH OR MORE: 4
MIN 0 OR BELOW: 0 1.00 INCH OR MORE: 3
[HDD (BASE 65) ]
TOTAL THIS MO. 379 CLEAR (SCALE 0-3) 13
DPTR FM NORMAL -127 PTCLDY (SCALE 4-7) 7
TOTAL FM JUL 1 1916 CLOUDY (SCALE 8-10) 8
DPTR FM NORMAL -405
[CDD (BASE 65) ]
TOTAL THIS MO. 2
DPTR FM NORMAL 0 [PRESSURE DATA]
TOTAL FM JAN 1 5 HIGHEST SLP 30.58 ON 3
DPTR FM NORMAL 4 LOWEST SLP 29.51 ON 22
[REMARKS]
#FINAL-02-23#