000
CXUS56 KOTX 010910
CF6DEW
PRELIMINARY LOCAL CLIMATOLOGICAL DATA (WS FORM: F-6)
STATION: DEER_PARK WA AIRPORT
MONTH: APRIL
YEAR: 2022
LATITUDE: 47 58 N
LONGITUDE: 117 25 W
TEMPERATURE IN F: :PCPN: SNOW: WIND :SUNSHINE: SKY :PK WND
================================================================================
1 2 3 4 5 6A 6B 7 8 9 10 11 12 13 14 15 16 17 18
12Z AVG MX 2MIN
DY MAX MIN AVG DEP HDD CDD WTR SNW DPTH SPD SPD DIR MIN PSBL S-S WX SPD DR
================================================================================
1 53 24 39 -3 26 0 0.00 M M 4.9 16 190 M M 4 22 220
2 50 28 39 -3 26 0 0.21 M M 4.3 13 20 M M 7 13 15 210
3 55 26 41 -1 24 0 0.00 M M 7.3 21 200 M M 5 25 220
4 53 33 43 1 22 0 0.35 M M 19.4 41 230 M M 6 1 55 230
5 52 27 40 -2 25 0 0.00 M M 10.8 25 330 M M 4 33 200
6 52 25 39 -3 26 0 0.00 M M 3.7 12 180 M M 0 15 200
7 65 26 46 3 19 0 0.00 M M 5.8 15 40 M M 0 18 30
8 61 36 49 6 16 0 T M M 12.9 32 240 M M 4 41 230
9 50 26 38 -5 27 0 T M M 9.5 25 240 M M 6 8 33 290
10 44 24 34 -9 31 0 T M M 7.2 16 190 M M 6 1 20 220
11 41 24 33 -10 32 0 0.00 M M 16.0 30 50 M M 6 39 60
12 41 29 35 -9 30 0 0.00 M M 11.8 23 50 M M 9 29 50
13 45 26 36 -8 29 0 0.00 M M 15.0 22 50 M M 1 30 40
14 43 30 37 -7 28 0 T M M 10.2 24 50 M M 9 1 31 50
15 45 22 34 -10 31 0 0.03 M M 6.7 15 50 M M 5 18 18 130
16 48 22 35 -10 30 0 T M M 10.5 22 50 M M 4 1 26 40
17 48 31 40 -5 25 0 0.02 M M 8.0 14 170 M M 7 1 23 290
18 57 34 46 1 19 0 0.20 M M 11.5 23 230 M M 6 1 29 230
19 52 33 43 -2 22 0 0.06 M M 11.3 28 240 M M 4 1 33 240
20 54 26 40 -6 25 0 0.22 M M 4.6 17 140 M M 7 1 21 130
21 54 29 42 -4 23 0 0.17 M M 6.6 20 280 M M 7 18 25 270
22 59 26 43 -3 22 0 T M M 4.1 20 330 M M 1 1 24 340
23 62 26 44 -2 21 0 0.00 M M 4.6 17 250 M M 1 22 250
24 64 28 46 -1 19 0 0.00 M M 3.4 13 220 M M 1 20 160
25 62 36 49 2 16 0 0.08 M M 5.8 18 220 M M 4 1 25 230
26 55 34 45 -2 20 0 0.20 M M 11.0 29 230 M M 8 1 39 220
27 54 26 40 -8 25 0 0.00 M M 7.1 18 200 M M 4 24 200
28 55 25 40 -8 25 0 0.00 M M 3.8 16 300 M M 4 19 300
29 57 35 46 -2 19 0 0.00 M M 8.2 17 160 M M 7 21 160
30 52 39 46 -3 19 0 0.06 M M 8.5 14 40 M M 8 1 18 30
================================================================================
SM 1583 856 722 0 1.60 M 254.5 M 145
================================================================================
AV 52.8 28.5 8.5 FASTST M M 5 MAX(MPH)
MISC ----> 41 230 55 230
================================================================================
NOTES:
# LAST OF SEVERAL OCCURRENCES
COLUMN 17 PEAK WIND IN M.P.H.
PRELIMINARY LOCAL CLIMATOLOGICAL DATA (WS FORM: F-6) , PAGE 2
STATION: DEER_PARK WA AIRPORT
MONTH: APRIL
YEAR: 2022
LATITUDE: 47 58 N
LONGITUDE: 117 25 W
[TEMPERATURE DATA] [PRECIPITATION DATA] SYMBOLS USED IN COLUMN 16
AVERAGE MONTHLY: 40.7 TOTAL FOR MONTH: 1.60 1 = FOG OR MIST
DPTR FM NORMAL: -4.0 DPTR FM NORMAL: -0.31 2 = FOG REDUCING VISIBILITY
HIGHEST: 65 ON 7 GRTST 24HR 0.39 ON 20-21 TO 1/4 MILE OR LESS
LOWEST: 22 ON 16,15 3 = THUNDER
SNOW, ICE PELLETS, HAIL 4 = ICE PELLETS
TOTAL MONTH: M 5 = HAIL
GRTST 24HR M ON M 6 = FREEZING RAIN OR DRIZZLE
GRTST DEPTH: M ON M 7 = DUSTSTORM OR SANDSTORM:
VSBY 1/2 MILE OR LESS
8 = SMOKE OR HAZE
[NO. OF DAYS WITH] [WEATHER - DAYS WITH] 9 = BLOWING SNOW
X = TORNADO
MAX 32 OR BELOW: 0 0.01 INCH OR MORE: 11
MAX 90 OR ABOVE: 0 0.10 INCH OR MORE: 6
MIN 32 OR BELOW: 22 0.50 INCH OR MORE: 0
MIN 0 OR BELOW: 0 1.00 INCH OR MORE: 0
[HDD (BASE 65) ]
TOTAL THIS MO. 722 CLEAR (SCALE 0-3) 6
DPTR FM NORMAL 113 PTCLDY (SCALE 4-7) 22
TOTAL FM JUL 1 6683 CLOUDY (SCALE 8-10) 2
DPTR FM NORMAL -24
[CDD (BASE 65) ]
TOTAL THIS MO. 0
DPTR FM NORMAL 0 [PRESSURE DATA]
TOTAL FM JAN 1 0 HIGHEST SLP M ON M
DPTR FM NORMAL 0 LOWEST SLP 29.34 ON 4
[REMARKS]
#FINAL-04-22#