000
CXUS56 KOTX 010900
CF6DEW
PRELIMINARY LOCAL CLIMATOLOGICAL DATA (WS FORM: F-6)
STATION: DEER_PARK WA AIRPORT
MONTH: JULY
YEAR: 2020
LATITUDE: 47 58 N
LONGITUDE: 117 25 W
TEMPERATURE IN F: :PCPN: SNOW: WIND :SUNSHINE: SKY :PK WND
================================================================================
1 2 3 4 5 6A 6B 7 8 9 10 11 12 13 14 15 16 17 18
12Z AVG MX 2MIN
DY MAX MIN AVG DEP HDD CDD WTR SNW DPTH SPD SPD DIR MIN PSBL S-S WX SPD DR
================================================================================
1 65 48 57 -5 8 0 0.19 M M 10.8 17 180 M M 9 1 23 200
2 70 51 61 -1 4 0 0.00 M M 8.3 20 200 M M 8 23 180
3 79 47 63 0 2 0 0.00 M M 6.6 18 240 M M 0 22 210
4 76 41 59 -4 6 0 0.00 M M 4.9 16 250 M M 0 26 250
5 79 41 60 -3 5 0 0.00 M M 2.7 9 230 M M 1 15 230
6 81 45 63 -1 2 0 0.00 M M 3.2 13 250 M M 0 16 250
7 73 48 61 -3 4 0 0.01 M M 10.1 22 320 M M 8 1 30 320
8 73 41 57 -7 8 0 0.00 M M 4.5 14 200 M M 4 12 18 220
9 79 45 62 -2 3 0 0.00 M M 5.4 13 220 M M 3 18 200
10 78 50 64 0 1 0 T M M 7.3 17 210 M M 3 24 220
11 88 46 67 2 0 2 0.00 M M 5.8 23 220 M M 1 28 230
12 76 47 62 -3 3 0 0.00 M M 11.3 23 200 M M 2 32 230
13 76 39 58 -7 7 0 0.00 M M 4.3 15 320 M M 0 21 310
14 81 38 60 -5 5 0 0.00 M M 3.6 14 260 M M 0 27 260
15 86 42 64 -2 1 0 0.00 M M 3.5 12 240 M M 0 16 230
16 89 49 69 3 0 4 0.00 M M 6.4 21 210 M M 0 27 200
17 82 53 68 2 0 3 0.00 M M 6.0 13 50 M M 1 20 150
18 85 45 65 -1 0 0 0.00 M M 4.1 15 280 M M 0 1 23 290
19 88 47 68 2 0 3 0.00 M M 2.5 13 250 M M 1 16 250
20 89 50 70 4 0 5 0.00 M M 4.0 14 290 M M 1 18 150
21 94 50 72 6 0 7 0.00 M M 4.1 18 200 M M 0 27 240
22 90 50 70 3 0 5 0.00 M M 5.6 16 210 M M 0 21 200
23 86 52 69 2 0 4 0.00 M M 8.5 18 210 M M 0 22 210
24 79 47 63 -4 2 0 0.00 M M 8.2 20 210 M M 0 25 210
25 82 41 62 -5 3 0 0.00 M M 3.7 13 280 M M 0 15 290
26 88 43 66 -1 0 1 0.00 M M 4.1 12 10 M M 0 20 360
27 93 55 74 7 0 9 0.00 M M 3.8 12 30 M M 0 14 30
28 96 49 73 6 0 8 0.00 M M 5.0 21 200 M M 0 24 200
29 95 52 74 7 0 9 0.00 M M 5.0 15 230 M M 0 20 210
30 99 54 77 10 0 12 0.00 M M 5.9 15 80 M M 0 25 60
31 101 61 81 14 0 16 0.00 M M 7.9 21 50 M M 0 27 30
================================================================================
SM 2596 1467 64 88 0.20 M 177.1 M 42
================================================================================
AV 83.7 47.3 5.7 FASTST M M 1 MAX(MPH)
MISC ----> # 23 220 # 32 230
================================================================================
NOTES:
# LAST OF SEVERAL OCCURRENCES
COLUMN 17 PEAK WIND IN M.P.H.
PRELIMINARY LOCAL CLIMATOLOGICAL DATA (WS FORM: F-6) , PAGE 2
STATION: DEER_PARK WA AIRPORT
MONTH: JULY
YEAR: 2020
LATITUDE: 47 58 N
LONGITUDE: 117 25 W
[TEMPERATURE DATA] [PRECIPITATION DATA] SYMBOLS USED IN COLUMN 16
AVERAGE MONTHLY: 65.5 TOTAL FOR MONTH: 0.20 1 = FOG OR MIST
DPTR FM NORMAL: 0.2 DPTR FM NORMAL: -0.70 2 = FOG REDUCING VISIBILITY
HIGHEST: 101 ON 31 GRTST 24HR 0.26 ON 30- 1 TO 1/4 MILE OR LESS
LOWEST: 38 ON 14 3 = THUNDER
SNOW, ICE PELLETS, HAIL 4 = ICE PELLETS
TOTAL MONTH: M 5 = HAIL
GRTST 24HR M ON M 6 = FREEZING RAIN OR DRIZZLE
GRTST DEPTH: M ON M 7 = DUSTSTORM OR SANDSTORM:
VSBY 1/2 MILE OR LESS
8 = SMOKE OR HAZE
[NO. OF DAYS WITH] [WEATHER - DAYS WITH] 9 = BLOWING SNOW
X = TORNADO
MAX 32 OR BELOW: 0 0.01 INCH OR MORE: 2
MAX 90 OR ABOVE: 7 0.10 INCH OR MORE: 1
MIN 32 OR BELOW: 0 0.50 INCH OR MORE: 0
MIN 0 OR BELOW: 0 1.00 INCH OR MORE: 0
[HDD (BASE 65) ]
TOTAL THIS MO. 64 CLEAR (SCALE 0-3) 27
DPTR FM NORMAL -4 PTCLDY (SCALE 4-7) 3
TOTAL FM JUL 1 64 CLOUDY (SCALE 8-10) 1
DPTR FM NORMAL -4
[CDD (BASE 65) ]
TOTAL THIS MO. 88
DPTR FM NORMAL 11 [PRESSURE DATA]
TOTAL FM JAN 1 118 HIGHEST SLP M ON M
DPTR FM NORMAL 21 LOWEST SLP 29.60 ON 22
[REMARKS]
#FINAL-07-20#